-- Table structure for table `oauth_auth_codes`
--

CREATE TABLE `oauth_auth_codes` (
  `id` varchar(100) COLLATE utf8mb4_unicode_ci NOT NULL,
  `user_id` bigint(20) UNSIGNED NOT NULL,
  `client_id` bigint(20) UNSIGNED NOT NULL,
  `scopes` text COLLATE utf8mb4_unicode_ci,
  `revoked` tinyint(1) NOT NULL,
  `expires_at` datetime DEFAULT NULL
) ENGINE=InnoDB DEFAULT CHARSET=utf8mb4 COLLATE=utf8mb4_unicode_ci;

-- --------------------------------------------------------

--
-- Table structure for table `oauth_clients`
--

CREATE TABLE `oauth_clients` (
  `id` bigint(20) UNSIGNED NOT NULL,
  `user_id` bigint(20) UNSIGNED DEFAULT NULL,
  `name` varchar(255) COLLATE utf8mb4_unicode_ci NOT NULL,
  `secret` varchar(100) COLLATE utf8mb4_unicode_ci DEFAULT NULL,
  `provider` varchar(255) COLLATE utf8mb4_unicode_ci DEFAULT NULL,
  `redirect` text COLLATE utf8mb4_unicode_ci NOT NULL,
  `personal_access_client` tinyint(1) NOT NULL,
  `password_client` tinyint(1) NOT NULL,
  `revoked` tinyint(1) NOT NULL,
  `created_at` timestamp NULL DEFAULT NULL,
  `updated_at` timestamp NULL DEFAULT NULL
) ENGINE=InnoDB DEFAULT CHARSET=utf8mb4 COLLATE=utf8mb4_unicode_ci;

-- --------------------------------------------------------

--
-- Table structure for table `oauth_personal_access_clients`
--

CREATE TABLE `oauth_personal_access_clients` (
  `id` bigint(20) UNSIGNED NOT NULL,
  `client_id` bigint(20) UNSIGNED NOT NULL,
  `created_at` timestamp NULL DEFAULT NULL,
  `updated_at` timestamp NULL DEFAULT NULL
) ENGINE=InnoDB DEFAULT CHARSET=utf8mb4 COLLATE=utf8mb4_unicode_ci;

-- --------------------------------------------------------

--
-- Table structure for table `oauth_refresh_tokens`
--

CREATE TABLE `oauth_refresh_tokens` (
  `id` varchar(100) COLLATE utf8mb4_unicode_ci NOT NULL,
  `access_token_id` varchar(100) COLLATE utf8mb4_unicode_ci NOT NULL,
  `revoked` tinyint(1) NOT NULL,
  `expires_at` datetime DEFAULT NULL
) ENGINE=InnoDB DEFAULT CHARSET=utf8mb4 COLLATE=utf8mb4_unicode_ci;

-- --------------------------------------------------------

--
-- Table structure for table `offers`
--

CREATE TABLE `offers` (
  `id` bigint(20) UNSIGNED NOT NULL,
  `created_at` timestamp NULL DEFAULT NULL,
  `updated_at` timestamp NULL DEFAULT NULL,
  `offer_Image` varchar(255) COLLATE utf8mb4_unicode_ci NOT NULL,
  `Branches_id` bigint(20) UNSIGNED NOT NULL
) ENGINE=InnoDB DEFAULT CHARSET=utf8mb4 COLLATE=utf8mb4_unicode_ci;

--
-- Dumping data for table `offers`
--

INSERT INTO `offers` (`id`, `created_at`, `updated_at`, `offer_Image`, `Branches_id`) VALUES
(1, NULL, NULL, 'https://media-cdn.tripadvisor.com/media/photo-s/1a/03/fc/65/special-opening-offer.jpg', 1),
(2, NULL, NULL, 'https://mmedia.moneyback.com.hk//moneyBack/image/offer/dadabe2c-19b7-40b3-9d19-4ab3819f7b82.jpg', 2),
(3, NULL, NULL, 'https://asset20.ckassets.com/blog/wp-content/uploads/sites/5/2018/02/Dineout-Table-Reservation.png', 3),
(4, NULL, NULL, 'https://i2-prod.mirror.co.uk/incoming/article7450291.ece/ALTERNATES/s1200b/Signs-alert-customers-to-special-offer-deals-in-the-chilled-section.jpg', 101),
(5, NULL, NULL, 'https://c8.alamy.com/comp/C9CH0G/half-price-and-special-offers-signs-at-tesco-extra-supermarket-england-C9CH0G.jpg', 102),
(6, NULL, NULL, 'https://dmrqkbkq8el9i.cloudfront.net/Pictures/480xany/0/1/8/222018_tescoaislepromo_418303.jpg', 103),
(7, NULL, NULL, 'https://media.lifepharmacy.com/wysiwyg/offers/mar-2021/Deals-OffersPage.jpg', 201),
(8, NULL, NULL, 'https://www.tabeebak.qa/medicine/1-offer.jpg', 202),
(9, NULL, NULL, 'https://www.netmeds.com/images/cms/wysiwyg/offers/paytm-offer/2018/01/web/lp.jpg', 203);

-- --------------------------------------------------------

--
-- Table structure for table `offer_sliders`
--

CREATE TABLE `offer_sliders` (
  `id` bigint(20) UNSIGNED NOT NULL,
  `Branches_id` bigint(20) UNSIGNED NOT NULL,
  `Silder_image` text COLLATE utf8mb4_unicode_ci NOT NULL,
  `Status` int(11) NOT NULL COMMENT '0.InActive 1.Active',
  `created_at` timestamp NULL DEFAULT NULL,
  `updated_at` timestamp NULL DEFAULT NULL
) ENGINE=InnoDB DEFAULT CHARSET=utf8mb4 COLLATE=utf8mb4_unicode_ci;

--
-- Dumping data for table `offer_sliders`
--

INSERT INTO `offer_sliders` (`id`, `Branches_id`, `Silder_image`, `Status`, `created_at`, `updated_at`) VALUES
(1, 1, 'https://media-cdn.tripadvisor.com/media/photo-s/07/bf/54/f3/akba-restaurant.jpg', 1, '2021-04-04 04:05:52', '2021-04-04 04:05:52'),
(2, 2, 'https://static.timescard.com/images/8129481549266529591.jpg', 1, '2021-04-04 04:05:53', '2021-04-04 04:05:53'),
(3, 3, 'https://static.timescard.com/images/8129481549266529591.jpg', 1, '2021-04-04 04:05:53', '2021-04-04 04:05:53'),
(4, 4, 'https://bertramsrestaurant.com/wp-content/uploads/2020/06/Bertrams-Burger-Tuesday-2-for-1-June-2020.jpg', 1, '2021-04-04 04:05:53', '2021-04-04 04:05:53'),
(5, 5, 'https://media-cdn.tripadvisor.com/media/photo-s/07/bf/54/f3/akba-restaurant.jpg', 1, '2021-04-04 04:05:53', '2021-04-04 04:05:53'),
(6, 6, 'https://asset20.ckassets.com/blog/wp-content/uploads/sites/5/2018/02/RestaurantsMumbai-14Feb2018.png', 1, '2021-04-04 04:05:53', '2021-04-04 04:05:53'),
(7, 7, 'https://asset20.ckassets.com/blog/wp-content/uploads/sites/5/2018/02/RestaurantsMumbai-14Feb2018.png', 1, '2021-04-04 04:05:53', '2021-04-04 04:05:53'),
(8, 8, 'https://static.timescard.com/images/8129481549266529591.jpg', 1, '2021-04-04 04:05:53', '2021-04-04 04:05:53'),
(9, 9, 'https://bertramsrestaurant.com/wp-content/uploads/2020/06/Bertrams-Burger-Tuesday-2-for-1-June-2020.jpg', 1, '2021-04-04 04:05:53', '2021-04-04 04:05:53'),
(10, 10, 'https://media-cdn.tripadvisor.com/media/photo-s/07/bf/54/f3/akba-restaurant.jpg', 1, '2021-04-04 04:05:53', '2021-04-04 04:05:53'),
(11, 11, 'https://bertramsrestaurant.com/wp-content/uploads/2020/06/Bertrams-Burger-Tuesday-2-for-1-June-2020.jpg', 1, '2021-04-04 04:05:53', '2021-04-04 04:05:53'),
(12, 12, 'https://possector.com/wordpress/wp-content/uploads/2013/09/restaurant-menu-special0.jpg', 1, '2021-04-04 04:05:53', '2021-04-04 04:05:53'),
(13, 13, 'https://possector.com/wordpress/wp-content/uploads/2013/09/restaurant-menu-special0.jpg', 1, '2021-04-04 04:05:53', '2021-04-04 04:05:53'),
(14, 14, 'https://possector.com/wordpress/wp-content/uploads/2013/09/restaurant-menu-special0.jpg', 1, '2021-04-04 04:05:53', '2021-04-04 04:05:53'),
(15, 15, 'https://possector.com/wordpress/wp-content/uploads/2013/09/restaurant-menu-special0.jpg', 1, '2021-04-04 04:05:53', '2021-04-04 04:05:53'),
(16, 16, 'https://possector.com/wordpress/wp-content/uploads/2013/09/restaurant-menu-special0.jpg', 1, '2021-04-04 04:05:53', '2021-04-04 04:05:53'),
(17, 17, 'https://3.bp.blogspot.com/-JqOVeW7wqjs/WuM0pu98S-I/AAAAAAAAIWE/3c4NLOdnDM4A275czIJeiZqsBDwLyKWYwCEwYBhgL/s1600/IMG_20180427_145826_041.jpg', 1, '2021-04-04 04:05:53', '2021-04-04 04:05:53'),
(18, 18, 'https://3.bp.blogspot.com/-JqOVeW7wqjs/WuM0pu98S-I/AAAAAAAAIWE/3c4NLOdnDM4A275czIJeiZqsBDwLyKWYwCEwYBhgL/s1600/IMG_20180427_145826_041.jpg', 1, '2021-04-04 04:05:53', '2021-04-04 04:05:53'),
(19, 19, 'https://www.crushpixel.com/big-static15/preview4/restaurant-food-sale-offer-social-2122265.jpg', 1, '2021-04-04 04:05:53', '2021-04-04 04:05:53'),
(20, 20, 'https://media-cdn.tripadvisor.com/media/photo-s/07/bf/54/f3/akba-restaurant.jpg', 1, '2021-04-04 04:05:53', '2021-04-04 04:05:53'),
(21, 21, 'https://3.bp.blogspot.com/-JqOVeW7wqjs/WuM0pu98S-I/AAAAAAAAIWE/3c4NLOdnDM4A275czIJeiZqsBDwLyKWYwCEwYBhgL/s1600/IMG_20180427_145826_041.jpg', 1, '2021-04-04 04:05:54', '2021-04-04 04:05:54'),
(22, 22, 'https://3.bp.blogspot.com/-JqOVeW7wqjs/WuM0pu98S-I/AAAAAAAAIWE/3c4NLOdnDM4A275czIJeiZqsBDwLyKWYwCEwYBhgL/s1600/IMG_20180427_145826_041.jpg', 1, '2021-04-04 04:05:54', '2021-04-04 04:05:54'),
(23, 23, 'https://3.bp.blogspot.com/-JqOVeW7wqjs/WuM0pu98S-I/AAAAAAAAIWE/3c4NLOdnDM4A275czIJeiZqsBDwLyKWYwCEwYBhgL/s1600/IMG_20180427_145826_041.jpg', 1, '2021-04-04 04:05:54', '2021-04-04 04:05:54'),
(24, 24, 'https://possector.com/wordpress/wp-content/uploads/2013/09/restaurant-menu-special0.jpg', 1, '2021-04-04 04:05:54', '2021-04-04 04:05:54'),
(25, 25, 'https://media-cdn.tripadvisor.com/media/photo-s/07/bf/54/f3/akba-restaurant.jpg', 1, '2021-04-04 04:05:54', '2021-04-04 04:05:54'),
(26, 26, 'https://static.timescard.com/images/8129481549266529591.jpg', 1, '2021-04-04 04:05:54', '2021-04-04 04:05:54'),
(27, 27, 'https://static.timescard.com/images/8129481549266529591.jpg', 1, '2021-04-04 04:05:54', '2021-04-04 04:05:54'),
(28, 28, 'https://media-cdn.tripadvisor.com/media/photo-s/07/bf/54/f3/akba-restaurant.jpg', 1, '2021-04-04 04:05:54', '2021-04-04 04:05:54'),
(29, 29, 'https://possector.com/wordpress/wp-content/uploads/2013/09/restaurant-menu-special0.jpg', 1, '2021-04-04 04:05:54', '2021-04-04 04:05:54'),
(30, 30, 'https://asset20.ckassets.com/blog/wp-content/uploads/sites/5/2018/02/RestaurantsMumbai-14Feb2018.png', 1, '2021-04-04 04:05:54', '2021-04-04 04:05:54'),
(31, 31, 'https://www.crushpixel.com/big-static15/preview4/restaurant-food-sale-offer-social-2122265.jpg', 1, '2021-04-04 04:05:54', '2021-04-04 04:05:54'),
(32, 32, 'https://3.bp.blogspot.com/-JqOVeW7wqjs/WuM0pu98S-I/AAAAAAAAIWE/3c4NLOdnDM4A275czIJeiZqsBDwLyKWYwCEwYBhgL/s1600/IMG_20180427_145826_041.jpg', 1, '2021-04-04 04:05:54', '2021-04-04 04:05:54'),
(33, 33, 'https://bertramsrestaurant.com/wp-content/uploads/2020/06/Bertrams-Burger-Tuesday-2-for-1-June-2020.jpg', 1, '2021-04-04 04:05:54', '2021-04-04 04:05:54'),
(34, 34, 'https://www.crushpixel.com/big-static15/preview4/restaurant-food-sale-offer-social-2122265.jpg', 1, '2021-04-04 04:05:54', '2021-04-04 04:05:54'),
(35, 35, 'https://bertramsrestaurant.com/wp-content/uploads/2020/06/Bertrams-Burger-Tuesday-2-for-1-June-2020.jpg', 1, '2021-04-04 04:05:54', '2021-04-04 04:05:54'),
(36, 36, 'https://possector.com/wordpress/wp-content/uploads/2013/09/restaurant-menu-special0.jpg', 1, '2021-04-04 04:05:54', '2021-04-04 04:05:54'),
(37, 37, 'https://static.timescard.com/images/8129481549266529591.jpg', 1, '2021-04-04 04:05:54', '2021-04-04 04:05:54'),
(38, 38, 'https://possector.com/wordpress/wp-content/uploads/2013/09/restaurant-menu-special0.jpg', 1, '2021-04-04 04:05:54', '2021-04-04 04:05:54'),
(39, 39, 'https://media-cdn.tripadvisor.com/media/photo-s/07/bf/54/f3/akba-restaurant.jpg', 1, '2021-04-04 04:05:54', '2021-04-04 04:05:54'),
(40, 40, 'https://possector.com/wordpress/wp-content/uploads/2013/09/restaurant-menu-special0.jpg', 1, '2021-04-04 04:05:54', '2021-04-04 04:05:54'),
(41, 41, 'https://www.crushpixel.com/big-static15/preview4/restaurant-food-sale-offer-social-2122265.jpg', 1, '2021-04-04 04:05:54', '2021-04-04 04:05:54'),
(42, 42, 'https://bertramsrestaurant.com/wp-content/uploads/2020/06/Bertrams-Burger-Tuesday-2-for-1-June-2020.jpg', 1, '2021-04-04 04:05:54', '2021-04-04 04:05:54'),
(43, 43, 'https://media-cdn.tripadvisor.com/media/photo-s/07/bf/54/f3/akba-restaurant.jpg', 1, '2021-04-04 04:05:54', '2021-04-04 04:05:54'),
(44, 44, 'https://www.crushpixel.com/big-static15/preview4/restaurant-food-sale-offer-social-2122265.jpg', 1, '2021-04-04 04:05:54', '2021-04-04 04:05:54'),
(45, 45, 'https://static.timescard.com/images/8129481549266529591.jpg', 1, '2021-04-04 04:05:54', '2021-04-04 04:05:54'),
(46, 46, 'https://static.timescard.com/images/8129481549266529591.jpg', 1, '2021-04-04 04:05:54', '2021-04-04 04:05:54'),
(47, 47, 'https://possector.com/wordpress/wp-content/uploads/2013/09/restaurant-menu-special0.jpg', 1, '2021-04-04 04:05:54', '2021-04-04 04:05:54'),
(48, 48, 'https://static.timescard.com/images/8129481549266529591.jpg', 1, '2021-04-04 04:05:54', '2021-04-04 04:05:54'),
(49, 49, 'https://static.timescard.com/images/8129481549266529591.jpg', 1, '2021-04-04 04:05:54', '2021-04-04 04:05:54'),
(50, 50, 'https://media-cdn.tripadvisor.com/media/photo-s/07/bf/54/f3/akba-restaurant.jpg', 1, '2021-04-04 04:05:54', '2021-04-04 04:05:54'),
(51, 51, 'https://static.timescard.com/images/8129481549266529591.jpg', 1, '2021-04-04 04:05:54', '2021-04-04 04:05:54'),
(52, 52, 'https://asset20.ckassets.com/blog/wp-content/uploads/sites/5/2018/02/RestaurantsMumbai-14Feb2018.png', 1, '2021-04-04 04:05:54', '2021-04-04 04:05:54'),
(53, 53, 'https://media-cdn.tripadvisor.com/media/photo-s/07/bf/54/f3/akba-restaurant.jpg', 1, '2021-04-04 04:05:54', '2021-04-04 04:05:54'),
(54, 54, 'https://3.bp.blogspot.com/-JqOVeW7wqjs/WuM0pu98S-I/AAAAAAAAIWE/3c4NLOdnDM4A275czIJeiZqsBDwLyKWYwCEwYBhgL/s1600/IMG_20180427_145826_041.jpg', 1, '2021-04-04 04:05:54', '2021-04-04 04:05:54'),
(55, 55, 'https://www.crushpixel.com/big-static15/preview4/restaurant-food-sale-offer-social-2122265.jpg', 1, '2021-04-04 04:05:54', '2021-04-04 04:05:54'),
(56, 56, 'https://asset20.ckassets.com/blog/wp-content/uploads/sites/5/2018/02/RestaurantsMumbai-14Feb2018.png', 1, '2021-04-04 04:05:54', '2021-04-04 04:05:54'),
(57, 57, 'https://asset20.ckassets.com/blog/wp-content/uploads/sites/5/2018/02/RestaurantsMumbai-14Feb2018.png', 1, '2021-04-04 04:05:54', '2021-04-04 04:05:54'),
(58, 58, 'https://asset20.ckassets.com/blog/wp-content/uploads/sites/5/2018/02/RestaurantsMumbai-14Feb2018.png', 1, '2021-04-04 04:05:54', '2021-04-04 04:05:54'),
(59, 59, 'https://possector.com/wordpress/wp-content/uploads/2013/09/restaurant-menu-special0.jpg', 1, '2021-04-04 04:05:54', '2021-04-04 04:05:54'),
(60, 60, 'https://bertramsrestaurant.com/wp-content/uploads/2020/06/Bertrams-Burger-Tuesday-2-for-1-June-2020.jpg', 1, '2021-04-04 04:05:54', '2021-04-04 04:05:54'),
(61, 61, 'https://static.timescard.com/images/8129481549266529591.jpg', 1, '2021-04-04 04:05:54', '2021-04-04 04:05:54'),
(62, 62, 'https://static.timescard.com/images/8129481549266529591.jpg', 1, '2021-04-04 04:05:54', '2021-04-04 04:05:54'),
(63, 63, 'https://asset20.ckassets.com/blog/wp-content/uploads/sites/5/2018/02/RestaurantsMumbai-14Feb2018.png', 1, '2021-04-04 04:05:54', '2021-04-04 04:05:54'),
(64, 64, 'https://media-cdn.tripadvisor.com/media/photo-s/07/bf/54/f3/akba-restaurant.jpg', 1, '2021-04-04 04:05:54', '2021-04-04 04:05:54'),
(65, 65, 'https://static.timescard.com/images/8129481549266529591.jpg', 1, '2021-04-04 04:05:54', '2021-04-04 04:05:54'),
(66, 66, 'https://static.timescard.com/images/8129481549266529591.jpg', 1, '2021-04-04 04:05:54', '2021-04-04 04:05:54'),
(67, 67, 'https://possector.com/wordpress/wp-content/uploads/2013/09/restaurant-menu-special0.jpg', 1, '2021-04-04 04:05:54', '2021-04-04 04:05:54'),
(68, 68, 'https://media-cdn.tripadvisor.com/media/photo-s/07/bf/54/f3/akba-restaurant.jpg', 1, '2021-04-04 04:05:54', '2021-04-04 04:05:54'),
(69, 69, 'https://asset20.ckassets.com/blog/wp-content/uploads/sites/5/2018/02/RestaurantsMumbai-14Feb2018.png', 1, '2021-04-04 04:05:54', '2021-04-04 04:05:54'),
(70, 70, 'https://media-cdn.tripadvisor.com/media/photo-s/07/bf/54/f3/akba-restaurant.jpg', 1, '2021-04-04 04:05:54', '2021-04-04 04:05:54'),
(71, 71, 'https://asset20.ckassets.com/blog/wp-content/uploads/sites/5/2018/02/RestaurantsMumbai-14Feb2018.png', 1, '2021-04-04 04:05:54', '2021-04-04 04:05:54'),
(72, 72, 'https://bertramsrestaurant.com/wp-content/uploads/2020/06/Bertrams-Burger-Tuesday-2-for-1-June-2020.jpg', 1, '2021-04-04 04:05:54', '2021-04-04 04:05:54'),
(73, 73, 'https://static.timescard.com/images/8129481549266529591.jpg', 1, '2021-04-04 04:05:54', '2021-04-04 04:05:54'),
(74, 74, 'https://bertramsrestaurant.com/wp-content/uploads/2020/06/Bertrams-Burger-Tuesday-2-for-1-June-2020.jpg', 1, '2021-04-04 04:05:54', '2021-04-04 04:05:54'),
(75, 75, 'https://possector.com/wordpress/wp-content/uploads/2013/09/restaurant-menu-special0.jpg', 1, '2021-04-04 04:05:54', '2021-04-04 04:05:54'),
(76, 76, 'https://possector.com/wordpress/wp-content/uploads/2013/09/restaurant-menu-special0.jpg', 1, '2021-04-04 04:05:54', '2021-04-04 04:05:54'),
(77, 77, 'https://media-cdn.tripadvisor.com/media/photo-s/07/bf/54/f3/akba-restaurant.jpg', 1, '2021-04-04 04:05:54', '2021-04-04 04:05:54'),
(78, 78, 'https://possector.com/wordpress/wp-content/uploads/2013/09/restaurant-menu-special0.jpg', 1, '2021-04-04 04:05:54', '2021-04-04 04:05:54'),
(79, 79, 'https://bertramsrestaurant.com/wp-content/uploads/2020/06/Bertrams-Burger-Tuesday-2-for-1-June-2020.jpg', 1, '2021-04-04 04:05:54', '2021-04-04 04:05:54'),
(80, 80, 'https://media-cdn.tripadvisor.com/media/photo-s/07/bf/54/f3/akba-restaurant.jpg', 1, '2021-04-04 04:05:54', '2021-04-04 04:05:54'),
(81, 81, 'https://asset20.ckassets.com/blog/wp-content/uploads/sites/5/2018/02/RestaurantsMumbai-14Feb2018.png', 1, '2021-04-04 04:05:54', '2021-04-04 04:05:54'),
(82, 82, 'https://bertramsrestaurant.com/wp-content/uploads/2020/06/Bertrams-Burger-Tuesday-2-for-1-June-2020.jpg', 1, '2021-04-04 04:05:54', '2021-04-04 04:05:54'),
(83, 83, 'https://static.timescard.com/images/8129481549266529591.jpg', 1, '2021-04-04 04:05:55', '2021-04-04 04:05:55'),
(84, 84, 'https://possector.com/wordpress/wp-content/uploads/2013/09/restaurant-menu-special0.jpg', 1, '2021-04-04 04:05:55', '2021-04-04 04:05:55'),
(85, 85, 'https://3.bp.blogspot.com/-JqOVeW7wqjs/WuM0pu98S-I/AAAAAAAAIWE/3c4NLOdnDM4A275czIJeiZqsBDwLyKWYwCEwYBhgL/s1600/IMG_20180427_145826_041.jpg', 1, '2021-04-04 04:05:56', '2021-04-04 04:05:56'),
(86, 86, 'https://possector.com/wordpress/wp-content/uploads/2013/09/restaurant-menu-special0.jpg', 1, '2021-04-04 04:05:57', '2021-04-04 04:05:57'),
(87, 87, 'https://static.timescard.com/images/8129481549266529591.jpg', 1, '2021-04-04 04:05:58', '2021-04-04 04:05:58'),
(88, 88, 'https://asset20.ckassets.com/blog/wp-content/uploads/sites/5/2018/02/RestaurantsMumbai-14Feb2018.png', 1, '2021-04-04 04:05:59', '2021-04-04 04:05:59'),
(89, 89, 'https://bertramsrestaurant.com/wp-content/uploads/2020/06/Bertrams-Burger-Tuesday-2-for-1-June-2020.jpg', 1, '2021-04-04 04:05:59', '2021-04-04 04:05:59'),
(90, 90, 'https://bertramsrestaurant.com/wp-content/uploads/2020/06/Bertrams-Burger-Tuesday-2-for-1-June-2020.jpg', 1, '2021-04-04 04:05:59', '2021-04-04 04:05:59'),
(91, 91, 'https://asset20.ckassets.com/blog/wp-content/uploads/sites/5/2018/02/RestaurantsMumbai-14Feb2018.png', 1, '2021-04-04 04:06:01', '2021-04-04 04:06:01'),
(92, 92, 'https://bertramsrestaurant.com/wp-content/uploads/2020/06/Bertrams-Burger-Tuesday-2-for-1-June-2020.jpg', 1, '2021-04-04 04:06:01', '2021-04-04 04:06:01'),
(93, 93, 'https://asset20.ckassets.com/blog/wp-content/uploads/sites/5/2018/02/RestaurantsMumbai-14Feb2018.png', 1, '2021-04-04 04:06:01', '2021-04-04 04:06:01'),
(94, 94, 'https://3.bp.blogspot.com/-JqOVeW7wqjs/WuM0pu98S-I/AAAAAAAAIWE/3c4NLOdnDM4A275czIJeiZqsBDwLyKWYwCEwYBhgL/s1600/IMG_20180427_145826_041.jpg', 1, '2021-04-04 04:06:01', '2021-04-04 04:06:01'),
(95, 95, 'https://possector.com/wordpress/wp-content/uploads/2013/09/restaurant-menu-special0.jpg', 1, '2021-04-04 04:06:01', '2021-04-04 04:06:01'),
(96, 96, 'https://possector.com/wordpress/wp-content/uploads/2013/09/restaurant-menu-special0.jpg', 1, '2021-04-04 04:06:01', '2021-04-04 04:06:01'),
(97, 97, 'https://media-cdn.tripadvisor.com/media/photo-s/07/bf/54/f3/akba-restaurant.jpg', 1, '2021-04-04 04:06:01', '2021-04-04 04:06:01'),
(98, 98, 'https://media-cdn.tripadvisor.com/media/photo-s/07/bf/54/f3/akba-restaurant.jpg', 1, '2021-04-04 04:06:01', '2021-04-04 04:06:01'),
(99, 99, 'https://media-cdn.tripadvisor.com/media/photo-s/07/bf/54/f3/akba-restaurant.jpg', 1, '2021-04-04 04:06:01', '2021-04-04 04:06:01'),
(100, 100, 'https://www.crushpixel.com/big-static15/preview4/restaurant-food-sale-offer-social-2122265.jpg', 1, '2021-04-04 04:06:01', '2021-04-04 04:06:01'),
(101, 101, 'https://www.twffer.com/uploads/offers_attachments/1000/856300bf-a1db-447d-a358-a384444ee258.jpg', 1, '2021-04-04 04:11:19', '2021-04-04 04:11:19'),
(102, 102, 'https://kuwaitlocal.com/img/Offer/4449/winter-special-offer-0-olive-supermarket-18-11-08-09-11-16.jpeg', 1, '2021-04-04 04:11:21', '2021-04-04 04:11:21'),
(103, 103, 'https://kuwaitlocal.com/img/Offer/4449/winter-special-offer-0-olive-supermarket-18-11-08-09-11-16.jpeg', 1, '2021-04-04 04:11:21', '2021-04-04 04:11:21'),
(104, 104, 'https://image.isu.pub/170201212648-9dc2ba2fc5c37f4ba33f8d3714dbbeb4/jpg/page_1_thumb_large.jpg', 1, '2021-04-04 04:11:21', '2021-04-04 04:11:21'),
(105, 105, 'https://www.twffer.com/uploads/offers_attachments/1000/856300bf-a1db-447d-a358-a384444ee258.jpg', 1, '2021-04-04 04:11:21', '2021-04-04 04:11:21'),
(106, 106, 'https://pearsonblog.campaignserver.co.uk/wp-content/uploads/supermarket-offers3.jpg', 1, '2021-04-04 04:11:21', '2021-04-04 04:11:21'),
(107, 107, 'https://kuwaitlocal.com/img/Offer/4449/winter-special-offer-0-olive-supermarket-18-11-08-09-11-16.jpeg', 1, '2021-04-04 04:11:21', '2021-04-04 04:11:21'),
(108, 108, 'https://pearsonblog.campaignserver.co.uk/wp-content/uploads/supermarket-offers3.jpg', 1, '2021-04-04 04:11:21', '2021-04-04 04:11:21'),
(109, 109, 'https://image.isu.pub/170201212648-9dc2ba2fc5c37f4ba33f8d3714dbbeb4/jpg/page_1_thumb_large.jpg', 1, '2021-04-04 04:11:21', '2021-04-04 04:11:21'),
(110, 110, 'https://kuwaitlocal.com/img/Offer/4449/winter-special-offer-0-olive-supermarket-18-11-08-09-11-16.jpeg', 1, '2021-04-04 04:11:21', '2021-04-04 04:11:21'),
(111, 111, 'https://kuwaitlocal.com/img/Offer/4449/winter-special-offer-0-olive-supermarket-18-11-08-09-11-16.jpeg', 1, '2021-04-04 04:11:21', '2021-04-04 04:11:21'),
(112, 112, 'https://kuwaitlocal.com/img/Offer/4449/winter-special-offer-0-olive-supermarket-18-11-08-09-11-16.jpeg', 1, '2021-04-04 04:11:21', '2021-04-04 04:11:21'),
(113, 113, 'https://qatar.twffer.com/uploads/offers_attachments/og/5374c602-6a28-43c9-85ae-132fb67ae23a.jpg', 1, '2021-04-04 04:11:21', '2021-04-04 04:11:21'),
(114, 114, 'https://www.twffer.com/uploads/offers_attachments/1000/856300bf-a1db-447d-a358-a384444ee258.jpg', 1, '2021-04-04 04:11:21', '2021-04-04 04:11:21'),
(115, 115, 'https://pearsonblog.campaignserver.co.uk/wp-content/uploads/supermarket-offers3.jpg', 1, '2021-04-04 04:11:21', '2021-04-04 04:11:21'),
(116, 116, 'https://www.twffer.com/uploads/offers_attachments/1000/856300bf-a1db-447d-a358-a384444ee258.jpg', 1, '2021-04-04 04:11:21', '2021-04-04 04:11:21'),
(117, 117, 'https://pearsonblog.campaignserver.co.uk/wp-content/uploads/supermarket-offers3.jpg', 1, '2021-04-04 04:11:21', '2021-04-04 04:11:21'),
(118, 118, 'https://pearsonblog.campaignserver.co.uk/wp-content/uploads/supermarket-offers3.jpg', 1, '2021-04-04 04:11:21', '2021-04-04 04:11:21'),
(119, 119, 'https://kuwaitlocal.com/img/Offer/4449/winter-special-offer-0-olive-supermarket-18-11-08-09-11-16.jpeg', 1, '2021-04-04 04:11:21', '2021-04-04 04:11:21'),
(120, 120, 'https://www.twffer.com/uploads/offers_attachments/1000/856300bf-a1db-447d-a358-a384444ee258.jpg', 1, '2021-04-04 04:11:21', '2021-04-04 04:11:21'),
(121, 121, 'https://www.twffer.com/uploads/offers_attachments/1000/856300bf-a1db-447d-a358-a384444ee258.jpg', 1, '2021-04-04 04:11:21', '2021-04-04 04:11:21'),
(122, 122, 'https://image.isu.pub/170201212648-9dc2ba2fc5c37f4ba33f8d3714dbbeb4/jpg/page_1_thumb_large.jpg', 1, '2021-04-04 04:11:21', '2021-04-04 04:11:21'),
(123, 123, 'https://pearsonblog.campaignserver.co.uk/wp-content/uploads/supermarket-offers3.jpg', 1, '2021-04-04 04:11:21', '2021-04-04 04:11:21'),
(124, 124, 'https://image.isu.pub/170201212648-9dc2ba2fc5c37f4ba33f8d3714dbbeb4/jpg/page_1_thumb_large.jpg', 1, '2021-04-04 04:11:21', '2021-04-04 04:11:21'),
(125, 125, 'https://pearsonblog.campaignserver.co.uk/wp-content/uploads/supermarket-offers3.jpg', 1, '2021-04-04 04:11:21', '2021-04-04 04:11:21'),
(126, 126, 'https://pearsonblog.campaignserver.co.uk/wp-content/uploads/supermarket-offers3.jpg', 1, '2021-04-04 04:11:21', '2021-04-04 04:11:21'),
(127, 127, 'https://image.isu.pub/170201212648-9dc2ba2fc5c37f4ba33f8d3714dbbeb4/jpg/page_1_thumb_large.jpg', 1, '2021-04-04 04:11:21', '2021-04-04 04:11:21'),
(128, 128, 'https://kuwaitlocal.com/img/Offer/4449/winter-special-offer-0-olive-supermarket-18-11-08-09-11-16.jpeg', 1, '2021-04-04 04:11:21', '2021-04-04 04:11:21'),
(129, 129, 'https://kuwaitlocal.com/img/Offer/4449/winter-special-offer-0-olive-supermarket-18-11-08-09-11-16.jpeg', 1, '2021-04-04 04:11:21', '2021-04-04 04:11:21'),
(130, 130, 'https://image.isu.pub/170201212648-9dc2ba2fc5c37f4ba33f8d3714dbbeb4/jpg/page_1_thumb_large.jpg', 1, '2021-04-04 04:11:21', '2021-04-04 04:11:21'),
(131, 131, 'https://kuwaitlocal.com/img/Offer/4449/winter-special-offer-0-olive-supermarket-18-11-08-09-11-16.jpeg', 1, '2021-04-04 04:11:21', '2021-04-04 04:11:21'),
(132, 132, 'https://pearsonblog.campaignserver.co.uk/wp-content/uploads/supermarket-offers3.jpg', 1, '2021-04-04 04:11:21', '2021-04-04 04:11:21'),
(133, 133, 'https://image.isu.pub/170201212648-9dc2ba2fc5c37f4ba33f8d3714dbbeb4/jpg/page_1_thumb_large.jpg', 1, '2021-04-04 04:11:21', '2021-04-04 04:11:21'),
(134, 134, 'https://www.twffer.com/uploads/offers_attachments/1000/856300bf-a1db-447d-a358-a384444ee258.jpg', 1, '2021-04-04 04:11:21', '2021-04-04 04:11:21'),
(135, 135, 'https://www.twffer.com/uploads/offers_attachments/1000/856300bf-a1db-447d-a358-a384444ee258.jpg', 1, '2021-04-04 04:11:21', '2021-04-04 04:11:21'),
(136, 136, 'https://image.isu.pub/170201212648-9dc2ba2fc5c37f4ba33f8d3714dbbeb4/jpg/page_1_thumb_large.jpg', 1, '2021-04-04 04:11:21', '2021-04-04 04:11:21'),
(137, 137, 'https://www.twffer.com/uploads/offers_attachments/1000/856300bf-a1db-447d-a358-a384444ee258.jpg', 1, '2021-04-04 04:11:21', '2021-04-04 04:11:21'),
(138, 138, 'https://kuwaitlocal.com/img/Offer/4449/winter-special-offer-0-olive-supermarket-18-11-08-09-11-16.jpeg', 1, '2021-04-04 04:11:21', '2021-04-04 04:11:21'),
(139, 139, 'https://pearsonblog.campaignserver.co.uk/wp-content/uploads/supermarket-offers3.jpg', 1, '2021-04-04 04:11:21', '2021-04-04 04:11:21'),
(140, 140, 'https://kuwaitlocal.com/img/Offer/4449/winter-special-offer-0-olive-supermarket-18-11-08-09-11-16.jpeg', 1, '2021-04-04 04:11:21', '2021-04-04 04:11:21'),
(141, 141, 'https://qatar.twffer.com/uploads/offers_attachments/og/5374c602-6a28-43c9-85ae-132fb67ae23a.jpg', 1, '2021-04-04 04:11:21', '2021-04-04 04:11:21'),
(142, 142, 'https://image.isu.pub/170201212648-9dc2ba2fc5c37f4ba33f8d3714dbbeb4/jpg/page_1_thumb_large.jpg', 1, '2021-04-04 04:11:21', '2021-04-04 04:11:21'),
(143, 143, 'https://www.twffer.com/uploads/offers_attachments/1000/856300bf-a1db-447d-a358-a384444ee258.jpg', 1, '2021-04-04 04:11:21', '2021-04-04 04:11:21'),
(144, 144, 'https://qatar.twffer.com/uploads/offers_attachments/og/5374c602-6a28-43c9-85ae-132fb67ae23a.jpg', 1, '2021-04-04 04:11:21', '2021-04-04 04:11:21'),
(145, 145, 'https://kuwaitlocal.com/img/Offer/4449/winter-special-offer-0-olive-supermarket-18-11-08-09-11-16.jpeg', 1, '2021-04-04 04:11:21', '2021-04-04 04:11:21'),
(146, 146, 'https://qatar.twffer.com/uploads/offers_attachments/og/5374c602-6a28-43c9-85ae-132fb67ae23a.jpg', 1, '2021-04-04 04:11:21', '2021-04-04 04:11:21'),
(147, 147, 'https://qatar.twffer.com/uploads/offers_attachments/og/5374c602-6a28-43c9-85ae-132fb67ae23a.jpg', 1, '2021-04-04 04:11:21', '2021-04-04 04:11:21'),
(148, 148, 'https://kuwaitlocal.com/img/Offer/4449/winter-special-offer-0-olive-supermarket-18-11-08-09-11-16.jpeg', 1, '2021-04-04 04:11:21', '2021-04-04 04:11:21'),
(149, 149, 'https://image.isu.pub/170201212648-9dc2ba2fc5c37f4ba33f8d3714dbbeb4/jpg/page_1_thumb_large.jpg', 1, '2021-04-04 04:11:21', '2021-04-04 04:11:21'),
(150, 150, 'https://pearsonblog.campaignserver.co.uk/wp-content/uploads/supermarket-offers3.jpg', 1, '2021-04-04 04:11:21', '2021-04-04 04:11:21'),
(151, 151, 'https://pearsonblog.campaignserver.co.uk/wp-content/uploads/supermarket-offers3.jpg', 1, '2021-04-04 04:11:21', '2021-04-04 04:11:21'),
(152, 152, 'https://pearsonblog.campaignserver.co.uk/wp-content/uploads/supermarket-offers3.jpg', 1, '2021-04-04 04:11:21', '2021-04-04 04:11:21'),
(153, 153, 'https://image.isu.pub/170201212648-9dc2ba2fc5c37f4ba33f8d3714dbbeb4/jpg/page_1_thumb_large.jpg', 1, '2021-04-04 04:11:21', '2021-04-04 04:11:21'),
(154, 154, 'https://www.twffer.com/uploads/offers_attachments/1000/856300bf-a1db-447d-a358-a384444ee258.jpg', 1, '2021-04-04 04:11:21', '2021-04-04 04:11:21'),
(155, 155, 'https://kuwaitlocal.com/img/Offer/4449/winter-special-offer-0-olive-supermarket-18-11-08-09-11-16.jpeg', 1, '2021-04-04 04:11:21', '2021-04-04 04:11:21'),
(156, 156, 'https://pearsonblog.campaignserver.co.uk/wp-content/uploads/supermarket-offers3.jpg', 1, '2021-04-04 04:11:21', '2021-04-04 04:11:21'),
(157, 157, 'https://image.isu.pub/170201212648-9dc2ba2fc5c37f4ba33f8d3714dbbeb4/jpg/page_1_thumb_large.jpg', 1, '2021-04-04 04:11:21', '2021-04-04 04:11:21'),
(158, 158, 'https://kuwaitlocal.com/img/Offer/4449/winter-special-offer-0-olive-supermarket-18-11-08-09-11-16.jpeg', 1, '2021-04-04 04:11:21', '2021-04-04 04:11:21'),
(159, 159, 'https://qatar.twffer.com/uploads/offers_attachments/og/5374c602-6a28-43c9-85ae-132fb67ae23a.jpg', 1, '2021-04-04 04:11:21', '2021-04-04 04:11:21'),
(160, 160, 'https://kuwaitlocal.com/img/Offer/4449/winter-special-offer-0-olive-supermarket-18-11-08-09-11-16.jpeg', 1, '2021-04-04 04:11:21', '2021-04-04 04:11:21'),
(161, 161, 'https://qatar.twffer.com/uploads/offers_attachments/og/5374c602-6a28-43c9-85ae-132fb67ae23a.jpg', 1, '2021-04-04 04:11:21', '2021-04-04 04:11:21'),
(162, 162, 'https://pearsonblog.campaignserver.co.uk/wp-content/uploads/supermarket-offers3.jpg', 1, '2021-04-04 04:11:21', '2021-04-04 04:11:21'),
(163, 163, 'https://pearsonblog.campaignserver.co.uk/wp-content/uploads/supermarket-offers3.jpg', 1, '2021-04-04 04:11:21', '2021-04-04 04:11:21'),
(164, 164, 'https://image.isu.pub/170201212648-9dc2ba2fc5c37f4ba33f8d3714dbbeb4/jpg/page_1_thumb_large.jpg', 1, '2021-04-04 04:11:21', '2021-04-04 04:11:21'),
(165, 165, 'https://pearsonblog.campaignserver.co.uk/wp-content/uploads/supermarket-offers3.jpg', 1, '2021-04-04 04:11:21', '2021-04-04 04:11:21'),
(166, 166, 'https://pearsonblog.campaignserver.co.uk/wp-content/uploads/supermarket-offers3.jpg', 1, '2021-04-04 04:11:21', '2021-04-04 04:11:21'),
(167, 167, 'https://pearsonblog.campaignserver.co.uk/wp-content/uploads/supermarket-offers3.jpg', 1, '2021-04-04 04:11:21', '2021-04-04 04:11:21'),
(168, 168, 'https://image.isu.pub/170201212648-9dc2ba2fc5c37f4ba33f8d3714dbbeb4/jpg/page_1_thumb_large.jpg', 1, '2021-04-04 04:11:21', '2021-04-04 04:11:21'),
(169, 169, 'https://pearsonblog.campaignserver.co.uk/wp-content/uploads/supermarket-offers3.jpg', 1, '2021-04-04 04:11:21', '2021-04-04 04:11:21'),
(170, 170, 'https://pearsonblog.campaignserver.co.uk/wp-content/uploads/supermarket-offers3.jpg', 1, '2021-04-04 04:11:21', '2021-04-04 04:11:21'),
(171, 171, 'https://kuwaitlocal.com/img/Offer/4449/winter-special-offer-0-olive-supermarket-18-11-08-09-11-16.jpeg', 1, '2021-04-04 04:11:21', '2021-04-04 04:11:21'),
(172, 172, 'https://image.isu.pub/170201212648-9dc2ba2fc5c37f4ba33f8d3714dbbeb4/jpg/page_1_thumb_large.jpg', 1, '2021-04-04 04:11:21', '2021-04-04 04:11:21'),
(173, 173, 'https://kuwaitlocal.com/img/Offer/4449/winter-special-offer-0-olive-supermarket-18-11-08-09-11-16.jpeg', 1, '2021-04-04 04:11:21', '2021-04-04 04:11:21'),
(174, 174, 'https://kuwaitlocal.com/img/Offer/4449/winter-special-offer-0-olive-supermarket-18-11-08-09-11-16.jpeg', 1, '2021-04-04 04:11:21', '2021-04-04 04:11:21'),
(175, 175, 'https://www.twffer.com/uploads/offers_attachments/1000/856300bf-a1db-447d-a358-a384444ee258.jpg', 1, '2021-04-04 04:11:21', '2021-04-04 04:11:21'),
(176, 176, 'https://qatar.twffer.com/uploads/offers_attachments/og/5374c602-6a28-43c9-85ae-132fb67ae23a.jpg', 1, '2021-04-04 04:11:21', '2021-04-04 04:11:21'),
(177, 177, 'https://image.isu.pub/170201212648-9dc2ba2fc5c37f4ba33f8d3714dbbeb4/jpg/page_1_thumb_large.jpg', 1, '2021-04-04 04:11:21', '2021-04-04 04:11:21'),
(178, 178, 'https://qatar.twffer.com/uploads/offers_attachments/og/5374c602-6a28-43c9-85ae-132fb67ae23a.jpg', 1, '2021-04-04 04:11:21', '2021-04-04 04:11:21'),
(179, 179, 'https://kuwaitlocal.com/img/Offer/4449/winter-special-offer-0-olive-supermarket-18-11-08-09-11-16.jpeg', 1, '2021-04-04 04:11:22', '2021-04-04 04:11:22'),
(180, 180, 'https://qatar.twffer.com/uploads/offers_attachments/og/5374c602-6a28-43c9-85ae-132fb67ae23a.jpg', 1, '2021-04-04 04:11:23', '2021-04-04 04:11:23'),
(181, 181, 'https://image.isu.pub/170201212648-9dc2ba2fc5c37f4ba33f8d3714dbbeb4/jpg/page_1_thumb_large.jpg', 1, '2021-04-04 04:11:24', '2021-04-04 04:11:24'),
(182, 182, 'https://qatar.twffer.com/uploads/offers_attachments/og/5374c602-6a28-43c9-85ae-132fb67ae23a.jpg', 1, '2021-04-04 04:11:24', '2021-04-04 04:11:24'),
(183, 183, 'https://image.isu.pub/170201212648-9dc2ba2fc5c37f4ba33f8d3714dbbeb4/jpg/page_1_thumb_large.jpg', 1, '2021-04-04 04:11:27', '2021-04-04 04:11:27'),
(184, 184, 'https://kuwaitlocal.com/img/Offer/4449/winter-special-offer-0-olive-supermarket-18-11-08-09-11-16.jpeg', 1, '2021-04-04 04:11:27', '2021-04-04 04:11:27'),
(185, 185, 'https://qatar.twffer.com/uploads/offers_attachments/og/5374c602-6a28-43c9-85ae-132fb67ae23a.jpg', 1, '2021-04-04 04:11:27', '2021-04-04 04:11:27'),
(186, 186, 'https://pearsonblog.campaignserver.co.uk/wp-content/uploads/supermarket-offers3.jpg', 1, '2021-04-04 04:11:27', '2021-04-04 04:11:27'),
(187, 187, 'https://image.isu.pub/170201212648-9dc2ba2fc5c37f4ba33f8d3714dbbeb4/jpg/page_1_thumb_large.jpg', 1, '2021-04-04 04:11:27', '2021-04-04 04:11:27'),
(188, 188, 'https://pearsonblog.campaignserver.co.uk/wp-content/uploads/supermarket-offers3.jpg', 1, '2021-04-04 04:11:27', '2021-04-04 04:11:27'),
(189, 189, 'https://image.isu.pub/170201212648-9dc2ba2fc5c37f4ba33f8d3714dbbeb4/jpg/page_1_thumb_large.jpg', 1, '2021-04-04 04:11:27', '2021-04-04 04:11:27'),
(190, 190, 'https://kuwaitlocal.com/img/Offer/4449/winter-special-offer-0-olive-supermarket-18-11-08-09-11-16.jpeg', 1, '2021-04-04 04:11:27', '2021-04-04 04:11:27'),
(191, 191, 'https://kuwaitlocal.com/img/Offer/4449/winter-special-offer-0-olive-supermarket-18-11-08-09-11-16.jpeg', 1, '2021-04-04 04:11:27', '2021-04-04 04:11:27'),
(192, 192, 'https://kuwaitlocal.com/img/Offer/4449/winter-special-offer-0-olive-supermarket-18-11-08-09-11-16.jpeg', 1, '2021-04-04 04:11:27', '2021-04-04 04:11:27'),
(193, 193, 'https://qatar.twffer.com/uploads/offers_attachments/og/5374c602-6a28-43c9-85ae-132fb67ae23a.jpg', 1, '2021-04-04 04:11:27', '2021-04-04 04:11:27'),
(194, 194, 'https://image.isu.pub/170201212648-9dc2ba2fc5c37f4ba33f8d3714dbbeb4/jpg/page_1_thumb_large.jpg', 1, '2021-04-04 04:11:27', '2021-04-04 04:11:27'),
(195, 195, 'https://pearsonblog.campaignserver.co.uk/wp-content/uploads/supermarket-offers3.jpg', 1, '2021-04-04 04:11:27', '2021-04-04 04:11:27'),
(196, 196, 'https://kuwaitlocal.com/img/Offer/4449/winter-special-offer-0-olive-supermarket-18-11-08-09-11-16.jpeg', 1, '2021-04-04 04:11:27', '2021-04-04 04:11:27'),
(197, 197, 'http://qatar.twffer.com/uploads/offers_attachments/og/5374c602-6a28-43c9-85ae-132fb67ae23a.jpg', 1, '2021-04-04 04:11:27', '2021-04-04 04:11:27'),
(198, 198, 'https://qatar.twffer.com/uploads/offers_attachments/og/5374c602-6a28-43c9-85ae-132fb67ae23a.jpg', 1, '2021-04-04 04:11:27', '2021-04-04 04:11:27'),
(199, 199, 'https://qatar.twffer.com/uploads/offers_attachments/og/5374c602-6a28-43c9-85ae-132fb67ae23a.jpg', 1, '2021-04-04 04:11:27', '2021-04-04 04:11:27'),
(200, 200, 'https://kuwaitlocal.com/img/Offer/4449/winter-special-offer-0-olive-supermarket-18-11-08-09-11-16.jpeg', 1, '2021-04-04 04:11:27', '2021-04-04 04:11:27'),
(201, 201, 'https://d168jcr2cillca.cloudfront.net/uploadimages/sales_offer_mainpic_20091111114037apollo-banner.png', 1, '2021-04-04 04:19:00', '2021-04-04 04:19:00'),
(202, 202, 'https://d168jcr2cillca.cloudfront.net/uploadimages/sales_offer_mainpic_20091111114037apollo-banner.png', 1, '2021-04-04 04:19:00', '2021-04-04 04:19:00'),
(203, 203, 'https://d168jcr2cillca.cloudfront.net/uploadimages/coupons/11009-ApolloPharmacy_600x300_Banner.jpg', 1, '2021-04-04 04:19:00', '2021-04-04 04:19:00'),
(204, 204, 'https://d168jcr2cillca.cloudfront.net/uploadimages/coupons/11009-ApolloPharmacy_600x300_Banner.jpg', 1, '2021-04-04 04:19:00', '2021-04-04 04:19:00'),
(205, 205, 'https://d168jcr2cillca.cloudfront.net/uploadimages/coupons/11009-ApolloPharmacy_600x300_Banner.jpg', 1, '2021-04-04 04:19:00', '2021-04-04 04:19:00'),
(206, 206, 'https://cdn.grabon.in/gograbon/images/web-images/uploads/1586347855469/apollo-pharmacy-offers.jpg', 1, '2021-04-04 04:19:00', '2021-04-04 04:19:00'),
(207, 207, 'https://cdn.grabon.in/gograbon/images/web-images/uploads/1586347855469/apollo-pharmacy-offers.jpg', 1, '2021-04-04 04:19:00', '2021-04-04 04:19:00'),
(208, 208, 'https://pbs.twimg.com/media/DqbkdnpX0AI1-d_.jpg', 1, '2021-04-04 04:19:00', '2021-04-04 04:19:00'),
(209, 209, 'https://d168jcr2cillca.cloudfront.net/uploadimages/coupons/11009-ApolloPharmacy_600x300_Banner.jpg', 1, '2021-04-04 04:19:00', '2021-04-04 04:19:00'),
(210, 210, 'https://d168jcr2cillca.cloudfront.net/uploadimages/coupons/11009-ApolloPharmacy_600x300_Banner.jpg', 1, '2021-04-04 04:19:00', '2021-04-04 04:19:00'),
(211, 211, 'https://d168jcr2cillca.cloudfront.net/uploadimages/sales_offer_mainpic_20091111114037apollo-banner.png', 1, '2021-04-04 04:19:00', '2021-04-04 04:19:00'),
(212, 212, 'https://d168jcr2cillca.cloudfront.net/uploadimages/coupons/11009-ApolloPharmacy_600x300_Banner.jpg', 1, '2021-04-04 04:19:00', '2021-04-04 04:19:00'),
(213, 213, 'https://d168jcr2cillca.cloudfront.net/uploadimages/coupons/11009-ApolloPharmacy_600x300_Banner.jpg', 1, '2021-04-04 04:19:00', '2021-04-04 04:19:00'),
(214, 214, 'https://d168jcr2cillca.cloudfront.net/uploadimages/coupons/11009-ApolloPharmacy_600x300_Banner.jpg', 1, '2021-04-04 04:19:00', '2021-04-04 04:19:00'),
(215, 215, 'https://d168jcr2cillca.cloudfront.net/uploadimages/coupons/11009-ApolloPharmacy_600x300_Banner.jpg', 1, '2021-04-04 04:19:00', '2021-04-04 04:19:00'),
(216, 216, 'https://pbs.twimg.com/media/DqbkdnpX0AI1-d_.jpg', 1, '2021-04-04 04:19:00', '2021-04-04 04:19:00'),
(217, 217, 'https://d168jcr2cillca.cloudfront.net/uploadimages/coupons/11009-ApolloPharmacy_600x300_Banner.jpg', 1, '2021-04-04 04:19:00', '2021-04-04 04:19:00'),
(218, 218, 'https://d168jcr2cillca.cloudfront.net/uploadimages/sales_offer_mainpic_20091111114037apollo-banner.png', 1, '2021-04-04 04:19:00', '2021-04-04 04:19:00'),
(219, 219, 'https://pbs.twimg.com/media/DqbkdnpX0AI1-d_.jpg', 1, '2021-04-04 04:19:00', '2021-04-04 04:19:00'),
(220, 220, 'https://d168jcr2cillca.cloudfront.net/uploadimages/sales_offer_mainpic_20091111114037apollo-banner.png', 1, '2021-04-04 04:19:00', '2021-04-04 04:19:00'),
(221, 221, 'https://d168jcr2cillca.cloudfront.net/uploadimages/coupons/11009-ApolloPharmacy_600x300_Banner.jpg', 1, '2021-04-04 04:19:00', '2021-04-04 04:19:00'),
(222, 222, 'https://pbs.twimg.com/media/DqbkdnpX0AI1-d_.jpg', 1, '2021-04-04 04:19:00', '2021-04-04 04:19:00'),
(223, 223, 'https://d168jcr2cillca.cloudfront.net/uploadimages/sales_offer_mainpic_20091111114037apollo-banner.png', 1, '2021-04-04 04:19:00', '2021-04-04 04:19:00'),
(224, 224, 'https://d168jcr2cillca.cloudfront.net/uploadimages/coupons/11009-ApolloPharmacy_600x300_Banner.jpg', 1, '2021-04-04 04:19:00', '2021-04-04 04:19:00'),
(225, 225, 'https://pbs.twimg.com/media/DqbkdnpX0AI1-d_.jpg', 1, '2021-04-04 04:19:00', '2021-04-04 04:19:00'),
(226, 226, 'https://cdn.grabon.in/gograbon/images/web-images/uploads/1586347855469/apollo-pharmacy-offers.jpg', 1, '2021-04-04 04:19:00', '2021-04-04 04:19:00'),
(227, 227, 'https://cdn.grabon.in/gograbon/images/web-images/uploads/1586347855469/apollo-pharmacy-offers.jpg', 1, '2021-04-04 04:19:00', '2021-04-04 04:19:00'),
(228, 228, 'https://pbs.twimg.com/media/DqbkdnpX0AI1-d_.jpg', 1, '2021-04-04 04:19:00', '2021-04-04 04:19:00'),
(229, 229, 'https://cdn.grabon.in/gograbon/images/web-images/uploads/1586347855469/apollo-pharmacy-offers.jpg', 1, '2021-04-04 04:19:00', '2021-04-04 04:19:00'),
(230, 230, 'https://pbs.twimg.com/media/DqbkdnpX0AI1-d_.jpg', 1, '2021-04-04 04:19:00', '2021-04-04 04:19:00'),
(231, 231, 'https://d168jcr2cillca.cloudfront.net/uploadimages/coupons/11009-ApolloPharmacy_600x300_Banner.jpg', 1, '2021-04-04 04:19:00', '2021-04-04 04:19:00'),
(232, 232, 'https://pbs.twimg.com/media/DqbkdnpX0AI1-d_.jpg', 1, '2021-04-04 04:19:00', '2021-04-04 04:19:00'),
(233, 233, 'https://pbs.twimg.com/media/DqbkdnpX0AI1-d_.jpg', 1, '2021-04-04 04:19:00', '2021-04-04 04:19:00'),
(234, 234, 'https://cdn.grabon.in/gograbon/images/web-images/uploads/1586347855469/apollo-pharmacy-offers.jpg', 1, '2021-04-04 04:19:00', '2021-04-04 04:19:00'),
(235, 235, 'https://pbs.twimg.com/media/DqbkdnpX0AI1-d_.jpg', 1, '2021-04-04 04:19:00', '2021-04-04 04:19:00'),
(236, 236, 'https://pbs.twimg.com/media/DqbkdnpX0AI1-d_.jpg', 1, '2021-04-04 04:19:00', '2021-04-04 04:19:00'),
(237, 237, 'https://cdn.grabon.in/gograbon/images/web-images/uploads/1586347855469/apollo-pharmacy-offers.jpg', 1, '2021-04-04 04:19:00', '2021-04-04 04:19:00'),
(238, 238, 'https://cdn.grabon.in/gograbon/images/web-images/uploads/1586347855469/apollo-pharmacy-offers.jpg', 1, '2021-04-04 04:19:00', '2021-04-04 04:19:00'),
(239, 239, 'https://d168jcr2cillca.cloudfront.net/uploadimages/coupons/11009-ApolloPharmacy_600x300_Banner.jpg', 1, '2021-04-04 04:19:00', '2021-04-04 04:19:00'),
(240, 240, 'https://d168jcr2cillca.cloudfront.net/uploadimages/sales_offer_mainpic_20091111114037apollo-banner.png', 1, '2021-04-04 04:19:00', '2021-04-04 04:19:00'),
(241, 241, 'https://d168jcr2cillca.cloudfront.net/uploadimages/sales_offer_mainpic_20091111114037apollo-banner.png', 1, '2021-04-04 04:19:00', '2021-04-04 04:19:00'),
(242, 242, 'https://pbs.twimg.com/media/DqbkdnpX0AI1-d_.jpg', 1, '2021-04-04 04:19:00', '2021-04-04 04:19:00'),
(243, 243, 'https://d168jcr2cillca.cloudfront.net/uploadimages/coupons/11009-ApolloPharmacy_600x300_Banner.jpg', 1, '2021-04-04 04:19:00', '2021-04-04 04:19:00'),
(244, 244, 'https://d168jcr2cillca.cloudfront.net/uploadimages/sales_offer_mainpic_20091111114037apollo-banner.png', 1, '2021-04-04 04:19:00', '2021-04-04 04:19:00'),
(245, 245, 'https://d168jcr2cillca.cloudfront.net/uploadimages/sales_offer_mainpic_20091111114037apollo-banner.png', 1, '2021-04-04 04:19:00', '2021-04-04 04:19:00'),
(246, 246, 'https://pbs.twimg.com/media/DqbkdnpX0AI1-d_.jpg', 1, '2021-04-04 04:19:00', '2021-04-04 04:19:00'),
(247, 247, 'https://cdn.grabon.in/gograbon/images/web-images/uploads/1586347855469/apollo-pharmacy-offers.jpg', 1, '2021-04-04 04:19:00', '2021-04-04 04:19:00'),
(248, 248, 'https://pbs.twimg.com/media/DqbkdnpX0AI1-d_.jpg', 1, '2021-04-04 04:19:00', '2021-04-04 04:19:00'),
(249, 249, 'https://pbs.twimg.com/media/DqbkdnpX0AI1-d_.jpg', 1, '2021-04-04 04:19:00', '2021-04-04 04:19:00'),
(250, 250, 'https://cdn.grabon.in/gograbon/images/web-images/uploads/1586347855469/apollo-pharmacy-offers.jpg', 1, '2021-04-04 04:19:00', '2021-04-04 04:19:00'),
(251, 251, 'https://d168jcr2cillca.cloudfront.net/uploadimages/sales_offer_mainpic_20091111114037apollo-banner.png', 1, '2021-04-04 04:19:00', '2021-04-04 04:19:00'),
(252, 252, 'https://d168jcr2cillca.cloudfront.net/uploadimages/sales_offer_mainpic_20091111114037apollo-banner.png', 1, '2021-04-04 04:19:00', '2021-04-04 04:19:00'),
(253, 253, 'https://d168jcr2cillca.cloudfront.net/uploadimages/sales_offer_mainpic_20091111114037apollo-banner.png', 1, '2021-04-04 04:19:00', '2021-04-04 04:19:00'),
(254, 254, 'https://cdn.grabon.in/gograbon/images/web-images/uploads/1586347855469/apollo-pharmacy-offers.jpg', 1, '2021-04-04 04:19:00', '2021-04-04 04:19:00'),
(255, 255, 'https://cdn.grabon.in/gograbon/images/web-images/uploads/1586347855469/apollo-pharmacy-offers.jpg', 1, '2021-04-04 04:19:00', '2021-04-04 04:19:00'),
(256, 256, 'https://d168jcr2cillca.cloudfront.net/uploadimages/coupons/11009-ApolloPharmacy_600x300_Banner.jpg', 1, '2021-04-04 04:19:00', '2021-04-04 04:19:00'),
(257, 257, 'https://pbs.twimg.com/media/DqbkdnpX0AI1-d_.jpg', 1, '2021-04-04 04:19:00', '2021-04-04 04:19:00'),
(258, 258, 'https://cdn.grabon.in/gograbon/images/web-images/uploads/1586347855469/apollo-pharmacy-offers.jpg', 1, '2021-04-04 04:19:00', '2021-04-04 04:19:00'),
(259, 259, 'https://d168jcr2cillca.cloudfront.net/uploadimages/coupons/11009-ApolloPharmacy_600x300_Banner.jpg', 1, '2021-04-04 04:19:00', '2021-04-04 04:19:00'),
(260, 260, 'https://cdn.grabon.in/gograbon/images/web-images/uploads/1586347855469/apollo-pharmacy-offers.jpg', 1, '2021-04-04 04:19:00', '2021-04-04 04:19:00'),
(261, 261, 'https://pbs.twimg.com/media/DqbkdnpX0AI1-d_.jpg', 1, '2021-04-04 04:19:00', '2021-04-04 04:19:00'),
(262, 262, 'https://pbs.twimg.com/media/DqbkdnpX0AI1-d_.jpg', 1, '2021-04-04 04:19:00', '2021-04-04 04:19:00'),
(263, 263, 'https://d168jcr2cillca.cloudfront.net/uploadimages/sales_offer_mainpic_20091111114037apollo-banner.png', 1, '2021-04-04 04:19:00', '2021-04-04 04:19:00'),
(264, 264, 'https://d168jcr2cillca.cloudfront.net/uploadimages/sales_offer_mainpic_20091111114037apollo-banner.png', 1, '2021-04-04 04:19:00', '2021-04-04 04:19:00'),
(265, 265, 'https://cdn.grabon.in/gograbon/images/web-images/uploads/1586347855469/apollo-pharmacy-offers.jpg', 1, '2021-04-04 04:19:00', '2021-04-04 04:19:00'),
(266, 266, 'https://d168jcr2cillca.cloudfront.net/uploadimages/coupons/11009-ApolloPharmacy_600x300_Banner.jpg', 1, '2021-04-04 04:19:00', '2021-04-04 04:19:00'),
(267, 267, 'https://cdn.grabon.in/gograbon/images/web-images/uploads/1586347855469/apollo-pharmacy-offers.jpg', 1, '2021-04-04 04:19:00', '2021-04-04 04:19:00'),
(268, 268, 'https://cdn.grabon.in/gograbon/images/web-images/uploads/1586347855469/apollo-pharmacy-offers.jpg', 1, '2021-04-04 04:19:00', '2021-04-04 04:19:00'),
(269, 269, 'https://d168jcr2cillca.cloudfront.net/uploadimages/sales_offer_mainpic_20091111114037apollo-banner.png', 1, '2021-04-04 04:19:00', '2021-04-04 04:19:00'),
(270, 270, 'https://pbs.twimg.com/media/DqbkdnpX0AI1-d_.jpg', 1, '2021-04-04 04:19:00', '2021-04-04 04:19:00'),
(271, 271, 'https://pbs.twimg.com/media/DqbkdnpX0AI1-d_.jpg', 1, '2021-04-04 04:19:00', '2021-04-04 04:19:00'),
(272, 272, 'https://cdn.grabon.in/gograbon/images/web-images/uploads/1586347855469/apollo-pharmacy-offers.jpg', 1, '2021-04-04 04:19:01', '2021-04-04 04:19:01'),
(273, 273, 'https://d168jcr2cillca.cloudfront.net/uploadimages/sales_offer_mainpic_20091111114037apollo-banner.png', 1, '2021-04-04 04:19:01', '2021-04-04 04:19:01'),
(274, 274, 'https://pbs.twimg.com/media/DqbkdnpX0AI1-d_.jpg', 1, '2021-04-04 04:19:01', '2021-04-04 04:19:01'),
(275, 275, 'https://pbs.twimg.com/media/DqbkdnpX0AI1-d_.jpg', 1, '2021-04-04 04:19:01', '2021-04-04 04:19:01'),
(276, 276, 'https://pbs.twimg.com/media/DqbkdnpX0AI1-d_.jpg', 1, '2021-04-04 04:19:01', '2021-04-04 04:19:01'),
(277, 277, 'https://d168jcr2cillca.cloudfront.net/uploadimages/sales_offer_mainpic_20091111114037apollo-banner.png', 1, '2021-04-04 04:19:01', '2021-04-04 04:19:01'),
(278, 278, 'https://cdn.grabon.in/gograbon/images/web-images/uploads/1586347855469/apollo-pharmacy-offers.jpg', 1, '2021-04-04 04:19:01', '2021-04-04 04:19:01'),
(279, 279, 'https://cdn.grabon.in/gograbon/images/web-images/uploads/1586347855469/apollo-pharmacy-offers.jpg', 1, '2021-04-04 04:19:01', '2021-04-04 04:19:01'),
(280, 280, 'https://cdn.grabon.in/gograbon/images/web-images/uploads/1586347855469/apollo-pharmacy-offers.jpg', 1, '2021-04-04 04:19:01', '2021-04-04 04:19:01'),
(281, 281, 'https://pbs.twimg.com/media/DqbkdnpX0AI1-d_.jpg', 1, '2021-04-04 04:19:01', '2021-04-04 04:19:01'),
(282, 282, 'https://d168jcr2cillca.cloudfront.net/uploadimages/coupons/11009-ApolloPharmacy_600x300_Banner.jpg', 1, '2021-04-04 04:19:01', '2021-04-04 04:19:01'),
(283, 283, 'https://d168jcr2cillca.cloudfront.net/uploadimages/sales_offer_mainpic_20091111114037apollo-banner.png', 1, '2021-04-04 04:19:01', '2021-04-04 04:19:01'),
(284, 284, 'https://pbs.twimg.com/media/DqbkdnpX0AI1-d_.jpg', 1, '2021-04-04 04:19:01', '2021-04-04 04:19:01'),
(285, 285, 'https://cdn.grabon.in/gograbon/images/web-images/uploads/1586347855469/apollo-pharmacy-offers.jpg', 1, '2021-04-04 04:19:01', '2021-04-04 04:19:01'),
(286, 286, 'https://d168jcr2cillca.cloudfront.net/uploadimages/sales_offer_mainpic_20091111114037apollo-banner.png', 1, '2021-04-04 04:19:01', '2021-04-04 04:19:01'),
(287, 287, 'https://cdn.grabon.in/gograbon/images/web-images/uploads/1586347855469/apollo-pharmacy-offers.jpg', 1, '2021-04-04 04:19:01', '2021-04-04 04:19:01'),
(288, 288, 'https://d168jcr2cillca.cloudfront.net/uploadimages/sales_offer_mainpic_20091111114037apollo-banner.png', 1, '2021-04-04 04:19:01', '2021-04-04 04:19:01'),
(289, 289, 'https://pbs.twimg.com/media/DqbkdnpX0AI1-d_.jpg', 1, '2021-04-04 04:19:01', '2021-04-04 04:19:01'),
(290, 290, 'https://cdn.grabon.in/gograbon/images/web-images/uploads/1586347855469/apollo-pharmacy-offers.jpg', 1, '2021-04-04 04:19:01', '2021-04-04 04:19:01'),
(291, 291, 'https://pbs.twimg.com/media/DqbkdnpX0AI1-d_.jpg', 1, '2021-04-04 04:19:01', '2021-04-04 04:19:01'),
(292, 292, 'https://d168jcr2cillca.cloudfront.net/uploadimages/coupons/11009-ApolloPharmacy_600x300_Banner.jpg', 1, '2021-04-04 04:19:01', '2021-04-04 04:19:01'),
(293, 293, 'https://cdn.grabon.in/gograbon/images/web-images/uploads/1586347855469/apollo-pharmacy-offers.jpg', 1, '2021-04-04 04:19:01', '2021-04-04 04:19:01'),
(294, 294, 'https://d168jcr2cillca.cloudfront.net/uploadimages/sales_offer_mainpic_20091111114037apollo-banner.png', 1, '2021-04-04 04:19:01', '2021-04-04 04:19:01'),
(295, 295, 'https://d168jcr2cillca.cloudfront.net/uploadimages/sales_offer_mainpic_20091111114037apollo-banner.png', 1, '2021-04-04 04:19:01', '2021-04-04 04:19:01'),
(296, 296, 'https://cdn.grabon.in/gograbon/images/web-images/uploads/1586347855469/apollo-pharmacy-offers.jpg', 1, '2021-04-04 04:19:01', '2021-04-04 04:19:01'),
(297, 297, 'https://pbs.twimg.com/media/DqbkdnpX0AI1-d_.jpg', 1, '2021-04-04 04:19:01', '2021-04-04 04:19:01'),
(298, 298, 'https://cdn.grabon.in/gograbon/images/web-images/uploads/1586347855469/apollo-pharmacy-offers.jpg', 1, '2021-04-04 04:19:01', '2021-04-04 04:19:01'),
(299, 299, 'https://pbs.twimg.com/media/DqbkdnpX0AI1-d_.jpg', 1, '2021-04-04 04:19:01', '2021-04-04 04:19:01'),
(300, 300, 'https://d168jcr2cillca.cloudfront.net/uploadimages/sales_offer_mainpic_20091111114037apollo-banner.png', 1, '2021-04-04 04:19:01', '2021-04-04 04:19:01');

-- --------------------------------------------------------

--
-- Table structure for table `orders`
--

CREATE TABLE `orders` (
  `id` bigint(20) UNSIGNED NOT NULL,
  `order_number` int(11) NOT NULL,
  `user_id` int(11) NOT NULL,
  `driver_id` int(11) DEFAULT NULL,
  `Store_id` bigint(20) UNSIGNED NOT NULL,
  `Status` varchar(15) COLLATE utf8mb4_unicode_ci NOT NULL COMMENT '0-pending 1-accepted  2-pickup   3-completed   4-Rejected 5-delivered',
  `Delivery_method` varchar(100) COLLATE utf8mb4_unicode_ci NOT NULL COMMENT '1 - Delivery 2 - Pickup',
  `paymentMethod` varchar(100) COLLATE utf8mb4_unicode_ci NOT NULL,
  `tax` double(8,2) NOT NULL,
  `delivery_fee` double(8,2) NOT NULL,
  `comment` varchar(255) COLLATE utf8mb4_unicode_ci NOT NULL,
  `Total_Amount` varchar(50) COLLATE utf8mb4_unicode_ci NOT NULL,
  `DropOff` text COLLATE utf8mb4_unicode_ci NOT NULL,
  `pickUp` text COLLATE utf8mb4_unicode_ci NOT NULL,
  `DropOffAddress` varchar(100) COLLATE utf8mb4_unicode_ci NOT NULL,
  `pickUpAddress` varchar(100) COLLATE utf8mb4_unicode_ci NOT NULL,
  `card_id` int(11) NOT NULL,
  `Delivery_instruction` text COLLATE utf8mb4_unicode_ci,
  `pickup_date` varchar(30) COLLATE utf8mb4_unicode_ci DEFAULT NULL,
  `completed_date` varchar(30) COLLATE utf8mb4_unicode_ci DEFAULT NULL,
  `branchID` int(100) NOT NULL DEFAULT '0',
  `appliedPromoCode` varchar(200) COLLATE utf8mb4_unicode_ci DEFAULT '',
  `loyaltyPoints` varchar(100) COLLATE utf8mb4_unicode_ci NOT NULL DEFAULT '0',
  `created_at` timestamp NOT NULL DEFAULT CURRENT_TIMESTAMP,
  `updated_at` timestamp NULL DEFAULT NULL
) ENGINE=InnoDB DEFAULT CHARSET=utf8mb4 COLLATE=utf8mb4_unicode_ci;

--
-- Dumping data for table `orders`
--

INSERT INTO `orders` (`id`, `order_number`, `user_id`, `driver_id`, `Store_id`, `Status`, `Delivery_method`, `paymentMethod`, `tax`, `delivery_fee`, `comment`, `Total_Amount`, `DropOff`, `pickUp`, `DropOffAddress`, `pickUpAddress`, `card_id`, `Delivery_instruction`, `pickup_date`, `completed_date`, `branchID`, `appliedPromoCode`, `loyaltyPoints`, `created_at`, `updated_at`) VALUES
(67, 1, 47, 0, 1, 'Rejected', 'Pickup From Store', 'Cash', 20.00, 2.00, 'null', '300.24', '0,0', '32.842674,10.457361', '', '', 0, 'tasty', NULL, NULL, 124, '', '0', '2021-05-20 09:54:14', '2021-06-09 08:54:27'),
(68, 2, 47, 0, 82, 'accepted', 'Pickup From Store', 'Cash', 16.00, 2.00, 'null', '49.068', '0,0', '32.842674,44.216516', '', '1923 Grover Vista Suite 354\nPrestonton, LA 34534-6689', 0, NULL, NULL, NULL, 85, '', '0', '2021-05-20 11:11:36', '2021-05-31 11:59:07'),
(72, 6, 47, 12, 55, 'pickup', 'Pickup From Store', 'Cash', 16.00, 2.00, 'null', '5.8', '0,0', '32.842674,44.216516', '', '155 Chelsea Squares\nNew Diegobury, ME 17920', 0, NULL, '2021-06-03 – 15:53 PM', NULL, 58, '', '0', '2021-05-20 11:42:48', '2021-05-31 11:59:10'),
(73, 7, 47, 12, 53, 'completed', 'Pickup From Store', 'Cash', 16.00, 2.00, 'null', '14.616', '0,0', '32.842674,44.216516', '', '809 Ryan Underpass Apt. 224\nEast Uniquemouth, NV 09430', 0, NULL, '2021-05-21 – 09:37 AM', '2021-05-21 – 09:38 AM', 56, '', '0', '2021-05-20 11:49:29', '2021-05-20 11:49:29'),
(74, 8, 47, 12, 55, 'accepted', 'Pickup From Store', 'Cash', 16.00, 2.00, 'null', '5.8', '0,0', '32.842674,44.216516', '', '155 Chelsea Squares\nNew Diegobury, ME 17920', 0, NULL, NULL, NULL, 58, '', '0', '2021-05-20 11:54:09', '2021-05-31 11:59:14'),
(75, 9, 47, 12, 55, 'pickup', 'Pickup From Store', 'Cash', 16.00, 2.00, 'null', '5.8', '0,0', '32.842674,44.216516', '', '155 Chelsea Squares\nNew Diegobury, ME 17920', 0, NULL, '2021-06-27 – 18:45 PM', NULL, 58, '', '0', '2021-05-20 11:55:35', '2021-05-31 11:59:16'),
(76, 10, 47, 0, 53, 'pending', 'Pickup From Store', 'Cash', 16.00, 2.00, 'null', '14.616', '0,0', '32.842674,44.216516', '', '809 Ryan Underpass Apt. 224\nEast Uniquemouth, NV 09430', 0, NULL, NULL, NULL, 56, '', '0', '2021-05-20 12:11:46', '2021-05-20 12:11:46'),
(77, 11, 47, 0, 55, 'pending', 'Delivery', 'Cash', 16.00, 2.00, 'null', '5.8', '31.962906,35.9298891', '32.842674,44.216516', 'Al-Urdon St. 233, Amman, Jordan', '155 Chelsea Squares\nNew Diegobury, ME 17920', 0, NULL, NULL, NULL, 58, '', '0', '2021-05-23 05:22:53', '2021-05-23 05:22:53'),
(78, 12, 47, 0, 55, 'pending', 'Delivery', 'Cash', 16.00, 2.00, 'null', '5.8', '31.9633001,35.9290435', '32.842674,44.216516', 'Al-Urdon St. 226, Amman, Jordan', '155 Chelsea Squares\nNew Diegobury, ME 17920', 0, NULL, NULL, NULL, 58, '', '0', '2021-05-23 10:21:51', '2021-05-23 10:21:51'),
(79, 13, 47, 12, 71, 'accepted', 'Delivery', 'Cash', 16.00, 2.00, 'null', '46.632', '31.9630811,35.9305585', '33.749,44.216516', 'Al-Urdon St. 225, Amman, Jordan', '6012 Lourdes Crossing Suite 408\nSouth Mariaburgh, WI 33578-1571', 0, NULL, NULL, NULL, 74, '', '0', '2021-05-23 10:59:54', '2021-05-23 10:59:54'),
(80, 14, 47, 0, 55, 'accepted', 'Pickup From Store', 'Cash', 16.00, 2.00, 'null', '5.8', '0,0', '32.842674,44.216516', '', '155 Chelsea Squares\nNew Diegobury, ME 17920', 0, NULL, NULL, NULL, 58, '', '0', '2021-05-23 11:06:08', '2021-05-31 11:59:21'),
(82, 15, 44, 0, 33, 'pending', 'Pickup From Store', 'Cash', 16.00, 2.00, 'null', '5.8', '0,0', '32.842674,44.216516', '', '42953 Rickey Forks\nEast Quentinfort, MI 19486-9649', 0, 'abo sakher keef elwade3', NULL, NULL, 36, '', '0', '2021-06-01 06:38:50', '2021-06-01 06:38:50'),
(83, 16, 31, 0, 55, 'pending', 'Pickup From Store', 'Cash', 16.00, 2.00, 'null', '17.4', '0,0', '32.842674,44.216516', '', '155 Chelsea Squares\nNew Diegobury, ME 17920', 0, NULL, NULL, NULL, 58, '', '0', '2021-06-01 07:24:54', '2021-06-01 07:24:54'),
(84, 17, 31, 0, 227, 'pending', 'Pickup From Store', 'Cash', 16.00, 2.00, 'null', '31.088', '0,0', '33.749,-84.388', '', '31679 Aileen Mill\nAufderharshire, AL 17179-4283', 0, NULL, NULL, NULL, 27, '', '0', '2021-06-01 07:26:52', '2021-06-01 07:26:52'),
(85, 18, 42, 0, 2, 'Rejected', 'Pickup From Store', 'Cash', 16.00, 2.00, 'null', '98.136', '0,0', '32.842674,44.216516', '', '', 0, NULL, NULL, NULL, 5, '', '0', '2021-06-01 07:53:14', '2021-07-01 06:04:40'),
(86, 19, 44, 0, 53, 'pending', 'Pickup From Store', 'Cash', 16.00, 2.00, 'null', '14.616', '0,0', '32.842674,44.216516', '', '809 Ryan Underpass Apt. 224\nEast Uniquemouth, NV 09430', 0, 'hello', NULL, NULL, 56, '', '0', '2021-06-01 08:03:49', '2021-06-01 08:03:49'),
(87, 20, 52, 0, 1, 'pending', 'Pickup From Store', 'Cash', 20.00, 2.00, 'null', '15.12', '0,0', '32.842674,10.457361', '', '', 0, NULL, NULL, NULL, 8, '', '0', '2021-06-10 10:44:56', '2021-06-10 10:44:56'),
(88, 21, 52, 0, 1, 'pending', 'Pickup From Store', 'Cash', 20.00, 2.00, 'null', '84.48', '0,0', '32.842674,10.457361', '', '', 0, NULL, NULL, NULL, 8, '', '0', '2021-06-24 10:00:09', '2021-06-24 10:00:09');

-- --------------------------------------------------------

--
-- Table structure for table `order_addons`
--

CREATE TABLE `order_addons` (
  `id` bigint(20) UNSIGNED NOT NULL,
  `order_item_id` bigint(20) UNSIGNED NOT NULL,
  `topping_id` bigint(20) UNSIGNED NOT NULL,
  `created_at` timestamp NULL DEFAULT NULL,
  `updated_at` timestamp NULL DEFAULT NULL
) ENGINE=InnoDB DEFAULT CHARSET=utf8mb4 COLLATE=utf8mb4_unicode_ci;

--
-- Dumping data for table `order_addons`
--

INSERT INTO `order_addons` (`id`, `order_item_id`, `topping_id`, `created_at`, `updated_at`) VALUES
(17, 74, 217, '2021-05-20 09:54:14', '2021-05-20 09:54:14'),
(18, 97, 210, '2021-06-24 10:00:10', '2021-06-24 10:00:10');

-- --------------------------------------------------------

--
-- Table structure for table `order_drivers`
--

CREATE TABLE `order_drivers` (
  `id` bigint(20) UNSIGNED NOT NULL,
  `order_id` bigint(20) UNSIGNED NOT NULL,
  `driver_id` bigint(20) UNSIGNED NOT NULL,
  `status` varchar(15) COLLATE utf8mb4_unicode_ci NOT NULL COMMENT '	0-pending 1-accepted 2-pickup 3-completed 4-Rejected	',
  `created_at` timestamp NULL DEFAULT CURRENT_TIMESTAMP,
  `updated_at` timestamp NULL DEFAULT CURRENT_TIMESTAMP
) ENGINE=InnoDB DEFAULT CHARSET=utf8mb4 COLLATE=utf8mb4_unicode_ci;

--
-- Dumping data for table `order_drivers`
--

INSERT INTO `order_drivers` (`id`, `order_id`, `driver_id`, `status`, `created_at`, `updated_at`) VALUES
(67, 67, 12, 'reject', '2021-05-20 09:54:14', '2021-05-20 09:54:14'),
(68, 68, 12, 'reject', '2021-05-20 11:11:36', '2021-05-20 11:11:36'),
(72, 72, 12, 'pickup', '2021-05-20 11:42:48', '2021-05-20 11:42:48'),
(73, 73, 12, 'pickup', '2021-05-20 11:49:29', '2021-05-20 11:49:29'),
(74, 74, 12, 'accepted', '2021-05-20 11:54:09', '2021-05-20 11:54:09'),
(75, 75, 12, 'pickup', '2021-05-20 11:55:35', '2021-05-20 11:55:35'),
(76, 76, 12, 'pending', '2021-05-20 12:11:46', '2021-05-20 12:11:46'),
(77, 77, 12, 'pending', '2021-05-23 05:22:53', '2021-05-23 05:22:53'),
(78, 78, 12, 'pending', '2021-05-23 10:21:51', '2021-05-23 10:21:51'),
(79, 79, 12, 'accepted', '2021-05-23 10:59:54', '2021-05-23 10:59:54'),
(80, 80, 12, 'reject', '2021-05-23 11:06:08', '2021-05-23 11:06:08'),
(82, 82, 12, 'pending', '2021-06-01 06:38:50', '2021-06-01 06:38:50'),
(83, 83, 12, 'pending', '2021-06-01 07:24:54', '2021-06-01 07:24:54'),
(84, 84, 12, 'pending', '2021-06-01 07:26:52', '2021-06-01 07:26:52'),
(85, 85, 12, 'pending', '2021-06-01 07:53:14', '2021-06-01 07:53:14'),
(86, 86, 12, 'pending', '2021-06-01 08:03:49', '2021-06-01 08:03:49'),
(87, 87, 12, 'pending', '2021-06-10 10:44:56', '2021-06-10 10:44:56'),
(88, 88, 12, 'pending', '2021-06-24 10:00:09', '2021-06-24 10:00:09');

-- --------------------------------------------------------

--
-- Table structure for table `order_items`
--

CREATE TABLE `order_items` (
  `id` bigint(20) UNSIGNED NOT NULL,
  `order_id` bigint(20) UNSIGNED NOT NULL,
  `item_id` int(11) NOT NULL,
  `quantity` int(11) NOT NULL,
  `itemPrice` double(8,2) NOT NULL,
  `created_at` timestamp NULL DEFAULT NULL,
  `updated_at` timestamp NULL DEFAULT NULL
) ENGINE=InnoDB DEFAULT CHARSET=utf8mb4 COLLATE=utf8mb4_unicode_ci;

--
-- Dumping data for table `order_items`
--

INSERT INTO `order_items` (`id`, `order_id`, `item_id`, `quantity`, `itemPrice`, `created_at`, `updated_at`) VALUES
(74, 67, 95, 1, 225.60, '2021-05-20 09:54:14', '2021-05-20 09:54:14'),
(75, 67, 95, 1, 12.60, '2021-05-20 09:54:14', '2021-05-20 09:54:14'),
(76, 67, 702, 1, 12.00, '2021-05-20 09:54:14', '2021-05-20 09:54:14'),
(77, 68, 17, 1, 42.30, '2021-05-20 11:11:36', '2021-05-20 11:11:36'),
(78, 68, 328, 1, 5.00, '2021-05-20 11:27:47', '2021-05-20 11:27:47'),
(81, 72, 328, 1, 5.00, '2021-05-20 11:42:48', '2021-05-20 11:42:48'),
(82, 73, 62, 1, 12.60, '2021-05-20 11:49:29', '2021-05-20 11:49:29'),
(83, 74, 384, 1, 5.00, '2021-05-20 11:54:10', '2021-05-20 11:54:10'),
(84, 75, 384, 1, 5.00, '2021-05-20 11:55:35', '2021-05-20 11:55:35'),
(85, 76, 62, 1, 12.60, '2021-05-20 12:11:46', '2021-05-20 12:11:46'),
(86, 77, 328, 1, 5.00, '2021-05-23 05:22:53', '2021-05-23 05:22:53'),
(87, 78, 328, 1, 5.00, '2021-05-23 10:21:51', '2021-05-23 10:21:51'),
(88, 79, 28, 3, 13.40, '2021-05-23 10:59:54', '2021-05-23 10:59:54'),
(89, 80, 328, 1, 5.00, '2021-05-23 11:06:08', '2021-05-23 11:06:08'),
(91, 82, 41, 1, 5.00, '2021-06-01 06:38:50', '2021-06-01 06:38:50'),
(92, 83, 328, 3, 5.00, '2021-06-01 07:24:54', '2021-06-01 07:24:54'),
(93, 84, 688, 2, 13.40, '2021-06-01 07:26:52', '2021-06-01 07:26:52'),
(94, 85, 58, 2, 42.30, '2021-06-01 07:53:14', '2021-06-01 07:53:14'),
(95, 86, 62, 1, 12.60, '2021-06-01 08:03:49', '2021-06-01 08:03:49'),
(96, 87, 95, 1, 12.60, '2021-06-10 10:44:56', '2021-06-10 10:44:56'),
(97, 88, 95, 4, 17.60, '2021-06-24 10:00:09', '2021-06-24 10:00:09');

-- --------------------------------------------------------

--
-- Table structure for table `password_resets`
--

CREATE TABLE `password_resets` (
  `email` varchar(255) COLLATE utf8mb4_unicode_ci NOT NULL,
  `token` varchar(255) COLLATE utf8mb4_unicode_ci NOT NULL,
  `created_at` timestamp NULL DEFAULT NULL
) ENGINE=InnoDB DEFAULT CHARSET=utf8mb4 COLLATE=utf8mb4_unicode_ci;

-- --------------------------------------------------------

--
-- Table structure for table `pharmacies`
--

CREATE TABLE `pharmacies` (
  `id` bigint(20) UNSIGNED NOT NULL,
  `branche_id` bigint(20) UNSIGNED NOT NULL,
  `tax` double(8,2) NOT NULL,
  `pharmacies_Image` text COLLATE utf8mb4_unicode_ci NOT NULL,
  `status` int(11) NOT NULL COMMENT '0.InActive 1.Active',
  `city` varchar(255) COLLATE utf8mb4_unicode_ci NOT NULL,
  `lat` varchar(255) COLLATE utf8mb4_unicode_ci NOT NULL,
  `long` varchar(255) COLLATE utf8mb4_unicode_ci NOT NULL,
  `phone_number` varchar(255) COLLATE utf8mb4_unicode_ci NOT NULL,
  `delivery_free` int(11) DEFAULT '0' COMMENT '0.InActive 1.Active',
  `rating` float(5,1) DEFAULT '0.0',
  `order_count` int(11) DEFAULT NULL,
  `street_number` varchar(255) COLLATE utf8mb4_unicode_ci DEFAULT NULL,
  `street_name` varchar(255) COLLATE utf8mb4_unicode_ci DEFAULT NULL,
  `estimate_delivery_time` int(50) NOT NULL,
  `created_at` timestamp NULL DEFAULT NULL,
  `updated_at` timestamp NULL DEFAULT NULL,
  `RatingCount` int(11) NOT NULL,
  `OfferValue` float NOT NULL,
  `Offer_type` int(11) NOT NULL COMMENT '0.NoOffer 1.offer_parcent 2.offer_value'
) ENGINE=InnoDB DEFAULT CHARSET=utf8mb4 COLLATE=utf8mb4_unicode_ci;

--
-- Dumping data for table `pharmacies`
--

INSERT INTO `pharmacies` (`id`, `branche_id`, `tax`, `pharmacies_Image`, `status`, `city`, `lat`, `long`, `phone_number`, `delivery_free`, `rating`, `order_count`, `street_number`, `street_name`, `estimate_delivery_time`, `created_at`, `updated_at`, `RatingCount`, `OfferValue`, `Offer_type`) VALUES
(1, 201, 16.00, 'https://image.freepik.com/free-vector/polygonal-hexagon-logo_1061-517.jpg', 1, '645 Vance Motorway Suite 319Sauerburgh, ME 09908-1747', '32.842674', '10.457361', '226.858.8235', 0, 2.6, NULL, NULL, NULL, 20, '2021-03-25 11:45:44', '2021-05-08 08:36:50', 3000, 80, 1),
(2, 202, 16.00, 'https://image.freepik.com/free-vector/geometric-logo-hexagon-shape_1061-287.jpg', 1, '79235 Funk Glens Suite 941\nNew Constantin, IA 89102-9790', '33.7490', '10.457361', '+1-210-383-6534', 1, 2.6, NULL, NULL, NULL, 120, '2021-03-25 11:45:44', '2021-03-25 11:45:44', 10000, 70, 1),
(3, 203, 16.00, 'https://i.pinimg.com/564x/6f/19/4e/6f194ef5b71332bb46057a85ae9999fa.jpg', 1, '6269 Hammes Views Suite 637\nEast Joanne, KY 12550', '44.339565', '10.457361', '+18966169832', 1, 3.3, NULL, NULL, NULL, 120, '2021-03-25 11:45:44', '2021-03-25 11:45:44', 500, 70, 2),
(4, 204, 16.00, 'https://i.pinimg.com/originals/dc/f8/ee/dcf8ee40904250d56191b949952dc390.jpg', 1, '6074 Sven Inlet Apt. 978\nWest Domenicofurt, VT 02168', '33.7490', '-84.3880', '510-309-3989', 1, 2.6, NULL, NULL, NULL, 40, '2021-03-25 11:45:44', '2021-03-25 11:45:44', 100, 50, 0),
(5, 205, 16.00, 'https://as1.ftcdn.net/jpg/02/66/28/66/500_F_266286607_Ku44odWWjnmrzStPraO89xMPXV67IYGS.jpg', 1, '953 Murazik Shoals\nEast Maudie, WI 75256', '32.842674', '10.457361', '884.395.2850', 1, 3.4, NULL, NULL, NULL, 20, '2021-03-25 11:45:44', '2021-03-25 11:45:44', 3000, 50, 0),
(6, 206, 16.00, 'https://image.freepik.com/free-vector/pharmacy-logo_20448-239.jpg', 1, '292 Abigayle Islands\nPort Aaliyah, AR 08879-6561', '32.842674', '10.457361', '+1.527.541.8374', 1, 4.3, NULL, NULL, NULL, 40, '2021-03-25 11:45:44', '2021-03-25 11:45:44', 1000, 70, 0),
(7, 207, 16.00, 'https://i.pinimg.com/originals/a0/22/b1/a022b17a913c3252e583d5269a56afff.jpg', 1, '412 Kyler Flat\nBerneicefurt, TX 33280', '44.339565', '44.216516', '517-905-0238', 1, 2.6, NULL, NULL, NULL, 20, '2021-03-25 11:45:44', '2021-03-25 11:45:44', 6000, 60, 1),
(8, 208, 16.00, 'https://static.vecteezy.com/system/resources/previews/000/591/165/non_2x/pharmacy-medical-logo-natural-mortar-and-pestle-vector.jpg', 1, '16379 Laurence Circles Suite 141\nLarkinberg, AL 80154-1518', '32.842674', '-84.3880', '287-314-8595', 0, 3.3, NULL, NULL, NULL, 20, '2021-03-25 11:45:44', '2021-03-25 11:45:44', 3000, 80, 2),
(9, 209, 16.00, 'https://i.pinimg.com/564x/6f/19/4e/6f194ef5b71332bb46057a85ae9999fa.jpg', 1, '214 Bergnaum Haven Apt. 103\nNew Chauncey, CO 95656-6737', '33.7490', '44.216516', '+17208637513', 0, 4.9, NULL, NULL, NULL, 40, '2021-03-25 11:45:44', '2021-03-25 11:45:44', 3000, 80, 1),
(10, 210, 16.00, 'https://image.freepik.com/free-vector/colorful-hexagon-logo_1061-300.jpg', 1, '40834 Braeden Mountains\nWeissnatmouth, MN 01300', '32.842674', '10.457361', '925.343.2427', 0, 3.3, NULL, NULL, NULL, 20, '2021-03-25 11:45:44', '2021-03-25 11:45:44', 3000, 50, 2),
(11, 211, 16.00, 'https://i.pinimg.com/564x/6f/19/4e/6f194ef5b71332bb46057a85ae9999fa.jpg', 1, '1848 Cathy Creek Apt. 589\nRomagueraview, AR 86007', '33.7490', '44.216516', '+1.823.533.2618', 0, 2.3, NULL, NULL, NULL, 60, '2021-03-25 11:45:44', '2021-03-25 11:45:44', 2000, 70, 0),
(12, 212, 16.00, 'https://image.shutterstock.com/image-vector/medical-pharmacy-logo-design-template-260nw-287587964.jpg', 1, '161 Green Streets\nAbbigailtown, KY 20550-3319', '33.7490', '44.216516', '+1 (759) 296-4512', 0, 5.0, NULL, NULL, NULL, 60, '2021-03-25 11:45:44', '2021-03-25 11:45:44', 10000, 90, 2),
(13, 213, 16.00, 'https://image.freepik.com/free-vector/polygonal-hexagon-logo_1061-517.jpg', 1, '27649 Gilbert Flats Suite 140\nBoehmmouth, FL 83693-9564', '44.339565', '10.457361', '+19864122562', 0, 2.3, NULL, NULL, NULL, 30, '2021-03-25 11:45:44', '2021-03-25 11:45:44', 100, 90, 0),
(14, 214, 16.00, 'https://www.designevo.com/res/templates/thumb_small/green-leaf-and-capsule.png', 1, '69236 Gislason Villages\nEast Gardnerbury, IN 58071-4218', '32.842674', '-84.3880', '1-206-232-6168', 0, 5.0, NULL, NULL, NULL, 20, '2021-03-25 11:45:44', '2021-03-25 11:45:44', 200, 80, 2),
(15, 215, 16.00, 'https://www.designevo.com/res/templates/thumb_small/green-leaf-and-capsule.png', 1, '74429 Stephany Mountain\nSouth Isadorebury, MD 08946', '32.842674', '10.457361', '+1-741-435-2310', 1, 1.3, NULL, NULL, NULL, 120, '2021-03-25 11:45:44', '2021-03-25 11:45:44', 10000, 60, 2),
(16, 216, 16.00, 'https://i.pinimg.com/564x/6f/19/4e/6f194ef5b71332bb46057a85ae9999fa.jpg', 1, '65087 Brian Mall\nNorth Ryleighport, PA 26098', '33.7490', '-84.3880', '1-427-356-5898', 1, 2.6, NULL, NULL, NULL, 40, '2021-03-25 11:45:44', '2021-03-25 11:45:44', 6000, 70, 0),
(17, 217, 16.00, 'https://assets.materialup.com/uploads/3cee0f2b-ba43-48f1-a775-9c76740837e4/pharmacy.jpg', 1, '124 Oberbrunner Centers\nNoemiburgh, KS 73423-6401', '32.842674', '-84.3880', '+1-406-998-7694', 1, 3.3, NULL, NULL, NULL, 60, '2021-03-25 11:45:44', '2021-03-25 11:45:44', 100, 80, 1),
(18, 218, 16.00, 'https://as2.ftcdn.net/jpg/00/43/18/40/1000_F_43184012_czl8sHFUhqjimjUEwrzyO1tregnrpwwI.jpg', 1, '158 Carter Keys Apt. 633\nLowemouth, MT 82403', '33.7490', '10.457361', '+1 (660) 727-1249', 0, 3.4, NULL, NULL, NULL, 60, '2021-03-25 11:45:44', '2021-03-25 11:45:44', 10000, 90, 2),
(19, 219, 16.00, 'https://i.pinimg.com/564x/6f/19/4e/6f194ef5b71332bb46057a85ae9999fa.jpg', 1, '94649 Gutkowski Mill Suite 224\nLempitown, MD 54760', '33.7490', '-84.3880', '(960) 680-1312', 0, 5.0, NULL, NULL, NULL, 120, '2021-03-25 11:45:44', '2021-03-25 11:45:44', 100, 80, 1),
(20, 220, 16.00, 'https://i.pinimg.com/236x/ad/96/b8/ad96b85903dbec11acb40cd8948effce.jpg', 1, '56389 Gutmann Court\nWest Cyrilfurt, AR 47636-4019', '44.339565', '10.457361', '+1 (563) 487-8926', 1, 4.3, NULL, NULL, NULL, 20, '2021-03-25 11:45:44', '2021-03-25 11:45:44', 200, 60, 2),
(21, 221, 16.00, 'https://i.pinimg.com/564x/6f/19/4e/6f194ef5b71332bb46057a85ae9999fa.jpg', 1, '8935 Lysanne Row Apt. 479\nCristbury, MN 22589', '44.339565', '10.457361', '+1-846-261-1200', 0, 4.9, NULL, NULL, NULL, 120, '2021-03-25 11:45:44', '2021-03-25 11:45:44', 2000, 60, 1),
(22, 222, 16.00, 'https://i.pinimg.com/564x/ec/e1/80/ece1805ecd14f65d5a011a6e81d1448d.jpg', 1, '6060 Maximo Mall\nWest Aliburgh, LA 18241-8335', '33.7490', '44.216516', '+1-251-972-0105', 0, 3.4, NULL, NULL, NULL, 60, '2021-03-25 11:45:44', '2021-03-25 11:45:44', 10000, 70, 1),
(23, 223, 16.00, 'https://i.pinimg.com/originals/26/a5/e1/26a5e1a57b0780c92bfa275431631b36.jpg', 1, '502 Alfred Rest Suite 647\nKorymouth, NC 22164', '44.339565', '10.457361', '767-598-5041', 1, 3.3, NULL, NULL, NULL, 20, '2021-03-25 11:45:44', '2021-03-25 11:45:44', 200, 60, 2),
(24, 224, 16.00, 'https://static.rfstat.com/renderforest/images/v2/landing-pics/logo_landing/Pharmacy/pharmacy_logo_3.png', 1, '16486 Fern Plains Apt. 959\nKesslerview, MD 27453', '33.7490', '10.457361', '386-413-4589', 0, 2.3, NULL, NULL, NULL, 20, '2021-03-25 11:45:44', '2021-03-25 11:45:44', 1000, 90, 1),
(25, 225, 16.00, 'https://static.rfstat.com/renderforest/images/v2/landing-pics/logo_landing/Pharmacy/pharmacy_logo_3.png', 1, '57092 Grimes Creek\nKlington, MT 44661', '32.842674', '44.216516', '874.261.2762', 0, 3.3, NULL, NULL, NULL, 60, '2021-03-25 11:45:44', '2021-03-25 11:45:44', 3000, 70, 0),
(26, 226, 16.00, 'https://image.freepik.com/free-vector/polygonal-hexagon-logo_1061-517.jpg', 1, '612 Jeanne Green Apt. 365\nMeghanburgh, MD 44409', '32.842674', '-84.3880', '+1 (953) 241-5984', 1, 1.3, NULL, NULL, NULL, 40, '2021-03-25 11:45:44', '2021-03-25 11:45:44', 3000, 60, 0),
(27, 227, 16.00, 'https://static.vecteezy.com/system/resources/previews/000/591/165/non_2x/pharmacy-medical-logo-natural-mortar-and-pestle-vector.jpg', 1, '31679 Aileen Mill\nAufderharshire, AL 17179-4283', '33.7490', '-84.3880', '(660) 780-3068', 1, 1.3, NULL, NULL, NULL, 60, '2021-03-25 11:45:44', '2021-03-25 11:45:44', 2000, 50, 0),
(28, 228, 16.00, 'https://i.pinimg.com/236x/ad/96/b8/ad96b85903dbec11acb40cd8948effce.jpg', 1, '932 Hudson Orchard\nKreigershire, AK 60616', '33.7490', '44.216516', '+1-741-575-3021', 1, 5.0, NULL, NULL, NULL, 40, '2021-03-25 11:45:44', '2021-03-25 11:45:44', 10000, 60, 2),
(29, 229, 16.00, 'https://cdn2.f-cdn.com/contestentries/1812257/39541797/5f4a6ce5a81a8_thumb900.jpg', 1, '8442 Stroman Shoals Suite 388\nFraneckimouth, NV 05025', '32.842674', '-84.3880', '(343) 754-3118', 1, 4.9, NULL, NULL, NULL, 20, '2021-03-25 11:45:44', '2021-03-25 11:45:44', 100, 90, 0),
(30, 230, 16.00, 'https://image.shutterstock.com/image-vector/pharmacy-icon-vector-green-snake-260nw-584717239.jpg', 1, '2484 Aufderhar Plain\nEast Alejandrinton, PA 69287-8593', '32.842674', '-84.3880', '+1 (574) 651-0791', 0, 2.3, NULL, NULL, NULL, 20, '2021-03-25 11:45:44', '2021-03-25 11:45:44', 3000, 70, 2),
(31, 231, 16.00, 'https://image.freepik.com/free-vector/colorful-hexagon-logo_1061-300.jpg', 1, '445 Kerluke Ports\nBlanchetown, DE 05685', '44.339565', '-84.3880', '893-508-4136', 0, 3.4, NULL, NULL, NULL, 30, '2021-03-25 11:45:44', '2021-03-25 11:45:44', 100, 50, 0),
(32, 232, 16.00, 'https://as1.ftcdn.net/jpg/02/66/28/66/500_F_266286607_Ku44odWWjnmrzStPraO89xMPXV67IYGS.jpg', 1, '43237 Schamberger Village Suite 222\nParkerberg, CA 16231-2942', '44.339565', '44.216516', '+1-754-202-4647', 0, 4.9, NULL, NULL, NULL, 20, '2021-03-25 11:45:44', '2021-03-25 11:45:44', 2000, 50, 1),
(33, 233, 16.00, 'https://i.pinimg.com/564x/ec/e1/80/ece1805ecd14f65d5a011a6e81d1448d.jpg', 1, '1728 Balistreri Rue Apt. 372\nSouth Taliafurt, CA 88195', '33.7490', '10.457361', '818-401-5678', 0, 3.4, NULL, NULL, NULL, 40, '2021-03-25 11:45:44', '2021-03-25 11:45:44', 500, 80, 1),
(34, 234, 16.00, 'https://www.designevo.com/res/templates/thumb_small/green-leaf-and-capsule.png', 1, '9001 Wisozk Bridge Suite 143\nPort Karianechester, HI 37055-5695', '44.339565', '10.457361', '+17452081172', 0, 3.3, NULL, NULL, NULL, 40, '2021-03-25 11:45:44', '2021-03-25 11:45:44', 100, 50, 1),
(35, 235, 16.00, 'https://image.freepik.com/free-vector/pharmacy-logo_20448-239.jpg', 1, '5653 Randall Vista Suite 505\nSouth Kara, IN 12679-7862', '33.7490', '10.457361', '1-728-932-4599', 1, 1.3, NULL, NULL, NULL, 40, '2021-03-25 11:45:44', '2021-03-25 11:45:44', 500, 50, 0),
(36, 236, 16.00, 'https://as1.ftcdn.net/jpg/02/66/28/66/500_F_266286607_Ku44odWWjnmrzStPraO89xMPXV67IYGS.jpg', 1, '6321 Bogan Forks\nReeceberg, NH 40482', '33.7490', '-84.3880', '(427) 995-6387', 1, 2.6, NULL, NULL, NULL, 20, '2021-03-25 11:45:44', '2021-03-25 11:45:44', 100, 70, 1),
(37, 237, 16.00, 'https://www.designevo.com/res/templates/thumb_small/green-leaf-and-capsule.png', 1, '1358 Delores Stravenue\nWest Keshawn, ND 20608-3191', '32.842674', '44.216516', '(661) 679-1725', 1, 2.6, NULL, NULL, NULL, 120, '2021-03-25 11:45:44', '2021-03-25 11:45:44', 3000, 50, 1),
(38, 238, 16.00, 'https://static.rfstat.com/renderforest/images/v2/landing-pics/logo_landing/Pharmacy/pharmacy_logo_3.png', 1, '9022 Kari Drive\nEast Kiraborough, CA 95093-5102', '33.7490', '-84.3880', '584.881.8481', 0, 5.0, NULL, NULL, NULL, 30, '2021-03-25 11:45:44', '2021-03-25 11:45:44', 200, 60, 2),
(39, 239, 16.00, 'https://image.shutterstock.com/image-vector/pharmacy-logo-template-260nw-788660629.jpg', 1, '11026 Johan Loaf\nPort Ward, NV 63391-1737', '32.842674', '10.457361', '+1 (469) 588-5980', 1, 3.3, NULL, NULL, NULL, 120, '2021-03-25 11:45:44', '2021-03-25 11:45:44', 3000, 50, 0),
(40, 240, 16.00, 'https://i.pinimg.com/564x/6f/19/4e/6f194ef5b71332bb46057a85ae9999fa.jpg', 1, '4290 Bosco Avenue Suite 517\nNadershire, LA 17361', '32.842674', '-84.3880', '+1.545.267.5825', 1, 3.3, NULL, NULL, NULL, 30, '2021-03-25 11:45:44', '2021-03-25 11:45:44', 6000, 80, 1),
(41, 241, 16.00, 'https://i.pinimg.com/originals/26/a5/e1/26a5e1a57b0780c92bfa275431631b36.jpg', 1, '67908 Kohler Road Apt. 961\nMadilynland, SC 80193', '32.842674', '44.216516', '1-265-401-8292', 0, 2.6, NULL, NULL, NULL, 60, '2021-03-25 11:45:44', '2021-03-25 11:45:44', 100, 90, 1),
(42, 242, 16.00, 'https://as2.ftcdn.net/jpg/00/43/18/40/1000_F_43184012_czl8sHFUhqjimjUEwrzyO1tregnrpwwI.jpg', 1, '70904 Morar Hill Apt. 462\nTremblaytown, UT 18680', '33.7490', '-84.3880', '+1-775-558-8667', 0, 2.6, NULL, NULL, NULL, 120, '2021-03-25 11:45:44', '2021-03-25 11:45:44', 500, 60, 1),
(43, 243, 16.00, 'https://i.pinimg.com/564x/b8/86/09/b8860936363beffa599ce0402dba65e5.jpg', 1, '569 Gerlach Station\nLake Adrien, IL 69743-5409', '32.842674', '-84.3880', '+1 (815) 269-7993', 0, 5.0, NULL, NULL, NULL, 30, '2021-03-25 11:45:44', '2021-03-25 11:45:44', 3000, 50, 0),
(44, 244, 16.00, 'https://i.pinimg.com/originals/26/a5/e1/26a5e1a57b0780c92bfa275431631b36.jpg', 1, '134 Hayes Dale\nRaynorburgh, KY 09121-2235', '33.7490', '10.457361', '+1-394-235-9500', 1, 4.9, NULL, NULL, NULL, 20, '2021-03-25 11:45:44', '2021-03-25 11:45:44', 200, 50, 1),
(45, 245, 16.00, 'https://i.pinimg.com/originals/26/a5/e1/26a5e1a57b0780c92bfa275431631b36.jpg', 1, '43340 Sporer Plaza Suite 537\nGlennafurt, AZ 68424', '32.842674', '10.457361', '+1-974-230-7271', 0, 2.6, NULL, NULL, NULL, 20, '2021-03-25 11:45:44', '2021-03-25 11:45:44', 100, 70, 0),
(46, 246, 16.00, 'https://i.pinimg.com/originals/a0/22/b1/a022b17a913c3252e583d5269a56afff.jpg', 1, '85094 Gislason Greens Suite 765\nNorth Larissa, IA 76469-8789', '33.7490', '44.216516', '1-815-435-3375', 1, 2.3, NULL, NULL, NULL, 40, '2021-03-25 11:45:44', '2021-03-25 11:45:44', 10000, 60, 0),
(47, 247, 16.00, 'https://image.shutterstock.com/image-vector/pharmacy-logo-template-260nw-788660629.jpg', 1, '13570 Grimes Springs Suite 053\nJosefahaven, ND 10204-2357', '44.339565', '-84.3880', '1-870-540-3071', 1, 5.0, NULL, NULL, NULL, 30, '2021-03-25 11:45:44', '2021-03-25 11:45:44', 100, 70, 2),
(48, 248, 16.00, 'https://image.shutterstock.com/image-vector/pharmacy-logo-template-260nw-788660629.jpg', 1, '50822 Isadore Lodge\nWest Saigefurt, CO 96407-9186', '32.842674', '10.457361', '708.624.3862', 1, 5.0, NULL, NULL, NULL, 60, '2021-03-25 11:45:44', '2021-03-25 11:45:44', 2000, 90, 0),
(49, 249, 16.00, 'https://image.shutterstock.com/image-vector/pharmacy-logo-template-260nw-788660629.jpg', 1, '4808 Ada Land Apt. 945\nDanialshire, MT 98539-2438', '32.842674', '44.216516', '1-630-386-1065', 0, 2.3, NULL, NULL, NULL, 20, '2021-03-25 11:45:44', '2021-03-25 11:45:44', 1000, 60, 0),
(50, 250, 16.00, 'https://i.pinimg.com/564x/ec/e1/80/ece1805ecd14f65d5a011a6e81d1448d.jpg', 1, '2073 Langworth Harbor Apt. 049\nAriannaton, OK 05339-4494', '32.842674', '-84.3880', '+1 (610) 760-1801', 0, 5.0, NULL, NULL, NULL, 40, '2021-03-25 11:45:44', '2021-03-25 11:45:44', 10000, 70, 1),
(51, 251, 16.00, 'https://i.pinimg.com/236x/ad/96/b8/ad96b85903dbec11acb40cd8948effce.jpg', 1, '7489 Borer Court\nSouth Landenburgh, MA 62035', '44.339565', '10.457361', '(387) 838-9332', 1, 5.0, NULL, NULL, NULL, 40, '2021-03-25 11:45:44', '2021-03-25 11:45:44', 500, 70, 0),
(52, 252, 16.00, 'https://cdn3.f-cdn.com/contestentries/1437743/26893310/5bd360e9d4d95_thumb900.jpg', 1, '615 Braxton Center\nMantehaven, VT 35005-9928', '33.7490', '-84.3880', '+1.996.996.1091', 0, 2.6, NULL, NULL, NULL, 40, '2021-03-25 11:45:44', '2021-03-25 11:45:44', 200, 90, 2),
(53, 253, 16.00, 'https://as2.ftcdn.net/jpg/00/43/18/40/1000_F_43184012_czl8sHFUhqjimjUEwrzyO1tregnrpwwI.jpg', 1, '14150 Keven Isle Suite 505\nNorth Ottis, NJ 95532-9691', '32.842674', '10.457361', '+14394619548', 0, 3.4, NULL, NULL, NULL, 60, '2021-03-25 11:45:44', '2021-03-25 11:45:44', 1000, 70, 2),
(54, 254, 16.00, 'https://image.freepik.com/free-vector/pharmacy-logo_20448-239.jpg', 1, '46158 Hand Burgs Apt. 473\nJenkinsberg, LA 86708', '44.339565', '-84.3880', '467.331.3322', 0, 3.4, NULL, NULL, NULL, 40, '2021-03-25 11:45:44', '2021-03-25 11:45:44', 200, 50, 1),
(55, 255, 16.00, 'https://image.shutterstock.com/image-vector/pharmacy-icon-vector-green-snake-260nw-584717239.jpg', 1, '2890 Schaden Turnpike\nNorth Kavon, WA 59859-9738', '32.842674', '-84.3880', '726-212-4550', 1, 4.3, NULL, NULL, NULL, 30, '2021-03-25 11:45:44', '2021-03-25 11:45:44', 6000, 60, 0),
(56, 256, 16.00, 'https://i.pinimg.com/originals/a0/22/b1/a022b17a913c3252e583d5269a56afff.jpg', 1, '54176 Margaretta Mills\nWest Chance, MO 19409', '32.842674', '-84.3880', '+1-946-385-5344', 0, 5.0, NULL, NULL, NULL, 20, '2021-03-25 11:45:44', '2021-03-25 11:45:44', 1000, 50, 0),
(57, 257, 16.00, 'https://i.pinimg.com/236x/ad/96/b8/ad96b85903dbec11acb40cd8948effce.jpg', 1, '2037 Schulist Islands\nEast Norma, WA 13284-6878', '44.339565', '44.216516', '423.229.5326', 1, 4.3, NULL, NULL, NULL, 60, '2021-03-25 11:45:44', '2021-03-25 11:45:44', 3000, 50, 2),
(58, 258, 16.00, 'https://image.freepik.com/free-vector/polygonal-hexagon-logo_1061-517.jpg', 1, '99676 Kohler Brooks\nIsidroshire, MT 32014-1821', '32.842674', '-84.3880', '(504) 230-3575', 1, 3.4, NULL, NULL, NULL, 60, '2021-03-25 11:45:44', '2021-03-25 11:45:44', 3000, 80, 1),
(59, 259, 16.00, 'https://i.pinimg.com/564x/ec/e1/80/ece1805ecd14f65d5a011a6e81d1448d.jpg', 1, '92518 Witting Skyway\nMarleyview, MN 54676', '32.842674', '-84.3880', '+1.982.200.5263', 0, 1.3, NULL, NULL, NULL, 120, '2021-03-25 11:45:44', '2021-03-25 11:45:44', 10000, 50, 2),
(60, 260, 16.00, 'https://image.freepik.com/free-vector/geometric-logo-hexagon-shape_1061-287.jpg', 1, '558 McLaughlin Terrace Apt. 173\nTremaynefurt, TX 66152', '33.7490', '44.216516', '+1-551-404-1012', 0, 3.4, NULL, NULL, NULL, 20, '2021-03-25 11:45:44', '2021-03-25 11:45:44', 6000, 80, 0),
(61, 261, 16.00, 'https://as1.ftcdn.net/jpg/02/66/28/66/500_F_266286607_Ku44odWWjnmrzStPraO89xMPXV67IYGS.jpg', 1, '4063 Kuhn Skyway Suite 324\nLake Marielabury, MA 15657-3103', '33.7490', '-84.3880', '723-852-7080', 0, 4.9, NULL, NULL, NULL, 120, '2021-03-25 11:45:44', '2021-03-25 11:45:44', 6000, 50, 2),
(62, 262, 16.00, 'https://as1.ftcdn.net/jpg/02/66/28/66/500_F_266286607_Ku44odWWjnmrzStPraO89xMPXV67IYGS.jpg', 1, '2547 Hauck Prairie Apt. 675\nNitzscheland, ID 64947', '33.7490', '-84.3880', '+1-970-982-4048', 1, 4.3, NULL, NULL, NULL, 40, '2021-03-25 11:45:44', '2021-03-25 11:45:44', 2000, 50, 0),
(63, 263, 16.00, 'https://i.pinimg.com/564x/ec/e1/80/ece1805ecd14f65d5a011a6e81d1448d.jpg', 1, '510 Buckridge Lodge\nPort Milanborough, MN 37716', '32.842674', '10.457361', '1-572-725-7381', 0, 3.4, NULL, NULL, NULL, 30, '2021-03-25 11:45:44', '2021-03-25 11:45:44', 10000, 80, 1),
(64, 264, 16.00, 'https://i.pinimg.com/564x/ec/e1/80/ece1805ecd14f65d5a011a6e81d1448d.jpg', 1, '17672 Clark Squares Apt. 688\nMargarettview, WV 30940-3800', '32.842674', '-84.3880', '(829) 746-0166', 1, 3.3, NULL, NULL, NULL, 20, '2021-03-25 11:45:44', '2021-03-25 11:45:44', 200, 80, 0),
(65, 265, 16.00, 'https://www.designevo.com/res/templates/thumb_small/green-leaf-and-capsule.png', 1, '3210 Dickens Springs\nTownehaven, SD 73895-1424', '32.842674', '10.457361', '+1-720-538-1516', 1, 1.3, NULL, NULL, NULL, 30, '2021-03-25 11:45:44', '2021-03-25 11:45:44', 6000, 50, 0),
(66, 266, 16.00, 'https://i.pinimg.com/564x/ec/e1/80/ece1805ecd14f65d5a011a6e81d1448d.jpg', 1, '94941 Garrick Springs Apt. 624\nNorth Ewald, UT 62311-9518', '32.842674', '-84.3880', '(897) 545-8100', 1, 1.3, NULL, NULL, NULL, 40, '2021-03-25 11:45:44', '2021-03-25 11:45:44', 10000, 80, 1),
(67, 267, 16.00, 'https://cdn2.f-cdn.com/contestentries/1812257/39541797/5f4a6ce5a81a8_thumb900.jpg', 1, '23569 Myrtis Wells Suite 961\nNorth Lenorefort, ID 39279', '44.339565', '44.216516', '512-226-9080', 1, 2.3, NULL, NULL, NULL, 120, '2021-03-25 11:45:44', '2021-03-25 11:45:44', 100, 60, 2),
(68, 268, 16.00, 'https://as2.ftcdn.net/jpg/00/43/18/40/1000_F_43184012_czl8sHFUhqjimjUEwrzyO1tregnrpwwI.jpg', 1, '90336 Alysson Loop Suite 992\nLake Eunaton, AZ 35703-8530', '32.842674', '10.457361', '(920) 320-6072', 0, 3.3, NULL, NULL, NULL, 20, '2021-03-25 11:45:44', '2021-03-25 11:45:44', 6000, 80, 2),
(69, 269, 16.00, 'https://image.freepik.com/free-vector/colorful-hexagon-logo_1061-300.jpg', 1, '895 Allie Fort\nNorth Felix, NM 34514-5845', '33.7490', '44.216516', '+1-997-407-9403', 0, 3.3, NULL, NULL, NULL, 40, '2021-03-25 11:45:44', '2021-03-25 11:45:44', 2000, 90, 0),
(70, 270, 16.00, 'https://i.pinimg.com/564x/ec/e1/80/ece1805ecd14f65d5a011a6e81d1448d.jpg', 1, '9680 Jaren Greens\nAnkundingmouth, UT 17835', '33.7490', '10.457361', '1-989-759-3468', 1, 3.3, NULL, NULL, NULL, 40, '2021-03-25 11:45:44', '2021-03-25 11:45:44', 500, 70, 1),
(71, 271, 16.00, 'https://www.designevo.com/res/templates/thumb_small/green-leaf-and-capsule.png', 1, '5004 Kayli Port\nBeahanstad, MN 79448', '33.7490', '10.457361', '417-692-1062', 0, 1.3, NULL, NULL, NULL, 40, '2021-03-25 11:45:44', '2021-03-25 11:45:44', 100, 70, 1),
(72, 272, 16.00, 'https://i.pinimg.com/564x/b8/86/09/b8860936363beffa599ce0402dba65e5.jpg', 1, '98270 Ernser Cliff Suite 780\nNorth Keagan, LA 69651', '32.842674', '10.457361', '+1-319-765-3445', 0, 2.6, NULL, NULL, NULL, 40, '2021-03-25 11:45:44', '2021-03-25 11:45:44', 6000, 50, 1),
(73, 273, 16.00, 'https://assets.materialup.com/uploads/3cee0f2b-ba43-48f1-a775-9c76740837e4/pharmacy.jpg', 1, '52094 Krajcik Causeway\nO\'Connellview, GA 56731-4026', '33.7490', '44.216516', '1-534-972-6915', 0, 2.6, NULL, NULL, NULL, 120, '2021-03-25 11:45:44', '2021-03-25 11:45:44', 2000, 80, 1),
(74, 274, 16.00, 'https://image.shutterstock.com/image-vector/pharmacy-icon-vector-green-snake-260nw-584717239.jpg', 1, '2356 Predovic Cliffs Apt. 985\nDeronberg, TN 52825', '33.7490', '10.457361', '1-735-599-7924', 0, 3.3, NULL, NULL, NULL, 30, '2021-03-25 11:45:44', '2021-03-25 11:45:44', 500, 60, 1),
(75, 275, 16.00, 'https://i.pinimg.com/564x/6f/19/4e/6f194ef5b71332bb46057a85ae9999fa.jpg', 1, '9340 Hellen Shores\nNorth Colbybury, OR 76377', '44.339565', '44.216516', '350-415-1623', 0, 3.3, NULL, NULL, NULL, 20, '2021-03-25 11:45:44', '2021-03-25 11:45:44', 100, 70, 2),
(76, 276, 16.00, 'https://i.pinimg.com/564x/ec/e1/80/ece1805ecd14f65d5a011a6e81d1448d.jpg', 1, '44013 Kira Radial\nKendrickside, DC 79435', '44.339565', '-84.3880', '+1-504-353-9015', 1, 2.6, NULL, NULL, NULL, 30, '2021-03-25 11:45:44', '2021-03-25 11:45:44', 500, 70, 0),
(77, 277, 16.00, 'https://cdn3.f-cdn.com/contestentries/1437743/26893310/5bd360e9d4d95_thumb900.jpg', 1, '5210 Hodkiewicz Mountains Suite 277\nMelisaview, MO 55840', '44.339565', '10.457361', '+1-338-974-7976', 1, 4.3, NULL, NULL, NULL, 30, '2021-03-25 11:45:44', '2021-03-25 11:45:44', 100, 90, 1),
(78, 278, 16.00, 'https://logomine.co/wp-content/uploads/2018/10/Untitled-48-01-600x600.jpg', 1, '29359 Carroll Falls Apt. 999\nHayesshire, SD 41690', '44.339565', '-84.3880', '1-246-321-4529', 1, 4.3, NULL, NULL, NULL, 120, '2021-03-25 11:45:44', '2021-03-25 11:45:44', 6000, 70, 1),
(79, 279, 16.00, 'https://image.shutterstock.com/image-vector/pharmacy-logo-template-260nw-788660629.jpg', 1, '42719 Rickie Locks\nO\'Keefeville, CT 56926', '33.7490', '44.216516', '1-420-303-7545', 1, 2.3, NULL, NULL, NULL, 40, '2021-03-25 11:45:44', '2021-03-25 11:45:44', 3000, 60, 1),
(80, 280, 16.00, 'https://assets.materialup.com/uploads/3cee0f2b-ba43-48f1-a775-9c76740837e4/pharmacy.jpg', 1, '833 Reginald Rapids\nLake Keith, DE 52543-6597', '44.339565', '44.216516', '587-202-1764', 1, 2.6, NULL, NULL, NULL, 60, '2021-03-25 11:45:44', '2021-03-25 11:45:44', 100, 70, 2),
(81, 281, 16.00, 'https://image.freepik.com/free-vector/polygonal-hexagon-logo_1061-517.jpg', 1, '76906 Lisandro Crest Suite 852\nBodeberg, TX 26629-8681', '32.842674', '-84.3880', '386.972.2311', 0, 2.6, NULL, NULL, NULL, 30, '2021-03-25 11:45:44', '2021-03-25 11:45:44', 100, 80, 1),
(82, 282, 16.00, 'https://image.shutterstock.com/image-vector/pharmacy-icon-vector-green-snake-260nw-584717239.jpg', 1, '6984 Spinka Run Apt. 726\nVelmaland, CO 18309-7232', '32.842674', '44.216516', '+1 (379) 862-6144', 1, 2.6, NULL, NULL, NULL, 40, '2021-03-25 11:45:44', '2021-03-25 11:45:44', 3000, 60, 0),
(83, 283, 16.00, 'https://image.shutterstock.com/image-vector/medical-pharmacy-logo-design-template-260nw-287587964.jpg', 1, '36289 Kathryne Lodge Apt. 913\nWisokyhaven, SD 26781', '33.7490', '44.216516', '+1-730-382-4118', 0, 3.4, NULL, NULL, NULL, 20, '2021-03-25 11:45:44', '2021-03-25 11:45:44', 10000, 90, 0),
(84, 284, 16.00, 'https://i.pinimg.com/564x/6f/19/4e/6f194ef5b71332bb46057a85ae9999fa.jpg', 1, '234 Gerhold Extensions Suite 313\nLake Lance, IL 86927', '33.7490', '44.216516', '774-279-3166', 0, 3.4, NULL, NULL, NULL, 120, '2021-03-25 11:45:44', '2021-03-25 11:45:44', 1000, 70, 1),
(85, 285, 16.00, 'https://as1.ftcdn.net/jpg/02/66/28/66/500_F_266286607_Ku44odWWjnmrzStPraO89xMPXV67IYGS.jpg', 1, '26570 Effertz Underpass\nClaudieshire, IL 75315', '44.339565', '-84.3880', '+1-665-224-4017', 1, 3.3, NULL, NULL, NULL, 40, '2021-03-25 11:45:44', '2021-03-25 11:45:44', 10000, 80, 1),
(86, 286, 16.00, 'https://as2.ftcdn.net/jpg/00/43/18/40/1000_F_43184012_czl8sHFUhqjimjUEwrzyO1tregnrpwwI.jpg', 1, '5892 Little Shores Suite 548\nNew Lavonne, VA 57297-3706', '32.842674', '44.216516', '(542) 831-1542', 0, 1.3, NULL, NULL, NULL, 20, '2021-03-25 11:45:44', '2021-03-25 11:45:44', 6000, 50, 0),
(87, 287, 16.00, 'https://image.freepik.com/free-vector/polygonal-hexagon-logo_1061-517.jpg', 1, '3492 Evans Circle Suite 340\nFadelport, NH 19879', '32.842674', '44.216516', '1-479-638-9524', 0, 4.3, NULL, NULL, NULL, 30, '2021-03-25 11:45:44', '2021-03-25 11:45:44', 100, 90, 2),
(88, 288, 16.00, 'https://i.pinimg.com/originals/dc/f8/ee/dcf8ee40904250d56191b949952dc390.jpg', 1, '166 Simonis Fort\nPietroside, WY 34790', '44.339565', '44.216516', '1-518-857-7405', 1, 4.9, NULL, NULL, NULL, 60, '2021-03-25 11:45:44', '2021-03-25 11:45:44', 10000, 80, 0),
(89, 289, 16.00, 'https://image.shutterstock.com/image-vector/pharmacy-logo-template-260nw-788660629.jpg', 1, '42383 Madison Forest\nPort Lenna, HI 26901', '33.7490', '10.457361', '+1-414-868-4814', 0, 5.0, NULL, NULL, NULL, 60, '2021-03-25 11:45:44', '2021-03-25 11:45:44', 10000, 60, 0),
(90, 290, 16.00, 'https://static.vecteezy.com/system/resources/previews/000/591/165/non_2x/pharmacy-medical-logo-natural-mortar-and-pestle-vector.jpg', 1, '8041 Auer Village\nNew Eliezer, NM 88626-1094', '32.842674', '10.457361', '+14865794631', 1, 2.6, NULL, NULL, NULL, 60, '2021-03-25 11:45:44', '2021-03-25 11:45:44', 100, 50, 2),
(91, 291, 16.00, 'https://i.pinimg.com/originals/dc/f8/ee/dcf8ee40904250d56191b949952dc390.jpg', 1, '73818 Crist Meadow\nLake Lawrence, OH 70885-5114', '33.7490', '10.457361', '+1.906.406.4997', 0, 4.9, NULL, NULL, NULL, 120, '2021-03-25 11:45:44', '2021-03-25 11:45:44', 1000, 70, 1),
(92, 292, 16.00, 'https://i.pinimg.com/236x/ad/96/b8/ad96b85903dbec11acb40cd8948effce.jpg', 1, '1255 Rodriguez Villages\nNorth Jacinto, NC 21055-7795', '44.339565', '10.457361', '747.959.5767', 0, 2.3, NULL, NULL, NULL, 40, '2021-03-25 11:45:44', '2021-03-25 11:45:44', 3000, 90, 2),
(93, 293, 16.00, 'https://as2.ftcdn.net/jpg/00/43/18/40/1000_F_43184012_czl8sHFUhqjimjUEwrzyO1tregnrpwwI.jpg', 1, '3747 Rachelle Street\nCullenville, RI 27170', '33.7490', '-84.3880', '+1.867.478.5245', 0, 2.6, NULL, NULL, NULL, 40, '2021-03-25 11:45:44', '2021-03-25 11:45:44', 100, 70, 2),
(94, 294, 16.00, 'https://i.pinimg.com/originals/dc/f8/ee/dcf8ee40904250d56191b949952dc390.jpg', 1, '1678 Zboncak Path Suite 236\nPaucekville, DC 59225-6933', '33.7490', '10.457361', '793.409.9183', 1, 4.9, NULL, NULL, NULL, 30, '2021-03-25 11:45:44', '2021-03-25 11:45:44', 10000, 60, 2),
(95, 295, 16.00, 'https://assets.materialup.com/uploads/3cee0f2b-ba43-48f1-a775-9c76740837e4/pharmacy.jpg', 1, '7122 Jeanne Expressway\nCynthiaburgh, KY 72245-8435', '44.339565', '44.216516', '(275) 656-3455', 1, 3.4, NULL, NULL, NULL, 60, '2021-03-25 11:45:44', '2021-03-25 11:45:44', 3000, 50, 0),
(96, 296, 16.00, 'https://cdn3.f-cdn.com/contestentries/1437743/26893310/5bd360e9d4d95_thumb900.jpg', 1, '666 Ervin Street Suite 868\nJacobsfurt, ME 21820', '33.7490', '10.457361', '643-582-2001', 0, 3.3, NULL, NULL, NULL, 60, '2021-03-25 11:45:44', '2021-03-25 11:45:44', 6000, 80, 2),
(97, 297, 16.00, 'https://image.freepik.com/free-vector/polygonal-hexagon-logo_1061-517.jpg', 1, '379 Sauer Throughway\nKulasfurt, MS 09335-6096', '44.339565', '-84.3880', '(694) 915-2519', 1, 1.3, NULL, NULL, NULL, 60, '2021-03-25 11:45:44', '2021-03-25 11:45:44', 500, 50, 1),
(98, 298, 16.00, 'https://image.freepik.com/free-vector/polygonal-hexagon-logo_1061-517.jpg', 1, '50711 Cristian Track\nPredovicside, AZ 06217-9663', '33.7490', '44.216516', '283.568.1519', 1, 2.6, NULL, NULL, NULL, 40, '2021-03-25 11:45:44', '2021-03-25 11:45:44', 6000, 90, 1),
(99, 299, 16.00, 'https://image.shutterstock.com/image-vector/pharmacy-icon-vector-green-snake-260nw-584717239.jpg', 1, '689 Mary Courts\nAufderharborough, NY 39887-9744', '33.7490', '44.216516', '+1 (230) 812-6901', 0, 3.4, NULL, NULL, NULL, 60, '2021-03-25 11:45:44', '2021-03-25 11:45:44', 3000, 50, 2),
(100, 300, 16.00, 'https://as1.ftcdn.net/jpg/02/66/28/66/500_F_266286607_Ku44odWWjnmrzStPraO89xMPXV67IYGS.jpg', 1, '3838 River Harbors Apt. 804\nNaomiefurt, NH 48219', '32.842674', '-84.3880', '764-696-2161', 0, 2.3, NULL, NULL, NULL, 20, '2021-03-25 11:45:44', '2021-03-25 11:45:44', 100, 80, 2),
(102, 376, 1234.00, 'https://khufudashboard.digisolapps.com/uploads/ejOdxBWtfzaqlnZ1620642950.jpg', 1, 'bgxf', '35.86296396789551', '31.989358987405367', '087', 0, 4.1, NULL, NULL, NULL, 66, '2021-05-10 08:35:51', '2021-05-10 08:35:51', 500, 50, 1),
(103, 382, 10.00, 'https://khufudashboard.digisolapps.com/uploads/taljtjMahPgchAw1623326601.jpg', 1, 'amman', '31.97960367104305', '35.85995989379883', '07790405033', 0, 4.1, NULL, NULL, NULL, 14, '2021-06-10 10:03:21', '2021-06-10 10:03:21', 500, 50, 1);

-- --------------------------------------------------------

--
-- Table structure for table `promo_codes`
--

CREATE TABLE `promo_codes` (
  `id` bigint(20) UNSIGNED NOT NULL,
  `branch_id` int(11) NOT NULL,
  `promo_codes_name` varchar(255) COLLATE utf8mb4_unicode_ci NOT NULL,
  `promo_code_type` varchar(255) COLLATE utf8mb4_unicode_ci NOT NULL COMMENT '0-parcent 1-value',
  `value` varchar(255) COLLATE utf8mb4_unicode_ci NOT NULL,
  `status` int(11) NOT NULL COMMENT '1-active 0-expired',
  `startDate` datetime NOT NULL,
  `endDate` datetime NOT NULL,
  `max_number_of_used` int(11) NOT NULL,
  `created_at` timestamp NULL DEFAULT CURRENT_TIMESTAMP,
  `updated_at` timestamp NULL DEFAULT NULL
) ENGINE=InnoDB DEFAULT CHARSET=utf8mb4 COLLATE=utf8mb4_unicode_ci;

--
-- Dumping data for table `promo_codes`
--

INSERT INTO `promo_codes` (`id`, `branch_id`, `promo_codes_name`, `promo_code_type`, `value`, `status`, `startDate`, `endDate`, `max_number_of_used`, `created_at`, `updated_at`) VALUES
(1, 1, 'yoyo', '0', '60', 1, '2021-04-22 11:10:37', '2021-04-23 11:10:37', 5, NULL, NULL),
(2, 2, 'jojo', '1', '12', 1, '2021-04-22 11:10:37', '2021-04-23 11:10:37', 5, NULL, NULL);

-- --------------------------------------------------------

--
-- Table structure for table `promo_code_users`
--

CREATE TABLE `promo_code_users` (
  `id` bigint(20) UNSIGNED NOT NULL,
  `promoCode_id` bigint(20) UNSIGNED NOT NULL,
  `user_id` bigint(20) UNSIGNED NOT NULL,
  `user_uses_number` int(11) NOT NULL,
  `created_at` timestamp NULL DEFAULT NULL,
  `updated_at` timestamp NULL DEFAULT NULL
) ENGINE=InnoDB DEFAULT CHARSET=utf8mb4 COLLATE=utf8mb4_unicode_ci;

--
-- Dumping data for table `promo_code_users`
--

INSERT INTO `promo_code_users` (`id`, `promoCode_id`, `user_id`, `user_uses_number`, `created_at`, `updated_at`) VALUES
(35, 1, 23, 0, '2021-05-02 07:40:47', '2021-05-02 07:40:47'),
(36, 2, 23, 0, '2021-05-02 07:44:10', '2021-05-02 07:44:10'),
(37, 2, 24, 0, '2021-05-03 10:33:21', '2021-05-03 10:33:21'),
(38, 2, 29, 0, '2021-05-04 07:16:21', '2021-05-04 07:16:21'),
(39, 2, 30, 0, '2021-05-04 09:12:19', '2021-05-04 09:12:19'),
(40, 1, 44, 0, '2021-05-19 10:40:03', '2021-05-19 10:40:03'),
(41, 2, 44, 0, '2021-05-19 10:40:19', '2021-05-19 10:40:19');

-- --------------------------------------------------------

--
-- Table structure for table `restaurants`
--

CREATE TABLE `restaurants` (
  `id` bigint(20) UNSIGNED NOT NULL,
  `Cuisines_id` bigint(20) UNSIGNED NOT NULL,
  `branche_id` bigint(20) UNSIGNED NOT NULL,
  `tax` double(8,2) NOT NULL,
  `Restaurant_Image` text COLLATE utf8mb4_unicode_ci NOT NULL,
  `status` int(11) NOT NULL COMMENT '0.InActive 1.Active',
  `city` varchar(255) COLLATE utf8mb4_unicode_ci NOT NULL,
  `lat` varchar(255) COLLATE utf8mb4_unicode_ci NOT NULL,
  `long` varchar(255) COLLATE utf8mb4_unicode_ci NOT NULL,
  `phone_number` varchar(255) COLLATE utf8mb4_unicode_ci NOT NULL,
  `delivery_free` int(11) DEFAULT '0' COMMENT '0.InActive 1.Active',
  `rating` float(2,1) DEFAULT '0.0',
  `order_count` int(11) DEFAULT NULL,
  `street_number` varchar(255) COLLATE utf8mb4_unicode_ci DEFAULT NULL,
  `street_name` varchar(255) COLLATE utf8mb4_unicode_ci DEFAULT NULL,
  `estimate_delivery_time` int(50) NOT NULL,
  `created_at` timestamp NULL DEFAULT NULL,
  `updated_at` timestamp NULL DEFAULT NULL,
  `RatingCount` int(11) NOT NULL,
  `OfferValue` float NOT NULL,
  `Offer_type` int(11) NOT NULL COMMENT '0.NoOffer 1.offer_parcent 2.offer_value'
) ENGINE=InnoDB DEFAULT CHARSET=utf8mb4 COLLATE=utf8mb4_unicode_ci;

--
-- Dumping data for table `restaurants`
--

INSERT INTO `restaurants` (`id`, `Cuisines_id`, `branche_id`, `tax`, `Restaurant_Image`, `status`, `city`, `lat`, `long`, `phone_number`, `delivery_free`, `rating`, `order_count`, `street_number`, `street_name`, `estimate_delivery_time`, `created_at`, `updated_at`, `RatingCount`, `OfferValue`, `Offer_type`) VALUES
(4, 1, 1, 20.00, 'https://khufudashboard.digisolapps.com/uploads/laejsjYwgYfefjv1623306837.webp', 1, '199 Chandler KeysVolkmanport', '32.842674', '10.457361', '986', 1, 4.9, NULL, NULL, NULL, 31, '2021-03-25 11:43:05', '2021-06-13 05:48:54', 1000, 50, 1),
(5, 1, 2, 16.00, 'https://logodix.com/logo/1295862.jpg', 1, '56901 Volkman Underpass\nEast Aleen, CA 93635', '32.842674', '44.216516', '809.917.5037', 1, 5.0, NULL, NULL, NULL, 90, '2021-03-25 11:43:05', '2021-03-25 11:43:05', 20000, 80, 0),
(6, 1, 3, 16.00, 'https://i.pinimg.com/736x/4e/52/d4/4e52d4540e323394b331e25cf5d167c3.jpg', 1, '57702 Lorenz Cliffs\nPort Clevelandland, TX 27803', '32.842674', '-84.3880', '+1 (590) 810-0527', 0, 4.3, NULL, NULL, NULL, 60, '2021-03-25 11:43:05', '2021-03-25 11:43:05', 15000, 90.1, 2),
(7, 1, 4, 16.00, 'https://www.pngitem.com/pimgs/m/31-310173_clip-art-fast-food-restaurant-logo-illustration-hd.png', 1, '35910 O\'Conner Estates Apt. 210\nHeathcotefort, VT 28626-3599', '33.7490', '44.216516', '1-328-387-9259', 1, 4.9, NULL, NULL, NULL, 30, '2021-03-25 11:43:05', '2021-03-25 11:43:05', 4000, 80, 2),
(8, 1, 5, 16.00, 'https://i.pinimg.com/736x/4e/52/d4/4e52d4540e323394b331e25cf5d167c3.jpg', 1, '9628 Jaden Groves\nWest Gunner, MS 16323', '32.842674', '-84.3880', '+1 (784) 673-3367', 0, 2.3, NULL, NULL, NULL, 30, '2021-03-25 11:43:05', '2021-03-25 11:43:05', 3000, 70, 0),
(9, 1, 6, 16.00, 'https://fiverr-res.cloudinary.com/images/t_main1,q_auto,f_auto,q_auto,f_auto/gigs/108091341/original/72fb9d8da3669fc98ba38e35e3dbfb5de5d36b7a/make-unique-restaurant-logo.jpg', 1, '5514 Valentin Plains\nSouth Maximus, CA 81371', '32.842674', '-84.3880', '+1 (541) 228-6966', 1, 4.3, NULL, NULL, NULL, 30, '2021-03-25 11:43:05', '2021-03-25 11:43:05', 1000, 90, 1),
(10, 1, 7, 16.00, 'https://bcassetcdn.com/public/blog/wp-content/uploads/2019/07/18094838/the-ring.png', 1, '690 Haley Corner Apt. 353\nWest Noah, AR 24833-5183', '33.7490', '44.216516', '1-350-903-0642', 0, 1.3, NULL, NULL, NULL, 30, '2021-03-25 11:43:05', '2021-03-25 11:43:05', 900, 50, 1),
(11, 1, 8, 16.00, 'https://image.freepik.com/free-vector/luxury-restaurant-logo-business_110554-233.jpg', 1, '3263 Leta Bridge Suite 577\nLake Jamilchester, NY 18429', '33.7490', '44.216516', '(229) 676-7495', 1, 4.9, NULL, NULL, NULL, 20, '2021-03-25 11:43:05', '2021-03-25 11:43:05', 2000, 70, 0),
(12, 1, 9, 16.00, 'https://www.logodesign.net/logo-new/ornamental-cloche-for-indian-restaurant-6939ld.png?industry=restaurant-food', 1, '6433 Boyer Gateway\nCrystalton, ND 89484-4680', '32.842674', '-84.3880', '+14377514794', 1, 3.3, NULL, NULL, NULL, 30, '2021-03-25 11:43:05', '2021-03-25 11:43:05', 4000, 70, 1),
(13, 1, 10, 16.00, 'https://www.pngitem.com/pimgs/m/31-310173_clip-art-fast-food-restaurant-logo-illustration-hd.png', 1, '674 Zboncak Shoal\nPort Novellaberg, OK 13317-6979', '44.339565', '44.216516', '(942) 234-4337', 0, 5.0, NULL, NULL, NULL, 20, '2021-03-25 11:43:05', '2021-03-25 11:43:05', 50000, 70, 1),
(14, 1, 11, 16.00, 'https://www.pngitem.com/pimgs/m/21-216162_transparent-restaurants-png-restaurants-logo-png-download.png', 1, '32821 Quigley Turnpike\nLake Maryjane, NJ 26857-3144', '44.339565', '44.216516', '(860) 934-8788', 0, 3.3, NULL, NULL, NULL, 40, '2021-03-25 11:43:05', '2021-03-25 11:43:05', 1000, 90, 1),
(15, 1, 12, 16.00, 'https://cdn.logojoy.com/wp-content/uploads/2018/05/15150201/4122.png', 1, '977 Davis Point\nCorkeryton, ME 32178-2414', '33.7490', '-84.3880', '+1 (223) 505-1457', 1, 5.0, NULL, NULL, NULL, 20, '2021-03-25 11:43:05', '2021-03-25 11:43:05', 7000, 90, 2),
(16, 1, 13, 16.00, 'https://thumbs.dreamstime.com/z/sombrero-hat-tacos-mexican-restaurant-logo-sombrero-hat-tacos-mexican-restaurant-logo-mascot-vector-hipster-vintage-retro-157254764.jpg', 1, '5249 Dorthy Canyon\nNew Marcelo, PA 61212-6760', '32.842674', '-84.3880', '(256) 607-7329', 0, 2.3, NULL, NULL, NULL, 30, '2021-03-25 11:43:05', '2021-03-25 11:43:05', 3000, 80, 0),
(17, 1, 14, 16.00, 'https://image.freepik.com/free-vector/gold-green-luxury-restaurant-logo-template_83529-129.jpg', 1, '1922 Ryann Radial Apt. 646\nEast Florine, FL 50378-9344', '32.842674', '10.457361', '886-642-2981', 1, 3.4, NULL, NULL, NULL, 30, '2021-03-25 11:43:05', '2021-03-25 11:43:05', 3000, 60, 0),
(18, 1, 15, 16.00, 'https://i.pinimg.com/736x/4e/52/d4/4e52d4540e323394b331e25cf5d167c3.jpg', 1, '26014 Spencer Forest\nNew Abigayle, AR 39280-4308', '33.7490', '10.457361', '+1.929.212.5983', 0, 3.3, NULL, NULL, NULL, 90, '2021-03-25 11:43:05', '2021-03-25 11:43:05', 3000, 90, 2),
(19, 1, 16, 16.00, 'https://thumbs.dreamstime.com/z/sombrero-hat-tacos-mexican-restaurant-logo-sombrero-hat-tacos-mexican-restaurant-logo-mascot-vector-hipster-vintage-retro-157254764.jpg', 1, '513 Hirthe Mount\nPagacborough, SC 22003-8577', '44.339565', '10.457361', '325-441-7940', 0, 5.0, NULL, NULL, NULL, 90, '2021-03-25 11:43:05', '2021-03-25 11:43:05', 4000, 80, 2),
(20, 1, 17, 16.00, 'https://bcassetcdn.com/public/blog/wp-content/uploads/2019/07/18094838/the-ring.png', 1, '923 Schroeder Avenue\nBoehmfort, AR 48398', '33.7490', '-84.3880', '1-250-232-3091', 0, 4.9, NULL, NULL, NULL, 30, '2021-03-25 11:43:05', '2021-03-25 11:43:05', 7000, 50, 2),
(21, 1, 18, 16.00, 'https://thumbs.dreamstime.com/b/craft-beer-logo-vector-set-vintage-alcohol-ale-brewery-bar-shop-emblems-label-branding-identity-corporate-design-template-84552426.jpg', 1, '179 Labadie Mountains\nFarrellhaven, UT 15131-6272', '44.339565', '44.216516', '+1.487.862.6726', 1, 2.3, NULL, NULL, NULL, 120, '2021-03-25 11:43:05', '2021-03-25 11:43:05', 3000, 50, 1),
(22, 1, 19, 16.00, 'https://i.pinimg.com/736x/4e/52/d4/4e52d4540e323394b331e25cf5d167c3.jpg', 1, '526 Heidenreich Estate Suite 358\nEast Romamouth, OR 36999', '32.842674', '44.216516', '+1-464-651-7141', 1, 3.3, NULL, NULL, NULL, 120, '2021-03-25 11:43:05', '2021-03-25 11:43:05', 3000, 90, 2),
(23, 1, 20, 16.00, 'https://dcassetcdn.com/design_img/2838083/517402/517402_15586054_2838083_e5ed8f17_image.jpg', 1, '39605 Reed Port Suite 808\nDereckport, CO 48015', '33.7490', '-84.3880', '752.613.2489', 0, 4.3, NULL, NULL, NULL, 20, '2021-03-25 11:43:05', '2021-03-25 11:43:05', 20000, 60, 2),
(24, 1, 21, 16.00, 'https://i.pinimg.com/736x/4e/52/d4/4e52d4540e323394b331e25cf5d167c3.jpg', 1, '898 Darron Forks\nWest Aldastad, AR 18121', '33.7490', '10.457361', '260-525-2249', 1, 4.9, NULL, NULL, NULL, 20, '2021-03-25 11:43:05', '2021-03-25 11:43:05', 2000, 60, 2),
(25, 1, 22, 16.00, 'https://zipzapt.com/wp-content/uploads/2020/10/restaurant-logo-design-vector-10067826-1.jpg', 1, '35960 Labadie Mountains\nSouth Kyraburgh, MI 48885', '32.842674', '44.216516', '675-302-8411', 1, 2.3, NULL, NULL, NULL, 30, '2021-03-25 11:43:05', '2021-03-25 11:43:05', 9000, 90, 1),
(26, 1, 23, 16.00, 'https://image.freepik.com/free-vector/gold-green-luxury-restaurant-logo-template_83529-129.jpg', 1, '49785 Hahn Vista Apt. 550\nNamefort, NH 08946', '44.339565', '10.457361', '+1-449-821-6576', 1, 5.0, NULL, NULL, NULL, 30, '2021-03-25 11:43:05', '2021-03-25 11:43:05', 1200, 90, 0),
(27, 1, 24, 16.00, 'https://image.shutterstock.com/image-vector/grill-design-element-vintage-style-260nw-311909807.jpg', 1, '327 Oscar Mountains\nLake Reva, GA 33390-9066', '33.7490', '-84.3880', '+1 (373) 710-4854', 1, 3.3, NULL, NULL, NULL, 120, '2021-03-25 11:43:05', '2021-03-25 11:43:05', 2000, 70, 1),
(28, 1, 25, 16.00, 'https://image.freepik.com/free-vector/luxury-restaurant-logo-business_110554-233.jpg', 1, '20957 Schoen Mills Apt. 354\nAlexieborough, FL 85428-8001', '33.7490', '-84.3880', '+1-513-210-1984', 1, 1.3, NULL, NULL, NULL, 30, '2021-03-25 11:43:05', '2021-03-25 11:43:05', 20000, 50, 0),
(29, 1, 26, 16.00, 'https://i.pinimg.com/736x/4e/52/d4/4e52d4540e323394b331e25cf5d167c3.jpg', 1, '276 Stamm Cove\nWest Giovanni, IL 67454-7480', '33.7490', '-84.3880', '+14985652196', 0, 4.9, NULL, NULL, NULL, 60, '2021-03-25 11:43:05', '2021-03-25 11:43:05', 4000, 90, 2),
(30, 1, 27, 16.00, 'https://www.pngitem.com/pimgs/m/21-216162_transparent-restaurants-png-restaurants-logo-png-download.png', 1, '611 Colleen Circle Suite 709\nNew Janieburgh, MD 94883', '33.7490', '10.457361', '+1-595-507-0760', 1, 5.0, NULL, NULL, NULL, 40, '2021-03-25 11:43:05', '2021-03-25 11:43:05', 10000, 70, 2),
(31, 1, 28, 16.00, 'https://cdn2.f-cdn.com/contestentries/1679555/33340737/5de3990c068ec_thumb900.jpg', 1, '2972 Becker Forges Apt. 499\nSouth Sarina, GA 49566-4656', '44.339565', '-84.3880', '+1-286-688-6592', 0, 3.4, NULL, NULL, NULL, 20, '2021-03-25 11:43:05', '2021-03-25 11:43:05', 2000, 60, 2),
(32, 1, 29, 16.00, 'https://thumbs.dreamstime.com/z/sombrero-hat-tacos-mexican-restaurant-logo-sombrero-hat-tacos-mexican-restaurant-logo-mascot-vector-hipster-vintage-retro-157254764.jpg', 1, '2302 Destin Roads\nAlyciafort, VA 35970', '44.339565', '10.457361', '+1.662.602.2870', 1, 4.3, NULL, NULL, NULL, 90, '2021-03-25 11:43:05', '2021-03-25 11:43:05', 3000, 70, 0),
(33, 1, 30, 16.00, 'https://image.freepik.com/free-vector/master-chef-creative-symbol-concept-cook-mustache-hat-cafe-menu-restaurant-kitchen-abstract-business-logo-baker-spoon-tasty-food-icon_277697-27.jpg', 1, '45812 Lyla Knoll Apt. 922\nAufderhartown, TN 79239', '33.7490', '-84.3880', '+1-303-914-7134', 1, 2.3, NULL, NULL, NULL, 90, '2021-03-25 11:43:05', '2021-03-25 11:43:05', 20000, 70, 0),
(34, 1, 31, 16.00, 'https://cms-assets.tutsplus.com/uploads/users/2659/posts/32688/image/Logo%20Maker%20for%20Italian%20Restaurants.jpg', 1, '71659 Hayden Mountains Apt. 564\nJulietburgh, OK 64695-7989', '33.7490', '-84.3880', '(515) 846-2409', 1, 4.3, NULL, NULL, NULL, 30, '2021-03-25 11:43:05', '2021-03-25 11:43:05', 1500, 60, 2),
(35, 1, 32, 16.00, 'https://dcassetcdn.com/design_img/22830/18024/18024_497916_22830_image.jpg', 1, '4673 Morris Wall Apt. 170\nLake Estebanton, MI 29520', '33.7490', '44.216516', '584-447-9754', 0, 1.3, NULL, NULL, NULL, 120, '2021-03-25 11:43:05', '2021-03-25 11:43:05', 4000, 70, 2),
(36, 1, 33, 16.00, 'https://bcassetcdn.com/public/blog/wp-content/uploads/2019/07/18094838/the-ring.png', 1, '42953 Rickey Forks\nEast Quentinfort, MI 19486-9649', '32.842674', '44.216516', '776-958-1389', 1, 4.9, NULL, NULL, NULL, 30, '2021-03-25 11:43:05', '2021-03-25 11:43:05', 10000, 90, 2),
(37, 1, 34, 16.00, 'https://dcassetcdn.com/design_img/3093971/603063/603063_17339117_3093971_747b384d_image.jpg', 1, '617 Hailey Skyway\nWest Kennaville, MT 37116-6246', '44.339565', '10.457361', '705-491-3190', 0, 1.3, NULL, NULL, NULL, 20, '2021-03-25 11:43:05', '2021-03-25 11:43:05', 4000, 50, 0),
(38, 1, 35, 16.00, 'https://image.freepik.com/free-vector/gold-green-luxury-restaurant-logo-template_83529-129.jpg', 1, '9374 Graham Ferry Apt. 080\nCarrollside, NE 30670-6374', '33.7490', '-84.3880', '902.680.2062', 0, 3.4, NULL, NULL, NULL, 90, '2021-03-25 11:43:05', '2021-03-25 11:43:05', 600, 60, 1),
(39, 1, 36, 16.00, 'https://cdn2.f-cdn.com/contestentries/1679555/33340737/5de3990c068ec_thumb900.jpg', 1, '92254 Carter Center Suite 631\nPort Valentinefurt, TX 35331', '44.339565', '10.457361', '580-572-1803', 0, 2.6, NULL, NULL, NULL, 30, '2021-03-25 11:43:05', '2021-03-25 11:43:05', 15000, 90, 0),
(40, 1, 37, 16.00, 'https://image.shutterstock.com/image-vector/grill-design-element-vintage-style-260nw-311909807.jpg', 1, '88150 Muriel Locks\nWest Dashawn, WY 18782-4722', '44.339565', '-84.3880', '+1-210-621-4205', 1, 3.4, NULL, NULL, NULL, 30, '2021-03-25 11:43:05', '2021-03-25 11:43:05', 1500, 70, 0),
(41, 1, 38, 16.00, 'https://cdn.logojoy.com/wp-content/uploads/2018/05/30151609/1916.png', 1, '480 Alden Greens Suite 892\nEast Tara, ID 70592-9768', '44.339565', '10.457361', '+1-462-724-5560', 0, 4.9, NULL, NULL, NULL, 40, '2021-03-25 11:43:05', '2021-03-25 11:43:05', 50000, 50, 1),
(42, 1, 39, 16.00, 'https://www.pngitem.com/pimgs/m/21-216162_transparent-restaurants-png-restaurants-logo-png-download.png', 1, '352 Collins Curve\nWest Marie, ID 84222-6566', '32.842674', '-84.3880', '650-455-5459', 1, 1.3, NULL, NULL, NULL, 120, '2021-03-25 11:43:05', '2021-03-25 11:43:05', 1000, 60, 1),
(43, 1, 40, 16.00, 'https://logodix.com/logo/1295862.jpg', 1, '90158 Jenkins Common Suite 362\nPort Erinchester, KY 94232-3022', '44.339565', '-84.3880', '1-594-645-7907', 1, 5.0, NULL, NULL, NULL, 60, '2021-03-25 11:43:05', '2021-03-25 11:43:05', 3000, 70, 0),
(44, 1, 41, 16.00, 'https://image.shutterstock.com/image-vector/grill-design-element-vintage-style-260nw-311909807.jpg', 1, '61310 Pascale Stravenue\nNorth Luisa, FL 99530', '33.7490', '44.216516', '392.992.5029', 0, 3.3, NULL, NULL, NULL, 90, '2021-03-25 11:43:05', '2021-03-25 11:43:05', 50000, 70, 2),
(45, 1, 42, 16.00, 'https://dcassetcdn.com/design_img/22830/18024/18024_497916_22830_image.jpg', 1, '841 Antonina Ridges Suite 549\nLake Dejahland, OH 96208', '32.842674', '-84.3880', '+1 (358) 220-3983', 1, 2.3, NULL, NULL, NULL, 20, '2021-03-25 11:43:05', '2021-03-25 11:43:05', 4000, 90, 0),
(46, 1, 43, 16.00, 'https://image.shutterstock.com/image-vector/grill-design-element-vintage-style-260nw-311909807.jpg', 1, '54398 Ryan Wall Suite 483\nKirafort, MI 71923', '32.842674', '10.457361', '(828) 390-6847', 1, 1.3, NULL, NULL, NULL, 20, '2021-03-25 11:43:05', '2021-03-25 11:43:05', 4000, 60, 1),
(47, 1, 44, 16.00, 'https://dcassetcdn.com/design_img/3093971/603063/603063_17339117_3093971_747b384d_image.jpg', 1, '612 Thompson Brook Suite 645\nNew Cory, IL 52384-4639', '44.339565', '44.216516', '554.778.9686', 0, 3.3, NULL, NULL, NULL, 60, '2021-03-25 11:43:05', '2021-03-25 11:43:05', 4000, 60, 1),
(48, 1, 45, 16.00, 'https://www.logodesign.net/logo-new/ornamental-cloche-for-indian-restaurant-6939ld.png?industry=restaurant-food', 1, '798 Judah Walks Suite 616\nNew Germanmouth, AK 65282-2440', '44.339565', '-84.3880', '(953) 410-3452', 1, 3.4, NULL, NULL, NULL, 120, '2021-03-25 11:43:05', '2021-03-25 11:43:05', 3000, 80, 1),
(49, 1, 46, 16.00, 'https://image.freepik.com/free-vector/luxury-restaurant-logo-business_110554-233.jpg', 1, '8091 Halvorson Drive Apt. 831\nAliceburgh, NH 56671', '44.339565', '10.457361', '1-664-840-3370', 1, 2.3, NULL, NULL, NULL, 20, '2021-03-25 11:43:05', '2021-03-25 11:43:05', 1200, 90, 1),
(50, 1, 47, 16.00, 'https://dcassetcdn.com/design_img/22830/18024/18024_497916_22830_image.jpg', 1, '8733 Daron Manor\nRosalindatown, SC 77054', '32.842674', '10.457361', '(663) 267-1301', 0, 3.3, NULL, NULL, NULL, 40, '2021-03-25 11:43:05', '2021-03-25 11:43:05', 800, 50, 0),
(51, 1, 48, 16.00, 'https://www.pngitem.com/pimgs/m/21-216162_transparent-restaurants-png-restaurants-logo-png-download.png', 1, '517 Simeon Island Suite 105\nNew Lilianashire, IA 91501-5169', '33.7490', '-84.3880', '1-619-669-0941', 0, 3.3, NULL, NULL, NULL, 40, '2021-03-25 11:43:05', '2021-03-25 11:43:05', 7000, 60, 2),
(52, 1, 49, 16.00, 'https://image.freepik.com/free-vector/master-chef-creative-symbol-concept-cook-mustache-hat-cafe-menu-restaurant-kitchen-abstract-business-logo-baker-spoon-tasty-food-icon_277697-27.jpg', 1, '89285 Abigayle Fields Apt. 392\nNorth Karinastad, HI 41746', '33.7490', '-84.3880', '+1-268-384-5412', 1, 2.6, NULL, NULL, NULL, 90, '2021-03-25 11:43:05', '2021-03-25 11:43:05', 50000, 80, 2),
(53, 1, 50, 16.00, 'https://cdn.logojoy.com/wp-content/uploads/2018/05/30151609/1916.png', 1, '527 Stanton Bridge Apt. 196\nWest Benjamin, MI 04849-4870', '32.842674', '-84.3880', '+1-331-812-2698', 1, 4.3, NULL, NULL, NULL, 120, '2021-03-25 11:43:05', '2021-03-25 11:43:05', 3000, 90, 1),
(54, 1, 51, 16.00, 'https://cdn.logojoy.com/wp-content/uploads/2018/05/15150201/4122.png', 1, '4322 VonRueden Mill Apt. 988\nWest Babyburgh, OR 46406-8258', '44.339565', '-84.3880', '+13455680885', 1, 5.0, NULL, NULL, NULL, 40, '2021-03-25 11:43:05', '2021-03-25 11:43:05', 600, 70, 2),
(55, 1, 52, 16.00, 'https://image.freepik.com/free-vector/master-chef-creative-symbol-concept-cook-mustache-hat-cafe-menu-restaurant-kitchen-abstract-business-logo-baker-spoon-tasty-food-icon_277697-27.jpg', 1, '210 Chaz Pass\nMonahanville, DE 86246-4688', '44.339565', '10.457361', '1-316-566-2340', 1, 1.3, NULL, NULL, NULL, 120, '2021-03-25 11:43:05', '2021-03-25 11:43:05', 15000, 50, 0),
(56, 1, 53, 16.00, 'https://www.thelogoboutique.com/newweb/wp-content/uploads/2021/01/food-and-restaurants-logo-design-asian.jpg', 1, '809 Ryan Underpass Apt. 224\nEast Uniquemouth, NV 09430', '32.842674', '44.216516', '1-894-757-0534', 1, 2.3, NULL, NULL, NULL, 40, '2021-03-25 11:43:05', '2021-03-25 11:43:05', 2000, 70, 1),
(57, 1, 54, 16.00, 'https://i.pinimg.com/originals/9a/89/e7/9a89e726573ed8b774edd8d082a783f1.png', 1, '410 Mitchel Bridge Suite 930\nMcClurebury, FL 67767', '44.339565', '10.457361', '832.408.1002', 0, 5.0, NULL, NULL, NULL, 120, '2021-03-25 11:43:05', '2021-03-25 11:43:05', 9000, 70, 1),
(58, 1, 55, 16.00, 'https://image.freepik.com/free-vector/gold-green-luxury-restaurant-logo-template_83529-129.jpg', 1, '155 Chelsea Squares\nNew Diegobury, ME 17920', '32.842674', '44.216516', '592-516-1563', 1, 2.3, NULL, NULL, NULL, 120, '2021-03-25 11:43:05', '2021-03-25 11:43:05', 800, 50, 2),
(59, 1, 56, 16.00, 'https://thumbs.dreamstime.com/z/sombrero-hat-tacos-mexican-restaurant-logo-sombrero-hat-tacos-mexican-restaurant-logo-mascot-vector-hipster-vintage-retro-157254764.jpg', 1, '5836 Jazmin Vista\nLynchton, NY 77943', '33.7490', '-84.3880', '330.937.0182', 1, 2.6, NULL, NULL, NULL, 20, '2021-03-25 11:43:05', '2021-03-25 11:43:05', 4000, 90, 2),
(60, 1, 57, 16.00, 'https://cdn.logojoy.com/wp-content/uploads/2018/05/15150201/4122.png', 1, '467 Grant Valley\nLittelburgh, TN 00352-5822', '32.842674', '44.216516', '+1 (918) 280-9007', 1, 3.3, NULL, NULL, NULL, 90, '2021-03-25 11:43:05', '2021-03-25 11:43:05', 4000, 90, 0),
(61, 1, 58, 16.00, 'https://image.shutterstock.com/image-vector/grill-design-element-vintage-style-260nw-311909807.jpg', 1, '2234 Pollich Plain\nRunteshire, VT 42409-6291', '44.339565', '-84.3880', '630-715-4473', 0, 4.9, NULL, NULL, NULL, 60, '2021-03-25 11:43:05', '2021-03-25 11:43:05', 1000, 60, 0),
(62, 1, 59, 16.00, 'https://www.thelogoboutique.com/newweb/wp-content/uploads/2021/01/food-and-restaurants-logo-design-asian.jpg', 1, '64943 Shanahan Oval Suite 514\nEast Priscillafort, HI 66905', '44.339565', '10.457361', '(776) 493-7045', 1, 1.3, NULL, NULL, NULL, 60, '2021-03-25 11:43:05', '2021-03-25 11:43:05', 3000, 70, 0),
(63, 1, 60, 16.00, 'https://cdn2.f-cdn.com/contestentries/1679555/33340737/5de3990c068ec_thumb900.jpg', 1, '740 Turcotte Manors Suite 197\nAminashire, SD 39683-9810', '44.339565', '44.216516', '636-559-2161', 0, 3.3, NULL, NULL, NULL, 30, '2021-03-25 11:43:05', '2021-03-25 11:43:05', 1000, 60, 2),
(64, 1, 61, 16.00, 'https://thumbs.dreamstime.com/z/sombrero-hat-tacos-mexican-restaurant-logo-sombrero-hat-tacos-mexican-restaurant-logo-mascot-vector-hipster-vintage-retro-157254764.jpg', 1, '607 Carter Stream Suite 400\nAureliofurt, VA 08142-5975', '32.842674', '10.457361', '369-414-6965', 1, 2.3, NULL, NULL, NULL, 30, '2021-03-25 11:43:05', '2021-03-25 11:43:05', 9000, 90, 1),
(65, 1, 62, 16.00, 'https://i.pinimg.com/originals/17/40/80/1740803c64686f01404d24ff07a8e337.jpg', 1, '30655 Meda Pines\nPort Jaceymouth, TX 01531', '32.842674', '-84.3880', '(251) 424-1097', 1, 5.0, NULL, NULL, NULL, 60, '2021-03-25 11:43:05', '2021-03-25 11:43:05', 4000, 50, 2),
(66, 1, 63, 16.00, 'https://dcassetcdn.com/design_img/2838083/517402/517402_15586054_2838083_e5ed8f17_image.jpg', 1, '73264 Torrey Throughway Suite 141\nVonside, MO 11509', '44.339565', '10.457361', '(336) 812-5930', 1, 2.6, NULL, NULL, NULL, 90, '2021-03-25 11:43:05', '2021-03-25 11:43:05', 10000, 80, 1),
(67, 1, 64, 16.00, 'https://www.pngitem.com/pimgs/m/21-216162_transparent-restaurants-png-restaurants-logo-png-download.png', 1, '2923 Joanny Glens\nEast Trevor, MO 03919', '32.842674', '10.457361', '486-277-6360', 0, 3.3, NULL, NULL, NULL, 40, '2021-03-25 11:43:05', '2021-03-25 11:43:05', 400, 90, 1),
(68, 1, 65, 16.00, 'https://dcassetcdn.com/design_img/22830/18024/18024_497916_22830_image.jpg', 1, '37503 Koch Path Suite 555\nMateoside, NH 08967-1296', '33.7490', '-84.3880', '(946) 378-3850', 0, 3.3, NULL, NULL, NULL, 40, '2021-03-25 11:43:05', '2021-03-25 11:43:05', 7000, 80, 0),
(69, 1, 66, 16.00, 'https://i.pinimg.com/originals/17/40/80/1740803c64686f01404d24ff07a8e337.jpg', 1, '161 Price Landing Suite 250\nLake Babytown, IA 58490', '32.842674', '44.216516', '+1.565.599.7975', 1, 2.3, NULL, NULL, NULL, 120, '2021-03-25 11:43:05', '2021-03-25 11:43:05', 400, 80, 0),
(70, 1, 67, 16.00, 'https://logodix.com/logo/1295862.jpg', 1, '21228 Franecki Groves Apt. 717\nCoraliechester, CO 75165', '32.842674', '44.216516', '+1-525-406-4837', 0, 4.9, NULL, NULL, NULL, 30, '2021-03-25 11:43:05', '2021-03-25 11:43:05', 7000, 60, 2),
(71, 1, 68, 16.00, 'https://cdn.logojoy.com/wp-content/uploads/2018/05/30151609/1916.png', 1, '49727 Prosacco Springs Apt. 830\nLindaberg, LA 45699-0723', '32.842674', '44.216516', '835.909.1305', 1, 3.4, NULL, NULL, NULL, 20, '2021-03-25 11:43:05', '2021-03-25 11:43:05', 900, 90, 2),
(72, 1, 69, 16.00, 'https://image.freepik.com/free-vector/gold-green-luxury-restaurant-logo-template_83529-129.jpg', 1, '64570 Hodkiewicz Fords\nBeierfurt, VA 10003-8676', '44.339565', '-84.3880', '+18979901537', 0, 4.9, NULL, NULL, NULL, 40, '2021-03-25 11:43:05', '2021-03-25 11:43:05', 4000, 70, 2),
(73, 1, 70, 16.00, 'https://zipzapt.com/wp-content/uploads/2020/10/restaurant-logo-design-vector-10067826-1.jpg', 1, '84099 Bret Squares\nO\'Connerton, NE 57522', '44.339565', '10.457361', '1-223-368-4513', 1, 5.0, NULL, NULL, NULL, 30, '2021-03-25 11:43:05', '2021-03-25 11:43:05', 9000, 60, 0),
(74, 1, 71, 16.00, 'https://www.thelogoboutique.com/newweb/wp-content/uploads/2021/01/food-and-restaurants-logo-design-asian.jpg', 1, '6012 Lourdes Crossing Suite 408\nSouth Mariaburgh, WI 33578-1571', '33.7490', '44.216516', '640-258-9032', 1, 5.0, NULL, NULL, NULL, 20, '2021-03-25 11:43:05', '2021-03-25 11:43:05', 20000, 70, 0),
(75, 1, 72, 16.00, 'https://image.shutterstock.com/image-vector/grill-design-element-vintage-style-260nw-311909807.jpg', 1, '95742 Kozey Fields\nNorth Chanelland, TX 27607-6025', '32.842674', '-84.3880', '+1-471-321-8726', 1, 5.0, NULL, NULL, NULL, 40, '2021-03-25 11:43:05', '2021-03-25 11:43:05', 600, 70, 2),
(76, 1, 73, 16.00, 'https://cdn2.f-cdn.com/contestentries/1679555/33340737/5de3990c068ec_thumb900.jpg', 1, '911 Zulauf Prairie Suite 631\nImeldaborough, MN 54056', '33.7490', '10.457361', '843-999-8244', 1, 5.0, NULL, NULL, NULL, 20, '2021-03-25 11:43:05', '2021-03-25 11:43:05', 900, 90, 0),
(77, 1, 74, 16.00, 'https://dcassetcdn.com/design_img/22830/18024/18024_497916_22830_image.jpg', 1, '12423 Farrell Run\nLake Arvelberg, IA 30232-2224', '44.339565', '44.216516', '489-612-0570', 1, 3.3, NULL, NULL, NULL, 120, '2021-03-25 11:43:05', '2021-03-25 11:43:05', 800, 50, 1),
(78, 1, 75, 16.00, 'https://www.thelogoboutique.com/newweb/wp-content/uploads/2021/01/food-and-restaurants-logo-design-asian.jpg', 1, '99109 Rocky Rapids Apt. 623\nLulafurt, MT 85887-2168', '33.7490', '44.216516', '+1 (791) 527-8993', 1, 3.3, NULL, NULL, NULL, 40, '2021-03-25 11:43:05', '2021-03-25 11:43:05', 2000, 60, 0),
(79, 1, 76, 16.00, 'https://zipzapt.com/wp-content/uploads/2020/10/restaurant-logo-design-vector-10067826-1.jpg', 1, '6233 Howe Mews Apt. 275\nMikelchester, WY 95780-9929', '33.7490', '10.457361', '(282) 222-0148', 1, 3.4, NULL, NULL, NULL, 90, '2021-03-25 11:43:05', '2021-03-25 11:43:05', 900, 80, 2),
(80, 1, 77, 16.00, 'https://image.shutterstock.com/image-vector/grill-design-element-vintage-style-260nw-311909807.jpg', 1, '98306 Koepp Forge Apt. 584\nCeciliamouth, CA 03808', '33.7490', '-84.3880', '702-345-5333', 1, 2.6, NULL, NULL, NULL, 30, '2021-03-25 11:43:05', '2021-03-25 11:43:05', 4000, 50, 2),
(81, 1, 78, 16.00, 'https://i.pinimg.com/originals/9a/89/e7/9a89e726573ed8b774edd8d082a783f1.png', 1, '3931 Tate Mount\nWest Stanfordburgh, DE 19452', '32.842674', '10.457361', '+1 (560) 429-2279', 1, 1.3, NULL, NULL, NULL, 40, '2021-03-25 11:43:05', '2021-03-25 11:43:05', 3000, 90, 1),
(82, 1, 79, 16.00, 'https://cdn.logojoy.com/wp-content/uploads/2018/05/15150201/4122.png', 1, '58042 Tommie Skyway Apt. 050\nHegmannville, AR 02590-0846', '32.842674', '10.457361', '(863) 555-6975', 0, 3.4, NULL, NULL, NULL, 40, '2021-03-25 11:43:05', '2021-03-25 11:43:05', 3000, 80, 0),
(83, 1, 80, 16.00, 'https://thumbs.dreamstime.com/b/craft-beer-logo-vector-set-vintage-alcohol-ale-brewery-bar-shop-emblems-label-branding-identity-corporate-design-template-84552426.jpg', 1, '14242 Bartoletti Court Suite 342\nSouth Stuartmouth, TX 06088', '44.339565', '10.457361', '+1 (464) 837-2884', 0, 2.3, NULL, NULL, NULL, 20, '2021-03-25 11:43:05', '2021-03-25 11:43:05', 900, 90, 0),
(84, 1, 81, 16.00, 'https://image.freepik.com/free-vector/master-chef-creative-symbol-concept-cook-mustache-hat-cafe-menu-restaurant-kitchen-abstract-business-logo-baker-spoon-tasty-food-icon_277697-27.jpg', 1, '1930 London Throughway\nCalistaville, AZ 98989-4844', '44.339565', '10.457361', '794.985.7735', 1, 3.3, NULL, NULL, NULL, 120, '2021-03-25 11:43:05', '2021-03-25 11:43:05', 1200, 50, 0),
(85, 1, 82, 16.00, 'https://www.pngitem.com/pimgs/m/21-216162_transparent-restaurants-png-restaurants-logo-png-download.png', 1, '1923 Grover Vista Suite 354\nPrestonton, LA 34534-6689', '32.842674', '44.216516', '(974) 979-8141', 0, 3.3, NULL, NULL, NULL, 90, '2021-03-25 11:43:05', '2021-03-25 11:43:05', 20000, 60, 0),
(86, 1, 83, 16.00, 'https://bcassetcdn.com/public/blog/wp-content/uploads/2019/07/18094838/the-ring.png', 1, '1121 Benton Port Apt. 475\nAubreehaven, HI 13009-8879', '33.7490', '44.216516', '316.882.5579', 1, 2.6, NULL, NULL, NULL, 30, '2021-03-25 11:43:05', '2021-03-25 11:43:05', 7000, 80, 1),
(87, 1, 84, 16.00, 'https://thumbs.dreamstime.com/z/sombrero-hat-tacos-mexican-restaurant-logo-sombrero-hat-tacos-mexican-restaurant-logo-mascot-vector-hipster-vintage-retro-157254764.jpg', 1, '440 Brigitte River Suite 354\nGleasonton, ND 73142', '33.7490', '-84.3880', '706.847.0779', 1, 4.9, NULL, NULL, NULL, 30, '2021-03-25 11:43:05', '2021-03-25 11:43:05', 2000, 70, 2),
(88, 1, 85, 16.00, 'https://cms-assets.tutsplus.com/uploads/users/2659/posts/32688/image/Logo%20Maker%20for%20Italian%20Restaurants.jpg', 1, '8866 Alessandro Locks Suite 126\nSchoenmouth, CT 88193-4314', '33.7490', '-84.3880', '(881) 331-8098', 1, 1.3, NULL, NULL, NULL, 90, '2021-03-25 11:43:05', '2021-03-25 11:43:05', 1200, 90, 1),
(89, 1, 86, 16.00, 'https://i.pinimg.com/originals/17/40/80/1740803c64686f01404d24ff07a8e337.jpg', 1, '440 Cloyd Inlet\nPort Melynaborough, NJ 67939', '44.339565', '10.457361', '1-324-210-4082', 0, 4.3, NULL, NULL, NULL, 90, '2021-03-25 11:43:05', '2021-03-25 11:43:05', 2000, 60, 2),
(90, 1, 87, 16.00, 'https://cdn2.f-cdn.com/contestentries/1679555/33340737/5de3990c068ec_thumb900.jpg', 1, '9584 Abbott Brooks\nWest Verla, OH 91587', '44.339565', '44.216516', '+17208989705', 1, 3.3, NULL, NULL, NULL, 30, '2021-03-25 11:43:05', '2021-03-25 11:43:05', 20000, 90, 0),
(91, 1, 88, 16.00, 'https://www.pngitem.com/pimgs/m/21-216162_transparent-restaurants-png-restaurants-logo-png-download.png', 1, '281 Obie Squares\nKatelynnbury, SD 87527-3631', '32.842674', '10.457361', '404-308-1319', 1, 3.3, NULL, NULL, NULL, 60, '2021-03-25 11:43:05', '2021-03-25 11:43:05', 4000, 80, 1),
(92, 1, 89, 16.00, 'https://image.freepik.com/free-vector/gold-green-luxury-restaurant-logo-template_83529-129.jpg', 1, '86091 Kieran Village\nGarrybury, FL 47631-3210', '44.339565', '10.457361', '1-804-970-0378', 0, 3.4, NULL, NULL, NULL, 60, '2021-03-25 11:43:05', '2021-03-25 11:43:05', 4000, 90, 1),
(93, 1, 90, 16.00, 'https://thumbs.dreamstime.com/b/craft-beer-logo-vector-set-vintage-alcohol-ale-brewery-bar-shop-emblems-label-branding-identity-corporate-design-template-84552426.jpg', 1, '844 Hackett Crossroad\nOtiliaberg, WI 83842-7385', '32.842674', '44.216516', '470.978.1868', 1, 2.6, NULL, NULL, NULL, 20, '2021-03-25 11:43:05', '2021-03-25 11:43:05', 4000, 80, 0),
(94, 1, 91, 16.00, 'https://cdn2.f-cdn.com/contestentries/1679555/33340737/5de3990c068ec_thumb900.jpg', 1, '7877 Howard Fall\nPredovicstad, LA 00605', '44.339565', '44.216516', '371.407.4874', 1, 2.6, NULL, NULL, NULL, 30, '2021-03-25 11:43:05', '2021-03-25 11:43:05', 50000, 90, 2),
(95, 1, 92, 16.00, 'https://www.logodesign.net/logo-new/ornamental-cloche-for-indian-restaurant-6939ld.png?industry=restaurant-food', 1, '8532 Pattie Viaduct Apt. 166\nLake Krystalstad, WV 41577-0594', '33.7490', '10.457361', '+1-660-659-6026', 0, 4.3, NULL, NULL, NULL, 90, '2021-03-25 11:43:05', '2021-03-25 11:43:05', 5000, 50, 2),
(96, 1, 93, 16.00, 'https://cdn.logojoy.com/wp-content/uploads/2018/05/15150201/4122.png', 1, '21837 Moore Drive\nNorth Ashlyberg, AZ 45945-0325', '44.339565', '10.457361', '+1-316-202-6137', 1, 1.3, NULL, NULL, NULL, 40, '2021-03-25 11:43:05', '2021-03-25 11:43:05', 3000, 60, 1),
(97, 1, 94, 16.00, 'https://image.freepik.com/free-vector/gold-green-luxury-restaurant-logo-template_83529-129.jpg', 1, '717 Stroman Harbor Apt. 633\nNorth Douglas, ID 31167-5848', '33.7490', '44.216516', '1-458-469-5259', 1, 3.4, NULL, NULL, NULL, 20, '2021-03-25 11:43:05', '2021-03-25 11:43:05', 1000, 50, 1),
(98, 1, 95, 16.00, 'https://www.pngitem.com/pimgs/m/21-216162_transparent-restaurants-png-restaurants-logo-png-download.png', 1, '288 McCullough Flat Suite 244\nBoehmshire, OK 64646', '33.7490', '-84.3880', '1-545-518-4730', 1, 1.3, NULL, NULL, NULL, 90, '2021-03-25 11:43:05', '2021-03-25 11:43:05', 1200, 60, 0),
(99, 1, 96, 16.00, 'https://thumbs.dreamstime.com/b/craft-beer-logo-vector-set-vintage-alcohol-ale-brewery-bar-shop-emblems-label-branding-identity-corporate-design-template-84552426.jpg', 1, '35747 Mina Stream Suite 112\nBradtkefort, AZ 75152', '32.842674', '10.457361', '1-727-948-2085', 1, 4.9, NULL, NULL, NULL, 20, '2021-03-25 11:43:05', '2021-03-25 11:43:05', 4000, 70, 0),
(100, 1, 97, 16.00, 'https://cdn.logojoy.com/wp-content/uploads/2018/05/15150201/4122.png', 1, '209 Johnathan Crossroad Apt. 735\nNorth Marjorie, AZ 95603', '33.7490', '44.216516', '+1-658-699-0620', 1, 4.9, NULL, NULL, NULL, 20, '2021-03-25 11:43:05', '2021-03-25 11:43:05', 700, 90, 1),
(101, 1, 98, 16.00, 'https://www.logodesign.net/logo-new/ornamental-cloche-for-indian-restaurant-6939ld.png?industry=restaurant-food', 1, '300 Hortense Squares Suite 935\nElviefurt, AR 40207', '44.339565', '-84.3880', '231.281.9105', 0, 3.3, NULL, NULL, NULL, 30, '2021-03-25 11:43:05', '2021-03-25 11:43:05', 800, 60, 1),
(102, 1, 99, 16.00, 'https://dcassetcdn.com/design_img/22830/18024/18024_497916_22830_image.jpg', 1, '407 Adams Garden\nWest Humberto, CT 41403', '32.842674', '44.216516', '531.747.4838', 1, 1.3, NULL, NULL, NULL, 20, '2021-03-25 11:43:05', '2021-03-25 11:43:05', 20000, 80, 0),
(103, 1, 100, 16.00, 'https://i.pinimg.com/originals/9a/89/e7/9a89e726573ed8b774edd8d082a783f1.png', 1, '4352 Keeley Forges Suite 912\nOrnview, SC 34345', '44.339565', '-84.3880', '667-602-9522', 0, 2.3, NULL, NULL, NULL, 40, '2021-03-25 11:43:05', '2021-03-25 11:43:05', 9000, 90, 1),
(136, 1, 377, 10.00, 'https://khufudashboard.digisolapps.com/uploads/ROaVeXmOFAvjDYT1623323515.jpg', 1, 'amman', '31.99139728069975', '35.88227587280274', '0775054337', 0, 4.1, NULL, NULL, NULL, 31, '2021-06-10 09:11:55', '2021-06-10 09:11:55', 500, 50, 1);

-- --------------------------------------------------------

--
-- Table structure for table `sessions`
--

CREATE TABLE `sessions` (
  `id` varchar(255) COLLATE utf8mb4_unicode_ci NOT NULL,
  `user_id` bigint(20) UNSIGNED DEFAULT NULL,
  `ip_address` varchar(45) COLLATE utf8mb4_unicode_ci DEFAULT NULL,
  `user_agent` text COLLATE utf8mb4_unicode_ci,
  `payload` text COLLATE utf8mb4_unicode_ci NOT NULL,
  `last_activity` int(11) NOT NULL
) ENGINE=InnoDB DEFAULT CHARSET=utf8mb4 COLLATE=utf8mb4_unicode_ci;

-- --------------------------------------------------------

--
-- Table structure for table `shipments`
--

CREATE TABLE `shipments` (
  `id` bigint(20) UNSIGNED NOT NULL,
  `branche_id` bigint(20) UNSIGNED NOT NULL,
  `tax` json NOT NULL,
  `shipments_Image` text COLLATE utf8mb4_unicode_ci NOT NULL,
  `status` int(11) NOT NULL COMMENT '0.InActive 1.Active',
  `city` varchar(255) COLLATE utf8mb4_unicode_ci NOT NULL,
  `lat` varchar(255) COLLATE utf8mb4_unicode_ci NOT NULL,
  `long` varchar(255) COLLATE utf8mb4_unicode_ci NOT NULL,
  `phone_number` varchar(255) COLLATE utf8mb4_unicode_ci NOT NULL,
  `delivery_free` int(11) DEFAULT NULL COMMENT '0.InActive 1.Active',
  `rating` int(11) DEFAULT NULL,
  `order_count` int(11) DEFAULT NULL,
  `street_number` varchar(255) COLLATE utf8mb4_unicode_ci DEFAULT NULL,
  `street_name` varchar(255) COLLATE utf8mb4_unicode_ci DEFAULT NULL,
  `created_at` timestamp NULL DEFAULT NULL,
  `updated_at` timestamp NULL DEFAULT NULL
) ENGINE=InnoDB DEFAULT CHARSET=utf8mb4 COLLATE=utf8mb4_unicode_ci;

-- --------------------------------------------------------

--
-- Table structure for table `shipment_order_details`
--

CREATE TABLE `shipment_order_details` (
  `id` bigint(20) UNSIGNED NOT NULL,
  `type` varchar(20) COLLATE utf8mb4_unicode_ci NOT NULL COMMENT '1. size 2.weight 3.time',
  `details` text COLLATE utf8mb4_unicode_ci,
  `created_at` timestamp NULL DEFAULT NULL,
  `updated_at` timestamp NULL DEFAULT NULL,
  `price` double(8,2) NOT NULL
) ENGINE=InnoDB DEFAULT CHARSET=utf8mb4 COLLATE=utf8mb4_unicode_ci;

--
-- Dumping data for table `shipment_order_details`
--

INSERT INTO `shipment_order_details` (`id`, `type`, `details`, `created_at`, `updated_at`, `price`) VALUES
(10, 'Size', 'small', NULL, NULL, 10.00),
(11, 'Size', 'medium', NULL, NULL, 20.00),
(12, 'Size', 'Large', NULL, NULL, 30.00),
(13, 'Weight', '1-5 KG', NULL, NULL, 5.00),
(14, 'Weight', '10-50 KG', NULL, NULL, 10.00),
(15, 'Weight', '100-200 KG', NULL, NULL, 20.00),
(16, 'Time', '1 Day', NULL, NULL, 90.00),
(17, 'Time', '1 week', NULL, NULL, 50.00),
(18, 'Time', '1 month', NULL, NULL, 20.00);

-- --------------------------------------------------------

--
-- Table structure for table `sliders`
--

CREATE TABLE `sliders` (
  `id` bigint(20) UNSIGNED NOT NULL,
  `Branches_id` bigint(20) UNSIGNED NOT NULL,
  `type` varchar(255) COLLATE utf8mb4_unicode_ci NOT NULL COMMENT '*-category *-subCategory  *-item\r\n*-branche *vendr',
  `cat_id` int(11) NOT NULL,
  `Status` int(11) NOT NULL DEFAULT '1' COMMENT '0.InActive 1.Active',
  `created_at` timestamp NULL DEFAULT NULL,
  `updated_at` timestamp NULL DEFAULT NULL,
  `Silder_image` text COLLATE utf8mb4_unicode_ci NOT NULL
) ENGINE=InnoDB DEFAULT CHARSET=utf8mb4 COLLATE=utf8mb4_unicode_ci;

--
-- Dumping data for table `sliders`
--

INSERT INTO `sliders` (`id`, `Branches_id`, `type`, `cat_id`, `Status`, `created_at`, `updated_at`, `Silder_image`) VALUES
(1, 22, 'category', 96, 1, '2021-03-27 08:14:43', '2021-03-27 08:14:43', 'https://img.grouponcdn.com/deal/piR5vAFba9v535wiE5F1/9v-1500x900/v1/c870x524.jpg'),
(2, 98, 'category', 81, 1, '2021-03-27 08:14:43', '2021-05-20 10:21:17', 'http://d3cq8m7vadlnho.cloudfront.net/wp-content/uploads/2018/08/peruvian-stuffed-avocados-00-500x375.jpg'),
(3, 95, 'category', 2, 1, '2021-03-27 08:14:43', '2021-03-27 08:14:43', 'https://c.ndtvimg.com/high-protein-low-carb-foods_625x300_1527079971895.jpg'),
(4, 18, 'category', 6, 1, '2021-03-27 08:14:43', '2021-03-27 08:14:43', 'https://res.cloudinary.com/grohealth/image/upload/c_fill,f_auto,fl_lossy,h_650,q_auto,w_1085,x_0,y_0/v1583843120/DCUK/Content/Surprisingly-High-Carb-Food.png'),
(5, 94, 'category', 13, 1, '2021-03-27 08:14:43', '2021-03-27 08:14:43', 'https://c.ndtvimg.com/2020-05/9iuj3h1g_indian-food_625x300_19_May_20.jpg'),
(6, 8, 'category', 46, 1, '2021-03-27 08:14:43', '2021-03-27 08:14:43', 'https://www.yummyhealthyeasy.com/wp-content/uploads/2018/06/Low-Carb-Avocado-Shrimp-Cucumber-Appetizer-Square.jpg'),
(7, 69, 'category', 43, 1, '2021-03-27 08:14:43', '2021-03-27 08:14:43', 'https://post.healthline.com/wp-content/uploads/2020/01/pizza-junk-food-grease-732x549-thumbnail.jpg'),
(8, 71, 'category', 74, 1, '2021-03-27 08:14:43', '2021-03-27 08:14:43', 'https://www.yummyhealthyeasy.com/wp-content/uploads/2018/06/Low-Carb-Avocado-Shrimp-Cucumber-Appetizer-Square.jpg'),
(9, 94, 'category', 70, 1, '2021-03-27 08:14:43', '2021-03-27 08:14:43', 'https://c.ndtvimg.com/2020-04/dih4ifhg_pasta_625x300_22_April_20.jpg'),
(10, 70, 'category', 25, 1, '2021-03-27 08:14:43', '2021-03-27 08:14:43', 'https://post.healthline.com/wp-content/uploads/2020/01/pizza-junk-food-grease-732x549-thumbnail.jpg'),
(11, 97, 'category', 56, 1, '2021-03-27 08:14:43', '2021-03-27 08:14:43', 'https://www.elitetraveler.com/wp-content/uploads/2007/02/Alain-Ducasse-scaled.jpg'),
(12, 90, 'category', 99, 1, '2021-03-27 08:14:43', '2021-03-27 08:14:43', 'https://post.healthline.com/wp-content/uploads/2020/01/pizza-junk-food-grease-732x549-thumbnail.jpg'),
(13, 27, 'category', 72, 1, '2021-03-27 08:14:43', '2021-03-27 08:14:43', 'http://d3cq8m7vadlnho.cloudfront.net/wp-content/uploads/2018/08/peruvian-stuffed-avocados-00-500x375.jpg'),
(14, 13, 'category', 74, 1, '2021-03-27 08:14:43', '2021-03-27 08:14:43', 'https://c.ndtvimg.com/high-protein-low-carb-foods_625x300_1527079971895.jpg'),
(15, 3, 'category', 49, 1, '2021-03-27 08:14:43', '2021-03-27 08:14:43', 'https://res.cloudinary.com/grohealth/image/upload/c_fill,f_auto,fl_lossy,h_650,q_auto,w_1085,x_0,y_0/v1583843120/DCUK/Content/Surprisingly-High-Carb-Food.png'),
(16, 32, 'category', 70, 1, '2021-03-27 08:14:43', '2021-03-27 08:14:43', 'https://img.grouponcdn.com/deal/piR5vAFba9v535wiE5F1/9v-1500x900/v1/c870x524.jpg'),
(17, 24, 'category', 89, 1, '2021-03-27 08:14:43', '2021-03-27 08:14:43', 'https://www.tasteofhome.com/wp-content/uploads/2018/03/Marinated-Cheese_EXPS_THCA18_41873_B01_23_3b.jpg'),
(18, 87, 'category', 97, 1, '2021-03-27 08:14:43', '2021-03-27 08:14:43', 'https://c.ndtvimg.com/2020-04/dih4ifhg_pasta_625x300_22_April_20.jpg'),
(19, 51, 'category', 12, 1, '2021-03-27 08:14:43', '2021-03-27 08:14:43', 'https://www.diabetes.org/sites/default/files/2019-06/Healthy%20Food%20Made%20Easy%20-min.jpg'),
(20, 18, 'category', 39, 1, '2021-03-27 08:14:43', '2021-03-27 08:14:43', 'https://images.adsttc.com/media/images/5e4c/1025/6ee6/7e0b/9d00/0877/large_jpg/feature_-_Main_hall_1.jpg?1582043123'),
(21, 26, 'category', 51, 1, '2021-03-27 08:14:43', '2021-03-27 08:14:43', 'https://c.ndtvimg.com/2020-04/dih4ifhg_pasta_625x300_22_April_20.jpg'),
(22, 46, 'category', 100, 1, '2021-03-27 08:14:43', '2021-03-27 08:14:43', 'https://images.adsttc.com/media/images/5e4c/1025/6ee6/7e0b/9d00/0877/large_jpg/feature_-_Main_hall_1.jpg?1582043123'),
(23, 44, 'category', 70, 1, '2021-03-27 08:14:43', '2021-03-27 08:14:43', 'https://www.yummyhealthyeasy.com/wp-content/uploads/2018/06/Low-Carb-Avocado-Shrimp-Cucumber-Appetizer-Square.jpg'),
(24, 72, 'category', 83, 1, '2021-03-27 08:14:43', '2021-03-27 08:14:43', 'https://www.tasteofhome.com/wp-content/uploads/2018/03/Marinated-Cheese_EXPS_THCA18_41873_B01_23_3b.jpg'),
(25, 85, 'category', 18, 1, '2021-03-27 08:14:43', '2021-03-27 08:14:43', 'https://post.healthline.com/wp-content/uploads/2020/01/pizza-junk-food-grease-732x549-thumbnail.jpg'),
(26, 36, 'category', 15, 1, '2021-03-27 08:14:43', '2021-03-27 08:14:43', 'https://img.grouponcdn.com/deal/piR5vAFba9v535wiE5F1/9v-1500x900/v1/c870x524.jpg'),
(27, 87, 'category', 69, 1, '2021-03-27 08:14:43', '2021-03-27 08:14:43', 'https://res.cloudinary.com/grohealth/image/upload/c_fill,f_auto,fl_lossy,h_650,q_auto,w_1085,x_0,y_0/v1583843120/DCUK/Content/Surprisingly-High-Carb-Food.png'),
(28, 100, 'category', 26, 1, '2021-03-27 08:14:43', '2021-03-27 08:14:43', 'https://hips.hearstapps.com/hmg-prod.s3.amazonaws.com/images/delish-bruschetta-chicken-stuffed-avocados-still003-1531514230.jpg'),
(29, 33, 'category', 74, 1, '2021-03-27 08:14:43', '2021-03-27 08:14:43', 'https://hips.hearstapps.com/hmg-prod.s3.amazonaws.com/images/delish-bruschetta-chicken-stuffed-avocados-still003-1531514230.jpg'),
(30, 35, 'category', 75, 1, '2021-03-27 08:14:43', '2021-03-27 08:14:43', 'https://post.healthline.com/wp-content/uploads/2020/01/pizza-junk-food-grease-732x549-thumbnail.jpg'),
(31, 43, 'category', 92, 1, '2021-03-27 08:14:43', '2021-03-27 08:14:43', 'https://c.ndtvimg.com/high-protein-low-carb-foods_625x300_1527079971895.jpg'),
(32, 8, 'category', 22, 1, '2021-03-27 08:14:43', '2021-03-27 08:14:43', 'https://www.tasteofhome.com/wp-content/uploads/2018/03/Marinated-Cheese_EXPS_THCA18_41873_B01_23_3b.jpg'),
(33, 19, 'category', 58, 1, '2021-03-27 08:14:43', '2021-03-27 08:14:43', 'https://www.weeklyvillas.es/wp-content/uploads/2017/09/20160827-cherry-tomato-pasta-13-thumb-1500xauto-433876-1.jpg'),
(34, 5, 'category', 38, 1, '2021-03-27 08:14:43', '2021-03-27 08:14:43', 'https://www.yummyhealthyeasy.com/wp-content/uploads/2018/06/Low-Carb-Avocado-Shrimp-Cucumber-Appetizer-Square.jpg'),
(35, 59, 'category', 88, 1, '2021-03-27 08:14:43', '2021-03-27 08:14:43', 'https://c.ndtvimg.com/2020-05/9iuj3h1g_indian-food_625x300_19_May_20.jpg'),
(36, 30, 'category', 39, 1, '2021-03-27 08:14:43', '2021-03-27 08:14:43', 'https://c.ndtvimg.com/high-protein-low-carb-foods_625x300_1527079971895.jpg'),
(37, 41, 'category', 59, 1, '2021-03-27 08:14:43', '2021-03-27 08:14:43', 'https://www.diabetes.org/sites/default/files/2019-06/Healthy%20Food%20Made%20Easy%20-min.jpg'),
(38, 90, 'category', 51, 1, '2021-03-27 08:14:43', '2021-03-27 08:14:43', 'https://c.ndtvimg.com/2020-04/dih4ifhg_pasta_625x300_22_April_20.jpg'),
(39, 72, 'category', 65, 1, '2021-03-27 08:14:43', '2021-03-27 08:14:43', 'https://www.diabetes.org/sites/default/files/2019-06/Healthy%20Food%20Made%20Easy%20-min.jpg'),
(40, 84, 'category', 47, 1, '2021-03-27 08:14:43', '2021-03-27 08:14:43', 'http://d3cq8m7vadlnho.cloudfront.net/wp-content/uploads/2018/08/peruvian-stuffed-avocados-00-500x375.jpg'),
(41, 99, 'category', 4, 1, '2021-03-27 08:14:43', '2021-03-27 08:14:43', 'https://img.grouponcdn.com/deal/piR5vAFba9v535wiE5F1/9v-1500x900/v1/c870x524.jpg'),
(42, 42, 'category', 47, 1, '2021-03-27 08:14:43', '2021-03-27 08:14:43', 'https://c.ndtvimg.com/high-protein-low-carb-foods_625x300_1527079971895.jpg'),
(43, 21, 'category', 8, 1, '2021-03-27 08:14:43', '2021-03-27 08:14:43', 'https://www.yummyhealthyeasy.com/wp-content/uploads/2018/06/Low-Carb-Avocado-Shrimp-Cucumber-Appetizer-Square.jpg'),
(44, 69, 'category', 91, 1, '2021-03-27 08:14:43', '2021-03-27 08:14:43', 'https://c.ndtvimg.com/2020-05/9iuj3h1g_indian-food_625x300_19_May_20.jpg'),
(45, 60, 'category', 76, 1, '2021-03-27 08:14:43', '2021-03-27 08:14:43', 'https://www.weeklyvillas.es/wp-content/uploads/2017/09/20160827-cherry-tomato-pasta-13-thumb-1500xauto-433876-1.jpg'),
(46, 75, 'category', 97, 1, '2021-03-27 08:14:43', '2021-03-27 08:14:43', 'http://planetdiet.org/wp-content/uploads/2020/09/HealthyFood_en9ded853e32e6d029ae67e69693a696a7.jpg'),
(47, 7, 'category', 11, 1, '2021-03-27 08:14:43', '2021-03-27 08:14:43', 'https://res.cloudinary.com/grohealth/image/upload/c_fill,f_auto,fl_lossy,h_650,q_auto,w_1085,x_0,y_0/v1583843120/DCUK/Content/Surprisingly-High-Carb-Food.png'),
(48, 51, 'category', 90, 1, '2021-03-27 08:14:43', '2021-03-27 08:14:43', 'https://img.grouponcdn.com/deal/piR5vAFba9v535wiE5F1/9v-1500x900/v1/c870x524.jpg'),
(49, 70, 'category', 22, 1, '2021-03-27 08:14:43', '2021-03-27 08:14:43', 'https://img.grouponcdn.com/deal/piR5vAFba9v535wiE5F1/9v-1500x900/v1/c870x524.jpg'),
(50, 19, 'category', 80, 1, '2021-03-27 08:14:43', '2021-03-27 08:14:43', 'https://hips.hearstapps.com/hmg-prod.s3.amazonaws.com/images/delish-bruschetta-chicken-stuffed-avocados-still003-1531514230.jpg'),
(51, 61, 'category', 37, 1, '2021-03-27 08:14:43', '2021-03-27 08:14:43', 'https://img.grouponcdn.com/deal/piR5vAFba9v535wiE5F1/9v-1500x900/v1/c870x524.jpg'),
(52, 91, 'category', 10, 1, '2021-03-27 08:14:43', '2021-03-27 08:14:43', 'http://planetdiet.org/wp-content/uploads/2020/09/HealthyFood_en9ded853e32e6d029ae67e69693a696a7.jpg'),
(53, 55, 'category', 56, 1, '2021-03-27 08:14:43', '2021-03-27 08:14:43', 'https://hips.hearstapps.com/hmg-prod.s3.amazonaws.com/images/delish-bruschetta-chicken-stuffed-avocados-still003-1531514230.jpg'),
(54, 74, 'category', 45, 1, '2021-03-27 08:14:43', '2021-03-27 08:14:43', 'https://hips.hearstapps.com/hmg-prod.s3.amazonaws.com/images/delish-bruschetta-chicken-stuffed-avocados-still003-1531514230.jpg'),
(55, 90, 'category', 95, 1, '2021-03-27 08:14:43', '2021-03-27 08:14:43', 'https://www.diabetes.org/sites/default/files/2019-06/Healthy%20Food%20Made%20Easy%20-min.jpg'),
(56, 94, 'category', 77, 1, '2021-03-27 08:14:43', '2021-03-27 08:14:43', 'https://img.grouponcdn.com/deal/piR5vAFba9v535wiE5F1/9v-1500x900/v1/c870x524.jpg'),
(57, 83, 'category', 49, 1, '2021-03-27 08:14:43', '2021-03-27 08:14:43', 'https://c.ndtvimg.com/2020-04/dih4ifhg_pasta_625x300_22_April_20.jpg'),
(58, 80, 'category', 84, 1, '2021-03-27 08:14:43', '2021-03-27 08:14:43', 'https://res.cloudinary.com/grohealth/image/upload/c_fill,f_auto,fl_lossy,h_650,q_auto,w_1085,x_0,y_0/v1583843120/DCUK/Content/Surprisingly-High-Carb-Food.png'),
(59, 41, 'category', 52, 1, '2021-03-27 08:14:43', '2021-03-27 08:14:43', 'https://c.ndtvimg.com/2020-05/9iuj3h1g_indian-food_625x300_19_May_20.jpg'),
(60, 12, 'category', 24, 1, '2021-03-27 08:14:43', '2021-03-27 08:14:43', 'https://img.grouponcdn.com/deal/piR5vAFba9v535wiE5F1/9v-1500x900/v1/c870x524.jpg'),
(61, 100, 'category', 21, 1, '2021-03-27 08:14:43', '2021-03-27 08:14:43', 'http://d3cq8m7vadlnho.cloudfront.net/wp-content/uploads/2018/08/peruvian-stuffed-avocados-00-500x375.jpg'),
(62, 58, 'category', 81, 1, '2021-03-27 08:14:43', '2021-03-27 08:14:43', 'https://hips.hearstapps.com/hmg-prod.s3.amazonaws.com/images/delish-bruschetta-chicken-stuffed-avocados-still003-1531514230.jpg'),
(63, 41, 'category', 83, 1, '2021-03-27 08:14:43', '2021-03-27 08:14:43', 'https://c.ndtvimg.com/high-protein-low-carb-foods_625x300_1527079971895.jpg'),
(64, 56, 'category', 60, 1, '2021-03-27 08:14:43', '2021-03-27 08:14:43', 'https://c.ndtvimg.com/2020-05/9iuj3h1g_indian-food_625x300_19_May_20.jpg'),
(65, 86, 'category', 100, 1, '2021-03-27 08:14:43', '2021-03-27 08:14:43', 'https://res.cloudinary.com/grohealth/image/upload/c_fill,f_auto,fl_lossy,h_650,q_auto,w_1085,x_0,y_0/v1583843120/DCUK/Content/Surprisingly-High-Carb-Food.png'),
(66, 8, 'category', 85, 1, '2021-03-27 08:14:43', '2021-03-27 08:14:43', 'https://www.diabetes.org/sites/default/files/2019-06/Healthy%20Food%20Made%20Easy%20-min.jpg'),
(67, 53, 'category', 36, 1, '2021-03-27 08:14:43', '2021-03-27 08:14:43', 'https://www.tasteofhome.com/wp-content/uploads/2018/03/Marinated-Cheese_EXPS_THCA18_41873_B01_23_3b.jpg'),
(68, 76, 'category', 51, 1, '2021-03-27 08:14:43', '2021-03-27 08:14:43', 'https://post.healthline.com/wp-content/uploads/2020/01/pizza-junk-food-grease-732x549-thumbnail.jpg'),
(69, 66, 'category', 48, 1, '2021-03-27 08:14:43', '2021-03-27 08:14:43', 'https://www.weeklyvillas.es/wp-content/uploads/2017/09/20160827-cherry-tomato-pasta-13-thumb-1500xauto-433876-1.jpg'),
(70, 49, 'category', 44, 1, '2021-03-27 08:14:43', '2021-03-27 08:14:43', 'https://post.healthline.com/wp-content/uploads/2020/01/pizza-junk-food-grease-732x549-thumbnail.jpg'),
(71, 23, 'category', 99, 1, '2021-03-27 08:14:43', '2021-03-27 08:14:43', 'https://www.tasteofhome.com/wp-content/uploads/2018/03/Marinated-Cheese_EXPS_THCA18_41873_B01_23_3b.jpg'),
(72, 3, 'category', 34, 1, '2021-03-27 08:14:43', '2021-03-27 08:14:43', 'https://www.yummyhealthyeasy.com/wp-content/uploads/2018/06/Low-Carb-Avocado-Shrimp-Cucumber-Appetizer-Square.jpg'),
(73, 84, 'category', 42, 1, '2021-03-27 08:14:43', '2021-03-27 08:14:43', 'https://hips.hearstapps.com/hmg-prod.s3.amazonaws.com/images/delish-bruschetta-chicken-stuffed-avocados-still003-1531514230.jpg'),
(74, 81, 'category', 16, 1, '2021-03-27 08:14:43', '2021-03-27 08:14:43', 'https://hips.hearstapps.com/hmg-prod.s3.amazonaws.com/images/delish-bruschetta-chicken-stuffed-avocados-still003-1531514230.jpg'),
(75, 91, 'category', 65, 1, '2021-03-27 08:14:43', '2021-03-27 08:14:43', 'https://post.healthline.com/wp-content/uploads/2020/01/pizza-junk-food-grease-732x549-thumbnail.jpg'),
(76, 74, 'category', 72, 1, '2021-03-27 08:14:43', '2021-03-27 08:14:43', 'http://planetdiet.org/wp-content/uploads/2020/09/HealthyFood_en9ded853e32e6d029ae67e69693a696a7.jpg'),
(77, 4, 'category', 87, 1, '2021-03-27 08:14:43', '2021-03-27 08:14:43', 'https://res.cloudinary.com/grohealth/image/upload/c_fill,f_auto,fl_lossy,h_650,q_auto,w_1085,x_0,y_0/v1583843120/DCUK/Content/Surprisingly-High-Carb-Food.png'),
(78, 1, 'category', 57, 1, '2021-03-27 08:14:43', '2021-03-27 08:14:43', 'https://www.yummyhealthyeasy.com/wp-content/uploads/2018/06/Low-Carb-Avocado-Shrimp-Cucumber-Appetizer-Square.jpg'),
(79, 70, 'category', 30, 1, '2021-03-27 08:14:43', '2021-03-27 08:14:43', 'https://www.weeklyvillas.es/wp-content/uploads/2017/09/20160827-cherry-tomato-pasta-13-thumb-1500xauto-433876-1.jpg'),
(80, 85, 'category', 78, 1, '2021-03-27 08:14:43', '2021-03-27 08:14:43', 'https://post.healthline.com/wp-content/uploads/2020/01/pizza-junk-food-grease-732x549-thumbnail.jpg'),
(81, 17, 'category', 79, 1, '2021-03-27 08:14:43', '2021-03-27 08:14:43', 'https://c.ndtvimg.com/2020-04/dih4ifhg_pasta_625x300_22_April_20.jpg'),
(82, 70, 'category', 19, 1, '2021-03-27 08:14:43', '2021-03-27 08:14:43', 'https://c.ndtvimg.com/2020-05/9iuj3h1g_indian-food_625x300_19_May_20.jpg'),
(83, 8, 'category', 32, 1, '2021-03-27 08:14:43', '2021-03-27 08:14:43', 'https://www.tasteofhome.com/wp-content/uploads/2018/03/Marinated-Cheese_EXPS_THCA18_41873_B01_23_3b.jpg'),
(84, 17, 'category', 80, 1, '2021-03-27 08:14:43', '2021-03-27 08:14:43', 'https://www.tasteofhome.com/wp-content/uploads/2018/03/Marinated-Cheese_EXPS_THCA18_41873_B01_23_3b.jpg'),
(85, 92, 'category', 27, 1, '2021-03-27 08:14:43', '2021-03-27 08:14:43', 'http://planetdiet.org/wp-content/uploads/2020/09/HealthyFood_en9ded853e32e6d029ae67e69693a696a7.jpg'),
(86, 14, 'category', 64, 1, '2021-03-27 08:14:43', '2021-03-27 08:14:43', 'https://hips.hearstapps.com/hmg-prod.s3.amazonaws.com/images/delish-bruschetta-chicken-stuffed-avocados-still003-1531514230.jpg'),
(87, 97, 'category', 23, 1, '2021-03-27 08:14:43', '2021-03-27 08:14:43', 'https://www.yummyhealthyeasy.com/wp-content/uploads/2018/06/Low-Carb-Avocado-Shrimp-Cucumber-Appetizer-Square.jpg'),
(88, 39, 'category', 99, 1, '2021-03-27 08:14:43', '2021-03-27 08:14:43', 'https://www.diabetes.org/sites/default/files/2019-06/Healthy%20Food%20Made%20Easy%20-min.jpg'),
(89, 65, 'category', 3, 1, '2021-03-27 08:14:43', '2021-03-27 08:14:43', 'https://c.ndtvimg.com/2020-05/9iuj3h1g_indian-food_625x300_19_May_20.jpg'),
(90, 87, 'category', 66, 1, '2021-03-27 08:14:43', '2021-03-27 08:14:43', 'https://c.ndtvimg.com/high-protein-low-carb-foods_625x300_1527079971895.jpg'),
(91, 98, 'category', 8, 1, '2021-03-27 08:14:43', '2021-03-27 08:14:43', 'https://www.diabetes.org/sites/default/files/2019-06/Healthy%20Food%20Made%20Easy%20-min.jpg'),
(92, 54, 'category', 48, 1, '2021-03-27 08:14:43', '2021-03-27 08:14:43', 'https://www.yummyhealthyeasy.com/wp-content/uploads/2018/06/Low-Carb-Avocado-Shrimp-Cucumber-Appetizer-Square.jpg'),
(93, 33, 'category', 55, 1, '2021-03-27 08:14:43', '2021-03-27 08:14:43', 'http://planetdiet.org/wp-content/uploads/2020/09/HealthyFood_en9ded853e32e6d029ae67e69693a696a7.jpg'),
(94, 20, 'category', 79, 1, '2021-03-27 08:14:43', '2021-03-27 08:14:43', 'https://img.grouponcdn.com/deal/piR5vAFba9v535wiE5F1/9v-1500x900/v1/c870x524.jpg'),
(95, 48, 'category', 47, 1, '2021-03-27 08:14:43', '2021-03-27 08:14:43', 'https://res.cloudinary.com/grohealth/image/upload/c_fill,f_auto,fl_lossy,h_650,q_auto,w_1085,x_0,y_0/v1583843120/DCUK/Content/Surprisingly-High-Carb-Food.png'),
(96, 1, 'category', 79, 1, '2021-03-27 08:14:43', '2021-03-27 08:14:43', 'https://img.grouponcdn.com/deal/piR5vAFba9v535wiE5F1/9v-1500x900/v1/c870x524.jpg'),
(97, 30, 'category', 23, 1, '2021-03-27 08:14:43', '2021-03-27 08:14:43', 'https://hips.hearstapps.com/hmg-prod.s3.amazonaws.com/images/delish-bruschetta-chicken-stuffed-avocados-still003-1531514230.jpg'),
(98, 53, 'category', 90, 1, '2021-03-27 08:14:43', '2021-03-27 08:14:43', 'https://c.ndtvimg.com/high-protein-low-carb-foods_625x300_1527079971895.jpg'),
(99, 5, 'category', 97, 1, '2021-03-27 08:14:43', '2021-03-27 08:14:43', 'https://res.cloudinary.com/grohealth/image/upload/c_fill,f_auto,fl_lossy,h_650,q_auto,w_1085,x_0,y_0/v1583843120/DCUK/Content/Surprisingly-High-Carb-Food.png'),
(100, 81, 'category', 74, 1, '2021-03-27 08:14:43', '2021-03-27 08:14:43', 'https://c.ndtvimg.com/high-protein-low-carb-foods_625x300_1527079971895.jpg'),
(101, 1, 'Category', 1, 1, '2021-05-18 05:14:08', '2021-05-18 05:14:08', 'https://khufudashboard.digisolapps.com/uploads/slider/DpcLJWpwmGXiHBq1621322048.png'),
(102, 2, 'Category', 2, 1, '2021-05-18 05:34:31', '2021-05-18 05:34:31', 'https://khufudashboard.digisolapps.com/uploads/slider/tSnJThZMKueMmCu1621323271.png'),
(103, 1, 'Category', 1, 1, '2021-05-18 05:36:02', '2021-05-18 05:36:02', 'https://khufudashboard.digisolapps.com/uploads/slider/kmMDOBIsNCZDDUz1621323362.png');

-- --------------------------------------------------------

--
-- Table structure for table `supermarkets`
--

CREATE TABLE `supermarkets` (
  `id` bigint(20) UNSIGNED NOT NULL,
  `branche_id` bigint(20) UNSIGNED NOT NULL,
  `tax` double(8,2) NOT NULL,
  `supermarkets_Image` text COLLATE utf8mb4_unicode_ci NOT NULL,
  `status` int(11) NOT NULL COMMENT '0.InActive 1.Active',
  `city` varchar(255) COLLATE utf8mb4_unicode_ci NOT NULL,
  `lat` varchar(255) COLLATE utf8mb4_unicode_ci NOT NULL,
  `long` varchar(255) COLLATE utf8mb4_unicode_ci NOT NULL,
  `phone_number` varchar(255) COLLATE utf8mb4_unicode_ci NOT NULL,
  `delivery_free` int(11) DEFAULT NULL COMMENT '0.InActive 1.Active',
  `rating` float(5,1) DEFAULT '0.0',
  `order_count` int(11) DEFAULT NULL,
  `street_number` varchar(255) COLLATE utf8mb4_unicode_ci DEFAULT NULL,
  `street_name` varchar(255) COLLATE utf8mb4_unicode_ci DEFAULT NULL,
  `estimate_delivery_time` int(50) NOT NULL,
  `created_at` timestamp NULL DEFAULT NULL,
  `updated_at` timestamp NULL DEFAULT NULL,
  `RatingCount` int(11) NOT NULL,
  `OfferValue` float NOT NULL,
  `Offer_type` int(11) NOT NULL COMMENT '0.NoOffer 1.offer_parcent 2.offer_value'
) ENGINE=InnoDB DEFAULT CHARSET=utf8mb4 COLLATE=utf8mb4_unicode_ci;

--
-- Dumping data for table `supermarkets`
--

INSERT INTO `supermarkets` (`id`, `branche_id`, `tax`, `supermarkets_Image`, `status`, `city`, `lat`, `long`, `phone_number`, `delivery_free`, `rating`, `order_count`, `street_number`, `street_name`, `estimate_delivery_time`, `created_at`, `updated_at`, `RatingCount`, `OfferValue`, `Offer_type`) VALUES
(1, 101, 16.00, 'https://i.pinimg.com/736x/27/84/74/27847408d83e8090397a66ae8c2bdfc6.jpg', 0, '85393 Cristal Stream Apt. 672Jacobsonview, LA 62076 12', '44.339565', '44.216516', '+1-906-870-2236', 1, 5.0, NULL, NULL, NULL, 120, '2021-03-25 11:44:29', '2021-05-08 08:36:17', 10000, 70, 0),
(2, 102, 16.00, 'https://image.freepik.com/free-vector/supermarket-logo_23-2148476403.jpg', 1, '604 Sigrid Loaf Suite 934\nOlsonfurt, ME 86861', '33.7490', '-84.3880', '841.732.5436', 0, 2.6, NULL, NULL, NULL, 20, '2021-03-25 11:44:29', '2021-03-25 11:44:29', 1000, 80, 0),
(3, 103, 16.00, 'https://i.pinimg.com/originals/58/d1/28/58d1288f7821fc28142e999091afb409.png', 1, '3060 Estella Ranch Suite 762\nD\'Amoreton, NC 20451-9087', '32.842674', '44.216516', '+1 (408) 440-5182', 1, 4.9, NULL, NULL, NULL, 20, '2021-03-25 11:44:29', '2021-03-25 11:44:29', 2000, 60, 1),
(4, 104, 16.00, 'https://i.pinimg.com/736x/76/83/ca/7683ca0955f7d708cf0a760ce98c55f1.jpg', 1, '691 Halie Way Apt. 660\nNew Ellsworth, MI 63686', '44.339565', '-84.3880', '+12186555814', 0, 3.4, NULL, NULL, NULL, 20, '2021-03-25 11:44:29', '2021-03-25 11:44:29', 200, 80, 2),
(5, 105, 16.00, 'https://i.pinimg.com/736x/27/84/74/27847408d83e8090397a66ae8c2bdfc6.jpg', 1, '560 Jaskolski Inlet Apt. 452\nWest Bricehaven, HI 33753-2383', '32.842674', '-84.3880', '617-517-6445', 0, 4.3, NULL, NULL, NULL, 20, '2021-03-25 11:44:29', '2021-03-25 11:44:29', 500, 60, 2),
(6, 106, 16.00, 'https://image.freepik.com/free-vector/supermarket-logo-design_23-2148473715.jpg', 1, '4458 Eichmann Field\nDarenbury, AZ 98404-9875', '33.7490', '10.457361', '(990) 648-5751', 0, 2.6, NULL, NULL, NULL, 120, '2021-03-25 11:44:29', '2021-03-25 11:44:29', 10000, 70, 0),
(7, 107, 16.00, 'https://i.pinimg.com/736x/76/83/ca/7683ca0955f7d708cf0a760ce98c55f1.jpg', 1, '43337 Elizabeth Island Suite 836\nSouth Burleyburgh, AK 23505', '33.7490', '10.457361', '+1-842-818-4990', 1, 4.9, NULL, NULL, NULL, 120, '2021-03-25 11:44:29', '2021-03-25 11:44:29', 1000, 80, 0),
(8, 108, 16.00, 'https://i.pinimg.com/originals/2c/d8/9d/2cd89dc044fb90af05b9449431c17fb1.jpg', 1, '32626 Reichert Station\nCarminemouth, PA 70232-8178', '44.339565', '-84.3880', '+1 (231) 604-5614', 1, 1.3, NULL, NULL, NULL, 120, '2021-03-25 11:44:29', '2021-03-25 11:44:29', 10000, 90, 1),
(9, 109, 16.00, 'https://i.pinimg.com/736x/76/83/ca/7683ca0955f7d708cf0a760ce98c55f1.jpg', 1, '95222 Weissnat Pass\nGregorymouth, CO 89925-2693', '32.842674', '10.457361', '+1 (670) 648-7267', 1, 4.9, NULL, NULL, NULL, 30, '2021-03-25 11:44:29', '2021-03-25 11:44:29', 6000, 70, 2),
(10, 110, 16.00, 'https://www.creativefabrica.com/wp-content/uploads/2020/04/07/Supermarket-logo-template-design-vector-Graphics-3811941-1-1-580x348.jpg', 1, '51195 Rosendo Cape\nRennerchester, OR 81512', '44.339565', '10.457361', '+1 (637) 563-3771', 1, 2.3, NULL, NULL, NULL, 30, '2021-03-25 11:44:29', '2021-03-25 11:44:29', 100, 50, 0),
(11, 111, 16.00, 'https://image.freepik.com/free-vector/supermarket-logo_23-2148476403.jpg', 1, '440 King Station\nEthelynborough, VT 03077', '32.842674', '-84.3880', '+1-975-503-2226', 1, 2.3, NULL, NULL, NULL, 20, '2021-03-25 11:44:29', '2021-03-25 11:44:29', 10000, 50, 2),
(12, 112, 16.00, 'https://i.pinimg.com/originals/f9/a9/78/f9a978e4ccd5cb6dfbd92e720cb06158.jpg', 1, '24105 Beer Wells Apt. 468\nRutherfordport, OH 33241', '44.339565', '44.216516', '+16242782784', 1, 2.6, NULL, NULL, NULL, 30, '2021-03-25 11:44:29', '2021-03-25 11:44:29', 10000, 60, 1),
(13, 113, 16.00, 'https://i.pinimg.com/originals/f9/a9/78/f9a978e4ccd5cb6dfbd92e720cb06158.jpg', 1, '5032 Lebsack Underpass\nNew Vladimirburgh, NV 37717-1612', '32.842674', '10.457361', '1-459-624-4501', 0, 5.0, NULL, NULL, NULL, 40, '2021-03-25 11:44:29', '2021-03-25 11:44:29', 10000, 50, 2),
(14, 114, 16.00, 'https://image.freepik.com/free-vector/green-supermarket-corporate-identity-logo-template_23-2148453180.jpg', 1, '731 Florencio Forge Apt. 287\nDanielaport, OR 46706', '32.842674', '44.216516', '457.701.5375', 1, 4.9, NULL, NULL, NULL, 30, '2021-03-25 11:44:29', '2021-03-25 11:44:29', 200, 90, 1),
(15, 115, 16.00, 'https://image.freepik.com/free-vector/supermarket-logo-template_23-2148451518.jpg', 1, '287 Einar Estate Suite 774\nBrendanchester, IA 44564-5339', '33.7490', '-84.3880', '+1-347-571-9052', 0, 2.6, NULL, NULL, NULL, 20, '2021-03-25 11:44:29', '2021-03-25 11:44:29', 500, 80, 0),
(16, 116, 16.00, 'https://image.freepik.com/free-vector/supermarket-logo-with-groceries_23-2148470294.jpg', 1, '1686 Medhurst Junctions\nPort Carmelaborough, MO 93339', '44.339565', '-84.3880', '1-809-732-9031', 0, 2.3, NULL, NULL, NULL, 20, '2021-03-25 11:44:29', '2021-03-25 11:44:29', 1000, 60, 0),
(17, 117, 16.00, 'https://t3.ftcdn.net/jpg/03/25/44/22/360_F_325442222_vz4ZNIo3mTVFAyujd4GQveg074zSxXyi.jpg', 1, '29073 Clifford Vista Suite 181\nNew Heidi, GA 53068-1143', '32.842674', '44.216516', '1-559-586-3902', 1, 1.3, NULL, NULL, NULL, 30, '2021-03-25 11:44:29', '2021-03-25 11:44:29', 6000, 60, 1),
(18, 118, 16.00, 'https://i.pinimg.com/originals/f9/a9/78/f9a978e4ccd5cb6dfbd92e720cb06158.jpg', 1, '362 Verna Isle Suite 763\nEthylstad, ID 40523', '33.7490', '44.216516', '+1 (946) 208-6530', 0, 3.3, NULL, NULL, NULL, 60, '2021-03-25 11:44:29', '2021-03-25 11:44:29', 6000, 60, 0),
(19, 119, 16.00, 'https://image.freepik.com/free-vector/supermarket-logo-with-groceries_23-2148470294.jpg', 1, '75588 Luis Plains Apt. 722\nLake Rosalyn, FL 61609', '44.339565', '10.457361', '+1-260-276-7371', 1, 4.3, NULL, NULL, NULL, 20, '2021-03-25 11:44:29', '2021-03-25 11:44:29', 1000, 60, 2),
(20, 120, 16.00, 'https://image.freepik.com/free-vector/green-supermarket-corporate-identity-logo-template_23-2148453180.jpg', 1, '610 Walter Lodge Apt. 422\nHauckview, TX 24053', '33.7490', '10.457361', '1-271-938-9160', 1, 2.6, NULL, NULL, NULL, 120, '2021-03-25 11:44:29', '2021-03-25 11:44:29', 100, 80, 1),
(21, 121, 16.00, 'https://image.shutterstock.com/image-vector/vector-logo-market-bags-tape-260nw-742413157.jpg', 1, '2279 Gerlach Canyon\nNorth Melvinhaven, TX 64909-4532', '33.7490', '10.457361', '1-927-625-1791', 1, 4.9, NULL, NULL, NULL, 120, '2021-03-25 11:44:29', '2021-03-25 11:44:29', 200, 80, 1),
(22, 122, 16.00, 'https://image.freepik.com/free-vector/shopping-cart-supermarket-logo_23-2148470296.jpg', 1, '235 Tyler Trail Apt. 755\nDellatown, OR 31044-5312', '33.7490', '-84.3880', '808-644-0524', 0, 4.3, NULL, NULL, NULL, 120, '2021-03-25 11:44:29', '2021-03-25 11:44:29', 500, 70, 1),
(23, 123, 16.00, 'https://image.freepik.com/free-vector/supermarket-logo-template_23-2148451518.jpg', 1, '5170 Myriam Turnpike\nAndersonport, TN 71639-3549', '44.339565', '-84.3880', '1-943-787-2823', 1, 1.3, NULL, NULL, NULL, 120, '2021-03-25 11:44:29', '2021-03-25 11:44:29', 1000, 80, 1),
(24, 124, 16.00, 'https://i.pinimg.com/originals/f9/a9/78/f9a978e4ccd5cb6dfbd92e720cb06158.jpg', 1, '19530 Jules Dale Suite 498\nLake Branson, AL 59970', '33.7490', '44.216516', '268-830-3406', 0, 3.3, NULL, NULL, NULL, 120, '2021-03-25 11:44:29', '2021-03-25 11:44:29', 10000, 60, 0),
(25, 125, 16.00, 'https://t3.ftcdn.net/jpg/03/25/44/22/360_F_325442222_vz4ZNIo3mTVFAyujd4GQveg074zSxXyi.jpg', 1, '910 Brakus Cliffs\nNorth Jordyland, NC 88755', '44.339565', '-84.3880', '+1-343-570-2645', 0, 3.4, NULL, NULL, NULL, 120, '2021-03-25 11:44:29', '2021-03-25 11:44:29', 6000, 60, 2),
(26, 126, 16.00, 'https://www.designevo.com/res/templates/thumb_small/green-star-and-shopping-trolley.png', 1, '2113 Dickens Knolls\nLake Kelvin, OH 71139-2061', '44.339565', '44.216516', '927-603-9323', 0, 1.3, NULL, NULL, NULL, 20, '2021-03-25 11:44:29', '2021-03-25 11:44:29', 100, 80, 0),
(27, 127, 16.00, 'https://i.pinimg.com/736x/76/83/ca/7683ca0955f7d708cf0a760ce98c55f1.jpg', 1, '94001 Marielle Pike Suite 099\nEast Coby, DC 58606', '44.339565', '10.457361', '+1.396.864.6435', 1, 5.0, NULL, NULL, NULL, 120, '2021-03-25 11:44:29', '2021-03-25 11:44:29', 500, 90, 2),
(28, 128, 16.00, 'https://www.creativefabrica.com/wp-content/uploads/2020/04/07/Supermarket-logo-template-design-vector-Graphics-3812025-1.jpg', 1, '2480 Turner Squares Apt. 921\nPort Tobinhaven, IN 91475-1374', '44.339565', '44.216516', '+19547929721', 0, 3.3, NULL, NULL, NULL, 120, '2021-03-25 11:44:29', '2021-03-25 11:44:29', 500, 80, 1),
(29, 129, 16.00, 'https://i.pinimg.com/originals/58/d1/28/58d1288f7821fc28142e999091afb409.png', 1, '7684 Glover Dale\nSwaniawskibury, DC 41235-7904', '33.7490', '44.216516', '1-626-950-0648', 1, 2.6, NULL, NULL, NULL, 20, '2021-03-25 11:44:29', '2021-03-25 11:44:29', 2000, 50, 0),
(30, 130, 16.00, 'https://i.pinimg.com/originals/bb/a3/3b/bba33b9bb6672588903da9a858dc6e1e.jpg', 1, '11992 Marion Loaf Apt. 790\nClementineborough, SD 52158', '44.339565', '44.216516', '664-398-5868', 0, 3.4, NULL, NULL, NULL, 40, '2021-03-25 11:44:29', '2021-03-25 11:44:29', 1000, 70, 1),
(31, 131, 16.00, 'https://www.creativefabrica.com/wp-content/uploads/2020/04/07/Supermarket-logo-template-design-vector-Graphics-3811941-1-1-580x348.jpg', 1, '2944 Lenore View\nJosechester, NC 72265', '32.842674', '10.457361', '+18086000168', 0, 4.3, NULL, NULL, NULL, 30, '2021-03-25 11:44:29', '2021-03-25 11:44:29', 10000, 90, 1),
(32, 132, 16.00, 'https://i.pinimg.com/originals/bb/a3/3b/bba33b9bb6672588903da9a858dc6e1e.jpg', 1, '59617 Kristopher Cliffs\nNorth Nashland, IN 65918-5917', '33.7490', '44.216516', '(304) 354-1453', 1, 2.6, NULL, NULL, NULL, 60, '2021-03-25 11:44:29', '2021-03-25 11:44:29', 500, 80, 0),
(33, 133, 16.00, 'https://t3.ftcdn.net/jpg/02/93/25/08/360_F_293250893_9JPi0KRgxU2yNz3Wh8JZGmoRU2pMyBIx.jpg', 1, '626 Hegmann Circle Suite 650\nEast Rasheedfort, WV 45388', '33.7490', '-84.3880', '713.485.9316', 0, 5.0, NULL, NULL, NULL, 40, '2021-03-25 11:44:29', '2021-03-25 11:44:29', 10000, 80, 1),
(34, 134, 16.00, 'https://image.freepik.com/free-vector/green-supermarket-corporate-identity-logo-template_23-2148453180.jpg', 1, '5924 Rippin Estate\nDarioland, AR 18133', '44.339565', '10.457361', '+1 (665) 242-1688', 0, 3.3, NULL, NULL, NULL, 40, '2021-03-25 11:44:29', '2021-03-25 11:44:29', 100, 70, 1),
(35, 135, 16.00, 'https://www.creativefabrica.com/wp-content/uploads/2020/04/07/Supermarket-logo-template-design-vector-Graphics-3811932-1.jpg', 1, '28635 Towne Tunnel\nNew Margaretborough, ME 86361-2726', '44.339565', '44.216516', '1-728-398-1078', 0, 3.3, NULL, NULL, NULL, 30, '2021-03-25 11:44:29', '2021-03-25 11:44:29', 100, 70, 1),
(36, 136, 16.00, 'https://logopond.com/logos/6e921f66e73faec103722e4f2e9eb279.png', 1, '51411 Cassin Ville Suite 141\nHillsfort, WI 93662-8101', '32.842674', '44.216516', '(807) 397-0747', 1, 2.6, NULL, NULL, NULL, 120, '2021-03-25 11:44:29', '2021-03-25 11:44:29', 3000, 90, 2),
(37, 137, 16.00, 'https://image.freepik.com/free-vector/supermarket-logo-design_23-2148473715.jpg', 1, '482 Douglas Junction Suite 968\nNorth Hal, PA 11928-3873', '32.842674', '10.457361', '(620) 227-7447', 0, 2.6, NULL, NULL, NULL, 120, '2021-03-25 11:44:29', '2021-03-25 11:44:29', 2000, 70, 1),
(38, 138, 16.00, 'https://logopond.com/logos/6e921f66e73faec103722e4f2e9eb279.png', 1, '93806 Green Plain\nEast Eleanoreport, NE 48065-0074', '33.7490', '10.457361', '1-662-863-0029', 0, 5.0, NULL, NULL, NULL, 20, '2021-03-25 11:44:29', '2021-03-25 11:44:29', 100, 90, 2),
(39, 139, 16.00, 'https://image.freepik.com/free-vector/supermarket-logo-design_23-2148473715.jpg', 1, '1909 Dickens Viaduct\nWest Royceborough, DC 51648-1062', '33.7490', '-84.3880', '+14427448887', 1, 3.4, NULL, NULL, NULL, 20, '2021-03-25 11:44:29', '2021-03-25 11:44:29', 2000, 80, 1),
(40, 140, 16.00, 'https://www.creativefabrica.com/wp-content/uploads/2020/04/07/Supermarket-logo-template-design-vector-Graphics-3811941-1-1-580x348.jpg', 1, '245 Adelia Track\nWest Jamil, IA 59292', '44.339565', '44.216516', '1-264-308-1213', 1, 4.9, NULL, NULL, NULL, 20, '2021-03-25 11:44:29', '2021-03-25 11:44:29', 100, 90, 0),
(41, 141, 16.00, 'https://image.freepik.com/free-vector/shopping-cart-supermarket-logo_23-2148470296.jpg', 1, '8177 Annetta Crossing\nWest Lilyhaven, GA 13947-9652', '32.842674', '10.457361', '+1-783-773-1480', 1, 3.4, NULL, NULL, NULL, 40, '2021-03-25 11:44:29', '2021-03-25 11:44:29', 2000, 60, 2),
(42, 142, 16.00, 'https://i.pinimg.com/originals/58/d1/28/58d1288f7821fc28142e999091afb409.png', 1, '5760 Willms Way Suite 653\nOrphaside, AR 62108-1200', '44.339565', '10.457361', '+1.204.425.3954', 0, 3.3, NULL, NULL, NULL, 30, '2021-03-25 11:44:29', '2021-03-25 11:44:29', 100, 60, 1),
(43, 143, 16.00, 'https://image.freepik.com/free-vector/supermarket-logo-design_23-2148473715.jpg', 1, '85328 Hamill Shoal\nNorth Faye, NJ 87046-5145', '33.7490', '44.216516', '1-883-713-5714', 0, 2.6, NULL, NULL, NULL, 120, '2021-03-25 11:44:29', '2021-03-25 11:44:29', 2000, 70, 0),
(44, 144, 16.00, 'https://www.creativefabrica.com/wp-content/uploads/2020/04/07/Supermarket-logo-template-design-vector-Graphics-3812025-1.jpg', 1, '10674 Brekke Mountain Apt. 125\nEast Amaniville, KS 05746', '33.7490', '-84.3880', '636-561-6300', 0, 3.4, NULL, NULL, NULL, 40, '2021-03-25 11:44:29', '2021-03-25 11:44:29', 6000, 90, 0),
(45, 145, 16.00, 'https://image.freepik.com/free-vector/green-supermarket-corporate-identity-logo-template_23-2148453180.jpg', 1, '72893 Oleta Square Suite 638\nSigurdbury, AK 60118-9029', '33.7490', '-84.3880', '1-981-563-5090', 1, 2.3, NULL, NULL, NULL, 120, '2021-03-25 11:44:29', '2021-03-25 11:44:29', 10000, 60, 0),
(46, 146, 16.00, 'https://image.freepik.com/free-vector/supermarket-logo_23-2148476403.jpg', 1, '4236 Gulgowski Skyway\nWest Brycen, IL 65942', '33.7490', '-84.3880', '+17106884875', 0, 5.0, NULL, NULL, NULL, 20, '2021-03-25 11:44:29', '2021-03-25 11:44:29', 100, 90, 2),
(47, 147, 16.00, 'https://www.creativefabrica.com/wp-content/uploads/2020/04/07/Supermarket-logo-template-design-vector-Graphics-3811932-1.jpg', 1, '89034 Rebecca Neck\nTremblayshire, OR 50940', '33.7490', '10.457361', '1-897-268-1141', 0, 3.3, NULL, NULL, NULL, 40, '2021-03-25 11:44:29', '2021-03-25 11:44:29', 100, 80, 2),
(48, 148, 16.00, 'https://www.creativefabrica.com/wp-content/uploads/2020/04/07/Supermarket-logo-template-design-vector-Graphics-3811941-1-1-580x348.jpg', 1, '29657 Moen Terrace\nLucasburgh, KS 32178-6092', '44.339565', '10.457361', '671.587.5137', 1, 1.3, NULL, NULL, NULL, 30, '2021-03-25 11:44:29', '2021-03-25 11:44:29', 6000, 60, 0),
(49, 149, 16.00, 'https://image.freepik.com/free-vector/supermarket-logo-design-concept_23-2148496811.jpg', 1, '1443 Raynor Landing Apt. 868\nNikolauschester, OH 45634', '32.842674', '10.457361', '1-538-229-8721', 0, 5.0, NULL, NULL, NULL, 30, '2021-03-25 11:44:29', '2021-03-25 11:44:29', 1000, 50, 0),
(50, 150, 16.00, 'https://i.pinimg.com/originals/f9/a9/78/f9a978e4ccd5cb6dfbd92e720cb06158.jpg', 1, '293 Ona Cape Suite 694\nHellershire, MO 77343-8461', '33.7490', '-84.3880', '+17867720085', 1, 4.9, NULL, NULL, NULL, 30, '2021-03-25 11:44:29', '2021-03-25 11:44:29', 2000, 80, 0),
(51, 151, 16.00, 'https://image.freepik.com/free-vector/green-supermarket-corporate-identity-logo-template_23-2148453180.jpg', 1, '87179 Petra Lane\nCesarstad, NE 01485-3926', '33.7490', '10.457361', '+1 (475) 886-4283', 1, 4.9, NULL, NULL, NULL, 40, '2021-03-25 11:44:29', '2021-03-25 11:44:29', 200, 80, 0),
(52, 152, 16.00, 'https://t3.ftcdn.net/jpg/03/25/44/22/360_F_325442222_vz4ZNIo3mTVFAyujd4GQveg074zSxXyi.jpg', 1, '60824 Marvin Villages Apt. 235\nWest Alexa, MN 90598', '44.339565', '-84.3880', '1-971-760-6107', 1, 1.3, NULL, NULL, NULL, 20, '2021-03-25 11:44:29', '2021-03-25 11:44:29', 1000, 70, 0),
(53, 153, 16.00, 'https://t3.ftcdn.net/jpg/03/25/44/22/360_F_325442222_vz4ZNIo3mTVFAyujd4GQveg074zSxXyi.jpg', 1, '26126 Norene Underpass Suite 026\nEast Scot, IN 48273-9130', '44.339565', '44.216516', '+1.506.431.7539', 0, 3.3, NULL, NULL, NULL, 60, '2021-03-25 11:44:29', '2021-03-25 11:44:29', 500, 50, 1),
(54, 154, 16.00, 'https://image.freepik.com/free-vector/supermarket-logo-design_23-2148458360.jpg', 1, '4419 Einar Trail Apt. 206\nTerryfort, NV 03160', '32.842674', '10.457361', '(939) 644-4480', 1, 2.6, NULL, NULL, NULL, 20, '2021-03-25 11:44:29', '2021-03-25 11:44:29', 500, 70, 0),
(55, 155, 16.00, 'https://logopond.com/logos/6e921f66e73faec103722e4f2e9eb279.png', 1, '144 Neoma Rue Apt. 878\nNorth Izaiahton, UT 43566', '33.7490', '10.457361', '+1-870-961-2587', 1, 4.3, NULL, NULL, NULL, 40, '2021-03-25 11:44:29', '2021-03-25 11:44:29', 100, 80, 0),
(56, 156, 16.00, 'https://i.pinimg.com/originals/58/d1/28/58d1288f7821fc28142e999091afb409.png', 1, '98203 Ward Knoll\nSouth Joe, FL 91197-3130', '32.842674', '44.216516', '+1-437-432-7608', 1, 4.9, NULL, NULL, NULL, 20, '2021-03-25 11:44:29', '2021-03-25 11:44:29', 10000, 70, 0),
(57, 157, 16.00, 'https://www.creativefabrica.com/wp-content/uploads/2020/04/07/Supermarket-logo-template-design-vector-Graphics-3811941-1-1-580x348.jpg', 1, '8794 Aubrey Brooks\nLake Donnieville, AK 28779', '44.339565', '10.457361', '(929) 348-9318', 0, 2.3, NULL, NULL, NULL, 40, '2021-03-25 11:44:29', '2021-03-25 11:44:29', 500, 60, 2),
(58, 158, 16.00, 'https://image.shutterstock.com/image-vector/vector-logo-market-bags-tape-260nw-742413157.jpg', 1, '217 Hyatt Rapid Suite 357\nWest Jerald, DC 80223-8820', '33.7490', '-84.3880', '984-930-5708', 1, 4.9, NULL, NULL, NULL, 60, '2021-03-25 11:44:29', '2021-03-25 11:44:29', 2000, 80, 2),
(59, 159, 16.00, 'https://www.creativefabrica.com/wp-content/uploads/2020/04/07/Supermarket-logo-template-design-vector-Graphics-3811932-1.jpg', 1, '8484 Streich Locks Apt. 088\nTabithaport, IN 57761', '32.842674', '-84.3880', '834.971.8692', 1, 3.3, NULL, NULL, NULL, 20, '2021-03-25 11:44:29', '2021-03-25 11:44:29', 3000, 90, 0),
(60, 160, 16.00, 'https://i.pinimg.com/736x/27/84/74/27847408d83e8090397a66ae8c2bdfc6.jpg', 1, '63552 Carson Overpass\nDouglasmouth, MD 76880', '44.339565', '-84.3880', '+1 (487) 794-7945', 0, 4.3, NULL, NULL, NULL, 120, '2021-03-25 11:44:29', '2021-03-25 11:44:29', 6000, 90, 1),
(61, 161, 16.00, 'https://i.pinimg.com/originals/58/d1/28/58d1288f7821fc28142e999091afb409.png', 1, '612 Antonietta Passage\nNorth Nathan, SC 52557-6882', '32.842674', '44.216516', '213-695-1139', 1, 4.9, NULL, NULL, NULL, 60, '2021-03-25 11:44:29', '2021-03-25 11:44:29', 200, 60, 2),
(62, 162, 16.00, 'https://www.creativefabrica.com/wp-content/uploads/2020/04/07/Supermarket-logo-template-design-vector-Graphics-3811932-1.jpg', 1, '3454 Powlowski Land Apt. 073\nPort Rickie, CA 17269-6556', '44.339565', '44.216516', '1-960-237-3802', 0, 2.6, NULL, NULL, NULL, 30, '2021-03-25 11:44:29', '2021-03-25 11:44:29', 100, 70, 1),
(63, 163, 16.00, 'https://t3.ftcdn.net/jpg/03/25/44/22/360_F_325442222_vz4ZNIo3mTVFAyujd4GQveg074zSxXyi.jpg', 1, '1579 Lilla Unions\nNorth Salvador, OH 87693', '33.7490', '-84.3880', '+1.610.721.2631', 1, 5.0, NULL, NULL, NULL, 120, '2021-03-25 11:44:29', '2021-03-25 11:44:29', 1000, 50, 2),
(64, 164, 16.00, 'https://www.creativefabrica.com/wp-content/uploads/2020/04/07/Supermarket-logo-template-design-vector-Graphics-3811941-1-1-580x348.jpg', 1, '58771 Dayna Trail Suite 979\nTyrelbury, AR 24829', '44.339565', '44.216516', '561-610-5867', 1, 1.3, NULL, NULL, NULL, 40, '2021-03-25 11:44:29', '2021-03-25 11:44:29', 500, 80, 1),
(65, 165, 16.00, 'https://image.freepik.com/free-vector/supermarket-logo-design_23-2148473715.jpg', 1, '52606 Borer Viaduct Apt. 157\nWest Shannon, SC 94263', '33.7490', '10.457361', '204.764.9352', 0, 3.4, NULL, NULL, NULL, 60, '2021-03-25 11:44:29', '2021-03-25 11:44:29', 200, 60, 0),
(66, 166, 16.00, 'https://image.freepik.com/free-vector/shopping-cart-supermarket-logo_23-2148470296.jpg', 1, '41063 Estevan Ports\nLake Clydeberg, OK 86613-8439', '33.7490', '-84.3880', '+19073848676', 1, 1.3, NULL, NULL, NULL, 20, '2021-03-25 11:44:29', '2021-03-25 11:44:29', 6000, 50, 1),
(67, 167, 16.00, 'https://image.freepik.com/free-vector/shopping-cart-supermarket-logo-template_23-2148470295.jpg', 1, '72194 Gabriella Fork Suite 143\nNorth Alfonzo, OK 77910', '32.842674', '-84.3880', '1-797-849-6360', 0, 2.3, NULL, NULL, NULL, 20, '2021-03-25 11:44:29', '2021-03-25 11:44:29', 200, 70, 2),
(68, 168, 16.00, 'https://image.freepik.com/free-vector/supermarket-logo-design-concept_23-2148496811.jpg', 1, '304 Collier Lake\nHarveyfort, NJ 32476', '33.7490', '10.457361', '671.636.6329', 1, 4.3, NULL, NULL, NULL, 40, '2021-03-25 11:44:29', '2021-03-25 11:44:29', 200, 60, 2),
(69, 169, 16.00, 'https://image.freepik.com/free-vector/green-supermarket-corporate-identity-logo-template_23-2148453180.jpg', 1, '751 Myron Cove Apt. 485\nWest Sheridanhaven, OH 58294', '33.7490', '10.457361', '(582) 269-8496', 0, 2.3, NULL, NULL, NULL, 120, '2021-03-25 11:44:29', '2021-03-25 11:44:29', 200, 80, 2),
(70, 170, 16.00, 'https://www.designevo.com/res/templates/thumb_small/green-star-and-shopping-trolley.png', 1, '8183 Gottlieb Lakes\nUrsulafurt, AZ 84258-4875', '32.842674', '44.216516', '767-517-0297', 0, 4.3, NULL, NULL, NULL, 40, '2021-03-25 11:44:29', '2021-03-25 11:44:29', 3000, 80, 0),
(71, 171, 16.00, 'https://i.pinimg.com/originals/f9/a9/78/f9a978e4ccd5cb6dfbd92e720cb06158.jpg', 1, '13947 Mozelle Underpass\nSouth Branson, AZ 57961-6082', '33.7490', '10.457361', '+1-809-213-9861', 0, 5.0, NULL, NULL, NULL, 20, '2021-03-25 11:44:29', '2021-03-25 11:44:29', 100, 50, 2),
(72, 172, 16.00, 'https://image.freepik.com/free-vector/supermarket-logo-design_23-2148458360.jpg', 1, '506 Casandra Place\nWildermantown, NY 33940-9739', '33.7490', '44.216516', '(490) 841-0072', 1, 1.3, NULL, NULL, NULL, 120, '2021-03-25 11:44:29', '2021-03-25 11:44:29', 200, 60, 1),
(73, 173, 16.00, 'https://i.pinimg.com/736x/76/83/ca/7683ca0955f7d708cf0a760ce98c55f1.jpg', 1, '41432 Bergnaum Vista Suite 991\nWest Theo, CO 61054', '33.7490', '-84.3880', '+19825637790', 1, 2.6, NULL, NULL, NULL, 20, '2021-03-25 11:44:29', '2021-03-25 11:44:29', 500, 90, 1),
(74, 174, 16.00, 'https://t3.ftcdn.net/jpg/02/93/25/08/360_F_293250893_9JPi0KRgxU2yNz3Wh8JZGmoRU2pMyBIx.jpg', 1, '6215 Lauren View Apt. 013\nSouth Kayleyburgh, SD 07902-0088', '44.339565', '10.457361', '1-883-376-3574', 0, 4.3, NULL, NULL, NULL, 20, '2021-03-25 11:44:29', '2021-03-25 11:44:29', 2000, 50, 1),
(75, 175, 16.00, 'https://www.creativefabrica.com/wp-content/uploads/2020/04/07/Supermarket-logo-template-design-vector-Graphics-3811941-1-1-580x348.jpg', 1, '277 Cortez Extension\nEast Stephaniamouth, HI 06799-6179', '33.7490', '-84.3880', '549-791-5097', 0, 1.3, NULL, NULL, NULL, 120, '2021-03-25 11:44:29', '2021-03-25 11:44:29', 3000, 60, 2),
(76, 176, 16.00, 'https://image.freepik.com/free-vector/supermarket-logo-template_23-2148451518.jpg', 1, '940 Stephanie Harbors\nNorth Jermaineville, UT 15704', '33.7490', '10.457361', '(404) 453-1478', 1, 3.3, NULL, NULL, NULL, 30, '2021-03-25 11:44:29', '2021-03-25 11:44:29', 10000, 50, 2),
(77, 177, 16.00, 'https://image.freepik.com/free-vector/shopping-cart-supermarket-logo-template_23-2148470295.jpg', 1, '55159 Considine Rest Apt. 122\nWest Daniela, NM 46563', '44.339565', '10.457361', '+1-503-543-4570', 1, 5.0, NULL, NULL, NULL, 20, '2021-03-25 11:44:29', '2021-03-25 11:44:29', 1000, 60, 2),
(78, 178, 16.00, 'https://i.pinimg.com/originals/bb/a3/3b/bba33b9bb6672588903da9a858dc6e1e.jpg', 1, '728 Doug Estates\nLake Myrl, VA 22799-5857', '44.339565', '-84.3880', '242-267-5662', 1, 4.3, NULL, NULL, NULL, 60, '2021-03-25 11:44:29', '2021-03-25 11:44:29', 200, 60, 1),
(79, 179, 16.00, 'https://www.creativefabrica.com/wp-content/uploads/2020/04/07/Supermarket-logo-template-design-vector-Graphics-3812025-1.jpg', 1, '148 Naomi Circle Apt. 855\nImeldafort, MO 48541-5526', '33.7490', '10.457361', '+1-367-808-9128', 0, 5.0, NULL, NULL, NULL, 40, '2021-03-25 11:44:29', '2021-03-25 11:44:29', 2000, 90, 1),
(80, 180, 16.00, 'https://logopond.com/logos/6e921f66e73faec103722e4f2e9eb279.png', 1, '61265 Monroe Station\nMcCulloughstad, NJ 12805', '33.7490', '44.216516', '(596) 566-4551', 0, 1.3, NULL, NULL, NULL, 30, '2021-03-25 11:44:29', '2021-03-25 11:44:29', 10000, 50, 0),
(81, 181, 16.00, 'https://i.pinimg.com/736x/27/84/74/27847408d83e8090397a66ae8c2bdfc6.jpg', 1, '30323 Stoltenberg Field\nNew Laverneville, NV 04421-5009', '33.7490', '-84.3880', '+1-909-610-8780', 1, 3.3, NULL, NULL, NULL, 40, '2021-03-25 11:44:29', '2021-03-25 11:44:29', 6000, 90, 0),
(82, 182, 16.00, 'https://i.pinimg.com/736x/27/84/74/27847408d83e8090397a66ae8c2bdfc6.jpg', 1, '8012 Michale Camp\nLehnermouth, ME 24299', '32.842674', '10.457361', '347.310.2904', 1, 1.3, NULL, NULL, NULL, 20, '2021-03-25 11:44:29', '2021-03-25 11:44:29', 500, 90, 0),
(83, 183, 16.00, 'https://i.pinimg.com/736x/76/83/ca/7683ca0955f7d708cf0a760ce98c55f1.jpg', 1, '7023 Ryder Landing Suite 554\nSouth Candido, MS 91850-3621', '32.842674', '44.216516', '+1-552-443-2171', 1, 1.3, NULL, NULL, NULL, 120, '2021-03-25 11:44:29', '2021-03-25 11:44:29', 200, 70, 1),
(84, 184, 16.00, 'https://image.freepik.com/free-vector/supermarket-logo_23-2148476403.jpg', 1, '172 Darien Course\nLefflermouth, ID 77566', '32.842674', '10.457361', '326.278.9893', 0, 3.4, NULL, NULL, NULL, 20, '2021-03-25 11:44:29', '2021-03-25 11:44:29', 2000, 70, 0),
(85, 185, 16.00, 'https://image.freepik.com/free-vector/shopping-cart-supermarket-logo_23-2148470296.jpg', 1, '371 Shanahan Rest Apt. 179\nNew Juneville, MS 65797', '32.842674', '44.216516', '(991) 683-7062', 1, 1.3, NULL, NULL, NULL, 40, '2021-03-25 11:44:29', '2021-03-25 11:44:29', 2000, 70, 1),
(86, 186, 16.00, 'https://image.freepik.com/free-vector/shopping-cart-supermarket-logo_23-2148470296.jpg', 1, '117 Ratke Plains Suite 558\nKutchville, SC 48975', '44.339565', '10.457361', '(246) 610-3593', 0, 5.0, NULL, NULL, NULL, 20, '2021-03-25 11:44:29', '2021-03-25 11:44:29', 500, 60, 2),
(87, 187, 16.00, 'https://image.freepik.com/free-vector/supermarket-logo-template_23-2148451518.jpg', 1, '6174 Reichert Wells\nPollichshire, CO 93157', '33.7490', '-84.3880', '870-539-7702', 0, 3.4, NULL, NULL, NULL, 60, '2021-03-25 11:44:29', '2021-03-25 11:44:29', 500, 80, 1),
(88, 188, 16.00, 'https://t3.ftcdn.net/jpg/02/93/25/08/360_F_293250893_9JPi0KRgxU2yNz3Wh8JZGmoRU2pMyBIx.jpg', 1, '1461 Rod Wells Suite 555\nCreminport, WA 55151-9260', '44.339565', '44.216516', '+1-317-764-0651', 0, 4.3, NULL, NULL, NULL, 120, '2021-03-25 11:44:29', '2021-03-25 11:44:29', 2000, 60, 0),
(89, 189, 16.00, 'https://i.pinimg.com/736x/76/83/ca/7683ca0955f7d708cf0a760ce98c55f1.jpg', 1, '99502 Beatty Lodge\nAbelborough, KY 21153', '44.339565', '10.457361', '1-863-629-9799', 0, 2.3, NULL, NULL, NULL, 20, '2021-03-25 11:44:29', '2021-03-25 11:44:29', 500, 60, 0),
(90, 190, 16.00, 'https://image.freepik.com/free-vector/shopping-cart-supermarket-logo-template_23-2148470295.jpg', 1, '127 Mitchell Pines Apt. 617\nLake Guiseppe, TN 95382-2445', '33.7490', '-84.3880', '462-826-1263', 1, 3.4, NULL, NULL, NULL, 30, '2021-03-25 11:44:29', '2021-03-25 11:44:29', 3000, 60, 2),
(91, 191, 16.00, 'https://image.freepik.com/free-vector/supermarket-logo-template_23-2148451518.jpg', 1, '4488 Wisoky Circles\nFramiburgh, UT 18191', '32.842674', '10.457361', '730.290.7027', 0, 3.3, NULL, NULL, NULL, 120, '2021-03-25 11:44:29', '2021-03-25 11:44:29', 1000, 50, 2),
(92, 192, 16.00, 'https://i.pinimg.com/736x/76/83/ca/7683ca0955f7d708cf0a760ce98c55f1.jpg', 1, '57161 Dickens Fields\nWest Bobbyton, KY 61006-9229', '33.7490', '-84.3880', '1-298-454-0550', 0, 2.6, NULL, NULL, NULL, 40, '2021-03-25 11:44:29', '2021-03-25 11:44:29', 6000, 70, 1),
(93, 193, 16.00, 'https://image.freepik.com/free-vector/supermarket-logo-design-concept_23-2148496811.jpg', 1, '769 Elyse Place Apt. 277\nLoyalport, MD 85218-9692', '32.842674', '44.216516', '787.776.1669', 0, 2.3, NULL, NULL, NULL, 30, '2021-03-25 11:44:29', '2021-03-25 11:44:29', 6000, 70, 1),
(94, 194, 16.00, 'https://image.freepik.com/free-vector/supermarket-logo-design_23-2148458360.jpg', 1, '326 Effertz Centers\nJenkinsborough, WI 35144', '32.842674', '10.457361', '430-230-6970', 0, 5.0, NULL, NULL, NULL, 60, '2021-03-25 11:44:29', '2021-03-25 11:44:29', 2000, 80, 2),
(95, 195, 16.00, 'https://i.pinimg.com/736x/76/83/ca/7683ca0955f7d708cf0a760ce98c55f1.jpg', 1, '3580 Roberto Ranch\nRhiannonfurt, AR 69684', '32.842674', '44.216516', '+12024073333', 0, 1.3, NULL, NULL, NULL, 60, '2021-03-25 11:44:29', '2021-03-25 11:44:29', 6000, 70, 1),
(96, 196, 16.00, 'https://www.creativefabrica.com/wp-content/uploads/2020/04/07/Supermarket-logo-template-design-vector-Graphics-3811941-1-1-580x348.jpg', 1, '4657 Morissette Freeway Suite 552\nEast Paulineport, WI 09414-2079', '44.339565', '-84.3880', '1-901-792-0323', 0, 3.3, NULL, NULL, NULL, 30, '2021-03-25 11:44:29', '2021-03-25 11:44:29', 100, 90, 1),
(97, 197, 16.00, 'https://image.freepik.com/free-vector/supermarket-logo_23-2148476403.jpg', 1, '342 Lindgren Freeway\nJadenport, ND 86734', '44.339565', '10.457361', '(565) 565-8195', 1, 1.3, NULL, NULL, NULL, 30, '2021-03-25 11:44:29', '2021-03-25 11:44:29', 100, 60, 2),
(98, 198, 16.00, 'https://image.freepik.com/free-vector/supermarket-logo-design_23-2148473715.jpg', 1, '9617 Schaden Fork\nNew Desmond, DC 77392-4693', '44.339565', '44.216516', '+1.542.813.5983', 0, 1.3, NULL, NULL, NULL, 40, '2021-03-25 11:44:29', '2021-03-25 11:44:29', 500, 90, 0),
(99, 199, 16.00, 'https://image.freepik.com/free-vector/supermarket-logo-design-concept_23-2148496811.jpg', 1, '997 Sabrina Valley Apt. 440\nEast Keara, TX 22281', '32.842674', '10.457361', '+1 (368) 271-3852', 1, 3.4, NULL, NULL, NULL, 60, '2021-03-25 11:44:29', '2021-03-25 11:44:29', 100, 60, 2),
(100, 200, 16.00, 'https://image.freepik.com/free-vector/supermarket-logo-with-groceries_23-2148470294.jpg', 1, '695 Zechariah Lock Apt. 520\nCristobalstad, ME 78266-0712', '33.7490', '10.457361', '+1.746.537.7014', 0, 1.3, NULL, NULL, NULL, 60, '2021-03-25 11:44:29', '2021-03-25 11:44:29', 6000, 80, 0),
(105, 381, 10.00, 'https://khufudashboard.digisolapps.com/uploads/clLiuMAlszHXLCr1623325412.png', 1, 'amman', '31.97217728723679', '35.87197619018555', '0776090', 0, 4.1, NULL, NULL, NULL, 31, '2021-06-10 09:43:32', '2021-06-10 09:43:32', 500, 50, 1);

-- --------------------------------------------------------

--
-- Table structure for table `users`
--

CREATE TABLE `users` (
  `id` bigint(20) UNSIGNED NOT NULL,
  `name` varchar(255) COLLATE utf8mb4_unicode_ci DEFAULT NULL,
  `email` varchar(255) COLLATE utf8mb4_unicode_ci DEFAULT NULL,
  `MobileNumber` varchar(255) COLLATE utf8mb4_unicode_ci NOT NULL,
  `email_verified_at` timestamp NULL DEFAULT NULL,
  `password` varchar(255) COLLATE utf8mb4_unicode_ci DEFAULT NULL,
  `Address` varchar(255) COLLATE utf8mb4_unicode_ci DEFAULT NULL,
  `status` varchar(11) COLLATE utf8mb4_unicode_ci DEFAULT NULL COMMENT 'unactive ,active',
  `remember_token` text COLLATE utf8mb4_unicode_ci,
  `created_at` timestamp NULL DEFAULT NULL,
  `updated_at` timestamp NULL DEFAULT NULL,
  `Type` varchar(255) COLLATE utf8mb4_unicode_ci NOT NULL DEFAULT 'user',
  `lat` varchar(255) COLLATE utf8mb4_unicode_ci DEFAULT NULL,
  `long` varchar(255) COLLATE utf8mb4_unicode_ci DEFAULT NULL,
  `allow_register_vor` int(1) NOT NULL DEFAULT '0',
  `allow_register_driver` int(1) DEFAULT '0',
  `driver_password` varchar(100) COLLATE utf8mb4_unicode_ci DEFAULT NULL
) ENGINE=InnoDB DEFAULT CHARSET=utf8mb4 COLLATE=utf8mb4_unicode_ci;

--
-- Dumping data for table `users`
--

INSERT INTO `users` (`id`, `name`, `email`, `MobileNumber`, `email_verified_at`, `password`, `Address`, `status`, `remember_token`, `created_at`, `updated_at`, `Type`, `lat`, `long`, `allow_register_vor`, `allow_register_driver`, `driver_password`) VALUES
(12, 'mohamamd', NULL, '077554337', NULL, NULL, NULL, 'inactive', 'dKDLWovvTIiUVyyCP4L4Pz:APA91bG25dheZak4NwqDhvlEkSccQgoc52UHNlSqsXBVm75AkJu-MAy3-y-Of3eSHtUrsy5Oqje7KWqB97_K30z1EVL4FEcCRfHbgtzEoUIODKns72ND7NEUDbqTtdX6T77my8OcNDoh', NULL, '2021-06-27 12:40:38', 'driver', '35.8757533', '35.8757533', 1, 1, '123'),
(31, 'jfjfjcjf', NULL, '+962790782033', NULL, NULL, NULL, 'inactive', 'cgPrTqlWTGyFK152nYkcCP:APA91bEsCtkq5vrXoDKJimRcKuWHX6p9lTYC4kJk_kk0xTLtYo28-6JufGXY4du7E7Mx9xXHQMlaZKHkYDSwoJE3aWeLqZWXgTjEX3BczML_py1zlKxeX02eGnD5vGPc3vEzUA_FZLDg', '2021-05-04 10:12:49', '2021-07-01 08:44:20', 'user', NULL, NULL, 0, 1, NULL),
(34, 'ببببب', NULL, '+16043730346', NULL, NULL, NULL, 'active', 'ey8GctVLTRW6SmUscdER37:APA91bGUu2KCADykibnFLKwZKpCUK_kzzpMW7enaEipk_V8CE8358KQZLYZ8XEraZWL6RmGCsKduOxUn4CIyt2AlarWmv1nbYznU6Ej-VgG-Zoxbbly-WBQVjnch8n7gmX-pyPoTYUEO', '2021-05-05 08:13:02', '2021-05-23 04:55:08', 'driver', '35.8623054', '35.8623054\r\n', 0, 0, NULL),
(37, 'اشمرتب', NULL, '+962775054337', NULL, NULL, NULL, 'active', 'd9LYbXTTS6qMCEqoXfLrQW:APA91bH54yqZmN1FFTAbm7KEjKE9lG-HpyjRd_eU2ktrquybpxOmPGcV3TzMakLNSTvWpNlZh2KJc2E5W0g9JXclD8XcURS4amkdmRDCwYeadGjV-4BTpcRtFWsWJPh7GfgUHVOmiRC8', '2021-05-05 10:26:42', '2021-06-14 11:15:05', 'user', NULL, NULL, 1, 1, NULL),
(38, 'thair', NULL, '+962798358521', NULL, NULL, NULL, 'active', 'dL76VRKYTYaEsxPv950CaR:APA91bEW5Bn5zER187Yi0veHi1xhUGOUF_r4qhR6W9M2M2z99M5-IaCKBNtoDz5hnXn8xPKMOSjIwlp0INPHEUFFWvcCO4dcBR17kHozrX2DXMts-EVKpW4ZAfMo0Nb9vcEaA6FB4aHv', '2021-05-05 10:47:43', '2021-06-14 11:15:05', 'user', NULL, NULL, 1, 1, NULL),
(42, 'Thair Zayed', NULL, '+962795644298', NULL, NULL, NULL, 'active', 'cpwtMusvTBaRBYGvb52rG3:APA91bFKZT6f8mgd52AMOXRxsco2mhpUrowu5UBDvm7q4k7FUsaiaV6oRNAwrG344cLl4bPNiDj0nBkr8h84lgnrZFejE2hJB3WwyeCfCOFII0wgZP6w5NWfJD9OxmUXKdVBtRnHuQvu', '2021-05-09 11:00:41', '2021-06-14 11:15:05', 'user', NULL, NULL, 1, 0, NULL),
(44, 'suhaaib', NULL, '+962778858630', NULL, NULL, NULL, 'active', 'cskJJihBTTKNH5vYoMZoSZ:APA91bG5D0mgDJdTwuukXIkzsC8rfPzXgKqW8NCgZRioN0cvcy-fwj0rzA69bFzbDRGn5RjJj-e8HiIgZ5UbChG8EZjHdJrTnabGw1jzRPXXmAjnLb4Oa-HG_kpCqCpQblPpE4VCA6Tu', '2021-05-18 05:45:09', '2021-07-01 09:05:29', 'user', NULL, NULL, 0, 0, NULL),
(47, 'osama 2nd', NULL, '+962770042560', NULL, NULL, NULL, 'active', 'e2IyjzHHRwuSd4uHUvsvKj:APA91bHhmTTDJmbRk76uWrR61m8-qIbXJtR63w1Yebyf23PTNsqVIqD2lYJ2pJJGN77bStRkH6hE-pTM1zQ72l4HCVPc-7gz-jopdFYZ5UJTwLixVaL0sWeFp1IAIATPEQin8nMoTVzs', '2021-05-23 10:50:00', '2021-05-25 04:35:40', 'driver', '35.8623054', '35.8623054\r\n', 0, 0, NULL),
(49, 'gfd', NULL, '+962797456406', NULL, NULL, NULL, 'active', 'dO-tlUJkS8GgZpVB4UaQgX:APA91bGA2RX_C733BAUsIBhL39Bw0eFD4_VwO-PJgr2s9gbgL-hdeEar_FxC4i__gwSeHN1VtV45xhjpgMawtcSkoxI7L8p0aua7307EoXHL6W7qKHD-EkiACVbaFgMus3DG-raX-8Jr', '2021-05-23 11:46:42', '2021-06-03 10:54:28', 'vor', NULL, NULL, 1, 0, NULL),
(50, 'rabe3', NULL, '+962787676935', NULL, NULL, NULL, 'active', 'e_PXsoSwTmi9VMLVGK_kwP:APA91bG-4y9XN2V7PJVojhEPRPuI3vCW7mIljfje1FBq41rCRtyXmf61WKIAK_wPP0dJi8ScWtUXcY3SwjN8eZ78kO288Yy6upbAk7sReobnqZaXFxXa6Bpi3D0GUU5bC25Ex4FmyQVJ', '2021-05-24 11:06:20', '2021-06-22 07:11:18', 'user', NULL, NULL, 0, 0, NULL),
(52, 'osama', NULL, '+962776537563', NULL, NULL, NULL, NULL, 'dKDLWovvTIiUVyyCP4L4Pz:APA91bG25dheZak4NwqDhvlEkSccQgoc52UHNlSqsXBVm75AkJu-MAy3-y-Of3eSHtUrsy5Oqje7KWqB97_K30z1EVL4FEcCRfHbgtzEoUIODKns72ND7NEUDbqTtdX6T77my8OcNDoh', '2021-06-07 08:51:18', '2021-06-23 09:18:29', 'user', NULL, NULL, 1, 0, NULL),
(53, 'fff', NULL, '+962777793738', NULL, NULL, NULL, 'active', 'fty9nJzKSryjtT67ONHAOH:APA91bGagXbMo1VcfqJeYqUK9djd8sHXRH8TKu3k2ECtKtSAFc2kKHPzVcii6oMgRLy8fPDV-9__NO1sNAvBrszY2_ogOFcI2dDPAeE20esC9W-EKeI0O4HiUH0wNW9ilXIFY9v1Atkh', '2021-06-24 09:21:55', '2021-06-27 13:46:41', 'user', NULL, NULL, 0, 0, NULL);

-- --------------------------------------------------------

--
-- Table structure for table `user_dashboards`
--

CREATE TABLE `user_dashboards` (
  `id` bigint(20) UNSIGNED NOT NULL,
  `name` varchar(255) COLLATE utf8mb4_unicode_ci NOT NULL,
  `email` varchar(255) COLLATE utf8mb4_unicode_ci NOT NULL,
  `email_verified_at` timestamp NULL DEFAULT NULL,
  `password` varchar(255) COLLATE utf8mb4_unicode_ci NOT NULL,
  `MobileNumber` varchar(255) COLLATE utf8mb4_unicode_ci NOT NULL,
  `Action` varchar(255) COLLATE utf8mb4_unicode_ci NOT NULL COMMENT '1 = All Action 2=insert 3 = update 4 = delete',
  `role` varchar(255) COLLATE utf8mb4_unicode_ci NOT NULL COMMENT 'All=show all 1=show all Restaurants 2-show all Supermarket 3 show all 	pharmacie 4-just user store',
  `StoreID` varchar(255) COLLATE utf8mb4_unicode_ci NOT NULL,
  `vendorID` int(1) NOT NULL COMMENT '1-restaurant2supermarket-3-Pharmacies ',
  `status` tinyint(1) NOT NULL DEFAULT '1',
  `remember_token` varchar(100) COLLATE utf8mb4_unicode_ci DEFAULT NULL,
  `created_at` timestamp NULL DEFAULT NULL,
  `updated_at` timestamp NULL DEFAULT NULL
) ENGINE=InnoDB DEFAULT CHARSET=utf8mb4 COLLATE=utf8mb4_unicode_ci;

--
-- Dumping data for table `user_dashboards`
--

INSERT INTO `user_dashboards` (`id`, `name`, `email`, `email_verified_at`, `password`, `MobileNumber`, `Action`, `role`, `StoreID`, `vendorID`, `status`, `remember_token`, `created_at`, `updated_at`) VALUES
(2, 'Influx watch', 'mohammad.alsaleem@digisolfze.com', NULL, '$2y$10$AxLPgDVvOvBEudNbAFSJR.hQ7q.EH2FxiaRVV8rVKEs2Uf4WBSkLa', '0775054333', '1', '4', '$2y$10$V6TrEJcUU0ZxRyHHUT//huvIl26YHk6h1vFmAxyT7pKD9MJv6J0L6', 0, 1, NULL, '2021-06-06 08:51:56', '2021-06-06 08:51:56'),
(3, 'smart watch', 'mohammadkiki@yahoo.com', NULL, '$2y$10$G9atr17TqemTtB9CX4ThSeig9UY3dgNG8GLSjFrRX9DDFypugm0HS', '0775054337', '1', '4', '$2y$10$PSozM5RYCLI4cLZUBmjyiekiBOgGLgFko8aVUROxJ6xOkzz8kek3O', 0, 1, NULL, '2021-06-06 10:11:02', '2021-06-06 10:11:02'),
(4, 'bag', 'mohmmdsaleem@yahoo.com', NULL, '$2y$10$tP/Iw.bA3.z096RXR05BGOPor80noq.oKfKzpfzq9MwgHk5aE4e36', '0775054337', '1', '4', '$2y$10$k6G9ctl5uZPkRyDnnxDWAOWDXUNSKy3NVlg6v.1O/HSGJLnk6v1DS', 0, 1, NULL, '2021-06-06 10:19:05', '2021-06-06 10:19:05'),
(5, 'mohammad1996', 'csmohamssmadfisal1996@gmail.com', NULL, '$2y$10$fBQDsUrQEIZ7DICAkB1DwOrTtbuH2WcjfMSpzkhNctC0S623Rj5Ni', '0775054337', '1', '4', '$2y$10$zCKoYOvZTxJsjLXhc/7sYeXQv6pbZoAhwI3/mQU/aQvGybNstQHPC', 0, 1, NULL, '2021-06-06 10:24:30', '2021-06-06 10:24:30'),
(6, 'admin123', 'mohammad@mohammsad.com', NULL, '$2y$10$6qyfIxLRQRWofuINQEHf/e.RaqZBy5VQ5K3XdyMMLu1feUh3.4GHi', '0775054337', '1', '4', '$2y$10$mpP4PeacFq9YbwlVywLcau/ewrXPgNXVyJocDCc/rCFvoDUWOZDsC', 0, 1, NULL, '2021-06-06 10:32:27', '2021-06-06 10:32:27'),
(7, 'mohamamd', 'mohammad@1mohammsad.com', NULL, '$2y$10$h6q3Rs3XiEFEYDwIQGf8uOsmjFc263CszUPCGGaEd3wyrQJI2Ihoe', '0775054337', '1', '4', '$2y$10$hCgtNW7ZByWOlLNHXe81teLzDICNNc8mMI0lUyLBZLpDy3MySGVfe', 0, 1, NULL, '2021-06-08 10:34:55', '2021-06-08 10:34:55'),
(8, 'mohamamd', 'mohammad@123mohammsad.com', NULL, '$2y$10$AD3846O3I3CkkgPog58v9etvf6tAnaGoQ2.G0XniWgSKBJdgxz9zy', '0775054337', '1', '1', '1', 1, 1, NULL, '2021-06-08 10:59:14', '2021-06-08 10:59:14'),
(14, 'admin2', 'admin2@gmail.com', NULL, '$2y$10$pqOyELKeWgZbZu4RPSl/XuyiFBmimzN7LlMdGr5uqWNJ21Y6QkdE.', '0775054337', '1', '4', '1', 1, 1, NULL, '2021-06-09 06:04:02', '2021-06-09 06:04:02'),
(15, 'admin44', 'admin44@gmail.com', NULL, '$2y$10$Hmi5PhLCOZqhsendJDIbCulMQQpIkxD7gTtBY9MU1A5KY0ScS0Orq', '0775054337', '1', '4', '2', 1, 1, NULL, '2021-06-09 08:06:12', '2021-06-09 08:06:12'),
(16, 'admin55', 'admin55@gmail.com', NULL, '$2y$10$fBQDsUrQEIZ7DICAkB1DwOrTtbuH2WcjfMSpzkhNctC0S623Rj5Ni', '0775054337', '1', 'All', '0', 0, 1, NULL, '2021-06-09 08:07:09', '2021-06-09 08:07:09');

-- --------------------------------------------------------

--
-- Table structure for table `vendors`
--

CREATE TABLE `vendors` (
  `id` bigint(20) UNSIGNED NOT NULL,
  `lang_id` bigint(20) UNSIGNED NOT NULL,
  `vendor_image` text COLLATE utf8mb4_unicode_ci NOT NULL,
  `status` int(11) NOT NULL COMMENT '0 - InActive 1- Active',
  `created_at` timestamp NULL DEFAULT NULL,
  `updated_at` timestamp NULL DEFAULT NULL
) ENGINE=InnoDB DEFAULT CHARSET=utf8mb4 COLLATE=utf8mb4_unicode_ci;

--
-- Dumping data for table `vendors`
--

INSERT INTO `vendors` (`id`, `lang_id`, `vendor_image`, `status`, `created_at`, `updated_at`) VALUES
(1, 1, 'https://www.elitetraveler.com/wp-content/uploads/2017/06/la-capitale.jpg', 1, NULL, NULL),
(2, 2, 'https://shareaction.org/wp-content/uploads/2020/04/Supermarket-twitter.png', 1, NULL, NULL),
(3, 3, 'https://ascon-me.com/wp-content/uploads/2019/05/Pharmacies.png', 1, NULL, NULL),
(4, 4, 'https://www.purolatorinternational.com/content/uploads/2019/07/high-tech-shipments.jpg', 1, NULL, NULL),
(5, 5, 'https://blog.bolt.eu/wp-content/uploads/2020/03/business-blog_1200x628-1024x536.png', 1, NULL, NULL);

-- --------------------------------------------------------

--
-- Table structure for table `vendor_sliders`
--

CREATE TABLE `vendor_sliders` (
  `id` bigint(20) UNSIGNED NOT NULL,
  `vendor_id` bigint(20) UNSIGNED NOT NULL,
  `Branch_id` bigint(20) UNSIGNED NOT NULL,
  `Status` int(11) NOT NULL DEFAULT '1' COMMENT '0.InActive 1.Active',
  `Silder_image` text COLLATE utf8mb4_unicode_ci NOT NULL,
  `created_at` timestamp NULL DEFAULT NULL,
  `updated_at` timestamp NULL DEFAULT NULL
) ENGINE=InnoDB DEFAULT CHARSET=utf8mb4 COLLATE=utf8mb4_unicode_ci;

--
-- Dumping data for table `vendor_sliders`
--

INSERT INTO `vendor_sliders` (`id`, `vendor_id`, `Branch_id`, `Status`, `Silder_image`, `created_at`, `updated_at`) VALUES
(2, 1, 14, 0, 'https://khufudashboard.digisolapps.com/uploads/slider/XbfhpJQZKoPhBPq1621759336.jpg', '2021-03-27 08:42:36', '2021-05-23 10:04:29'),
(3, 1, 20, 1, 'https://khufudashboard.digisolapps.com/uploads/slider/uiceppVcFFoWpQS1621771504.jpg', '2021-03-27 08:42:37', '2021-05-23 10:05:04'),
(4, 1, 84, 1, 'http://planetdiet.org/wp-content/uploads/2020/09/HealthyFood_en9ded853e32e6d029ae67e69693a696a7.jpg', '2021-03-27 08:42:37', '2021-03-27 08:42:37'),
(5, 1, 83, 1, 'https://c.ndtvimg.com/high-protein-low-carb-foods_625x300_1527079971895.jpg', '2021-03-27 08:42:37', '2021-03-27 08:42:37'),
(6, 1, 11, 1, 'https://hips.hearstapps.com/hmg-prod.s3.amazonaws.com/images/delish-bruschetta-chicken-stuffed-avocados-still003-1531514230.jpg', '2021-03-27 08:42:37', '2021-03-27 08:42:37'),
(7, 1, 88, 1, 'https://www.weeklyvillas.es/wp-content/uploads/2017/09/20160827-cherry-tomato-pasta-13-thumb-1500xauto-433876-1.jpg', '2021-03-27 08:42:37', '2021-03-27 08:42:37'),
(8, 1, 67, 1, 'https://c.ndtvimg.com/2020-04/dih4ifhg_pasta_625x300_22_April_20.jpg', '2021-03-27 08:42:37', '2021-03-27 08:42:37'),
(9, 1, 3, 1, 'https://www.tasteofhome.com/wp-content/uploads/2018/03/Marinated-Cheese_EXPS_THCA18_41873_B01_23_3b.jpg', '2021-03-27 08:42:37', '2021-03-27 08:42:37'),
(10, 1, 3, 1, 'https://c.ndtvimg.com/high-protein-low-carb-foods_625x300_1527079971895.jpg', '2021-03-27 08:42:37', '2021-03-27 08:42:37'),
(11, 1, 11, 1, 'https://img.grouponcdn.com/deal/piR5vAFba9v535wiE5F1/9v-1500x900/v1/c870x524.jpg', '2021-03-27 08:42:37', '2021-03-27 08:42:37'),
(12, 1, 1, 1, 'https://res.cloudinary.com/grohealth/image/upload/c_fill,f_auto,fl_lossy,h_650,q_auto,w_1085,x_0,y_0/v1583843120/DCUK/Content/Surprisingly-High-Carb-Food.png', '2021-03-27 08:42:37', '2021-03-27 08:42:37'),
(13, 1, 61, 1, 'https://www.diabetes.org/sites/default/files/2019-06/Healthy%20Food%20Made%20Easy%20-min.jpg', '2021-03-27 08:42:37', '2021-03-27 08:42:37'),
(14, 1, 62, 1, 'https://hips.hearstapps.com/hmg-prod.s3.amazonaws.com/images/delish-bruschetta-chicken-stuffed-avocados-still003-1531514230.jpg', '2021-03-27 08:42:37', '2021-03-27 08:42:37'),
(15, 1, 71, 1, 'https://www.tasteofhome.com/wp-content/uploads/2018/03/Marinated-Cheese_EXPS_THCA18_41873_B01_23_3b.jpg', '2021-03-27 08:42:37', '2021-03-27 08:42:37'),
(16, 1, 58, 1, 'https://c.ndtvimg.com/2020-04/dih4ifhg_pasta_625x300_22_April_20.jpg', '2021-03-27 08:42:37', '2021-03-27 08:42:37'),
(17, 1, 47, 1, 'http://planetdiet.org/wp-content/uploads/2020/09/HealthyFood_en9ded853e32e6d029ae67e69693a696a7.jpg', '2021-03-27 08:42:37', '2021-03-27 08:42:37'),
(18, 1, 31, 1, 'https://hips.hearstapps.com/hmg-prod.s3.amazonaws.com/images/delish-bruschetta-chicken-stuffed-avocados-still003-1531514230.jpg', '2021-03-27 08:42:37', '2021-03-27 08:42:37'),
(19, 1, 67, 1, 'https://img.grouponcdn.com/deal/piR5vAFba9v535wiE5F1/9v-1500x900/v1/c870x524.jpg', '2021-03-27 08:42:37', '2021-03-27 08:42:37'),
(20, 1, 80, 1, 'https://www.tasteofhome.com/wp-content/uploads/2018/03/Marinated-Cheese_EXPS_THCA18_41873_B01_23_3b.jpg', '2021-03-27 08:42:37', '2021-03-27 08:42:37'),
(21, 1, 3, 1, 'https://c.ndtvimg.com/2020-04/dih4ifhg_pasta_625x300_22_April_20.jpg', '2021-03-27 08:42:37', '2021-03-27 08:42:37'),
(22, 1, 50, 1, 'https://www.weeklyvillas.es/wp-content/uploads/2017/09/20160827-cherry-tomato-pasta-13-thumb-1500xauto-433876-1.jpg', '2021-03-27 08:42:37', '2021-03-27 08:42:37'),
(23, 1, 47, 1, 'https://www.yummyhealthyeasy.com/wp-content/uploads/2018/06/Low-Carb-Avocado-Shrimp-Cucumber-Appetizer-Square.jpg', '2021-03-27 08:42:37', '2021-03-27 08:42:37'),
(24, 1, 55, 1, 'https://post.healthline.com/wp-content/uploads/2020/01/pizza-junk-food-grease-732x549-thumbnail.jpg', '2021-03-27 08:42:37', '2021-03-27 08:42:37'),
(25, 1, 59, 1, 'https://img.grouponcdn.com/deal/piR5vAFba9v535wiE5F1/9v-1500x900/v1/c870x524.jpg', '2021-03-27 08:42:37', '2021-03-27 08:42:37'),
(26, 1, 78, 1, 'https://hips.hearstapps.com/hmg-prod.s3.amazonaws.com/images/delish-bruschetta-chicken-stuffed-avocados-still003-1531514230.jpg', '2021-03-27 08:42:37', '2021-03-27 08:42:37'),
(27, 1, 34, 1, 'https://www.tasteofhome.com/wp-content/uploads/2018/03/Marinated-Cheese_EXPS_THCA18_41873_B01_23_3b.jpg', '2021-03-27 08:42:37', '2021-03-27 08:42:37'),
(28, 1, 55, 1, 'http://d3cq8m7vadlnho.cloudfront.net/wp-content/uploads/2018/08/peruvian-stuffed-avocados-00-500x375.jpg', '2021-03-27 08:42:37', '2021-03-27 08:42:37'),
(29, 1, 56, 1, 'https://www.weeklyvillas.es/wp-content/uploads/2017/09/20160827-cherry-tomato-pasta-13-thumb-1500xauto-433876-1.jpg', '2021-03-27 08:42:37', '2021-03-27 08:42:37'),
(30, 1, 11, 1, 'https://c.ndtvimg.com/high-protein-low-carb-foods_625x300_1527079971895.jpg', '2021-03-27 08:42:37', '2021-03-27 08:42:37'),
(31, 1, 44, 1, 'https://www.yummyhealthyeasy.com/wp-content/uploads/2018/06/Low-Carb-Avocado-Shrimp-Cucumber-Appetizer-Square.jpg', '2021-03-27 08:42:37', '2021-03-27 08:42:37'),
(32, 1, 7, 1, 'https://hips.hearstapps.com/hmg-prod.s3.amazonaws.com/images/delish-bruschetta-chicken-stuffed-avocados-still003-1531514230.jpg', '2021-03-27 08:42:37', '2021-03-27 08:42:37'),
(33, 1, 5, 1, 'https://www.tasteofhome.com/wp-content/uploads/2018/03/Marinated-Cheese_EXPS_THCA18_41873_B01_23_3b.jpg', '2021-03-27 08:42:37', '2021-03-27 08:42:37'),
(34, 1, 41, 1, 'https://c.ndtvimg.com/2020-05/9iuj3h1g_indian-food_625x300_19_May_20.jpg', '2021-03-27 08:42:37', '2021-03-27 08:42:37'),
(35, 1, 6, 1, 'https://post.healthline.com/wp-content/uploads/2020/01/pizza-junk-food-grease-732x549-thumbnail.jpg', '2021-03-27 08:42:37', '2021-03-27 08:42:37'),
(36, 1, 26, 1, 'https://c.ndtvimg.com/2020-04/dih4ifhg_pasta_625x300_22_April_20.jpg', '2021-03-27 08:42:37', '2021-03-27 08:42:37'),
(37, 1, 80, 1, 'https://www.yummyhealthyeasy.com/wp-content/uploads/2018/06/Low-Carb-Avocado-Shrimp-Cucumber-Appetizer-Square.jpg', '2021-03-27 08:42:37', '2021-03-27 08:42:37'),
(38, 1, 46, 1, 'https://hips.hearstapps.com/hmg-prod.s3.amazonaws.com/images/delish-bruschetta-chicken-stuffed-avocados-still003-1531514230.jpg', '2021-03-27 08:42:37', '2021-03-27 08:42:37'),
(39, 1, 72, 1, 'https://post.healthline.com/wp-content/uploads/2020/01/pizza-junk-food-grease-732x549-thumbnail.jpg', '2021-03-27 08:42:37', '2021-03-27 08:42:37'),
(40, 1, 82, 1, 'https://c.ndtvimg.com/2020-05/9iuj3h1g_indian-food_625x300_19_May_20.jpg', '2021-03-27 08:42:37', '2021-03-27 08:42:37'),
(41, 1, 35, 1, 'https://www.tasteofhome.com/wp-content/uploads/2018/03/Marinated-Cheese_EXPS_THCA18_41873_B01_23_3b.jpg', '2021-03-27 08:42:37', '2021-03-27 08:42:37'),
(42, 1, 33, 1, 'https://c.ndtvimg.com/2020-04/dih4ifhg_pasta_625x300_22_April_20.jpg', '2021-03-27 08:42:37', '2021-03-27 08:42:37'),
(43, 1, 82, 1, 'https://c.ndtvimg.com/2020-04/dih4ifhg_pasta_625x300_22_April_20.jpg', '2021-03-27 08:42:37', '2021-03-27 08:42:37'),
(44, 1, 26, 1, 'https://c.ndtvimg.com/high-protein-low-carb-foods_625x300_1527079971895.jpg', '2021-03-27 08:42:37', '2021-03-27 08:42:37'),
(45, 1, 98, 1, 'https://c.ndtvimg.com/2020-04/dih4ifhg_pasta_625x300_22_April_20.jpg', '2021-03-27 08:42:37', '2021-03-27 08:42:37'),
(46, 1, 90, 1, 'https://hips.hearstapps.com/hmg-prod.s3.amazonaws.com/images/delish-bruschetta-chicken-stuffed-avocados-still003-1531514230.jpg', '2021-03-27 08:42:37', '2021-03-27 08:42:37'),
(47, 1, 81, 1, 'https://www.diabetes.org/sites/default/files/2019-06/Healthy%20Food%20Made%20Easy%20-min.jpg', '2021-03-27 08:42:37', '2021-03-27 08:42:37'),
(48, 1, 86, 1, 'https://www.yummyhealthyeasy.com/wp-content/uploads/2018/06/Low-Carb-Avocado-Shrimp-Cucumber-Appetizer-Square.jpg', '2021-03-27 08:42:37', '2021-03-27 08:42:37'),
(49, 1, 38, 1, 'https://c.ndtvimg.com/2020-05/9iuj3h1g_indian-food_625x300_19_May_20.jpg', '2021-03-27 08:42:37', '2021-03-27 08:42:37'),
(50, 1, 48, 1, 'http://planetdiet.org/wp-content/uploads/2020/09/HealthyFood_en9ded853e32e6d029ae67e69693a696a7.jpg', '2021-03-27 08:42:37', '2021-03-27 08:42:37'),
(51, 1, 71, 1, 'https://www.tasteofhome.com/wp-content/uploads/2018/03/Marinated-Cheese_EXPS_THCA18_41873_B01_23_3b.jpg', '2021-03-27 08:42:37', '2021-03-27 08:42:37'),
(52, 1, 69, 1, 'http://d3cq8m7vadlnho.cloudfront.net/wp-content/uploads/2018/08/peruvian-stuffed-avocados-00-500x375.jpg', '2021-03-27 08:42:37', '2021-03-27 08:42:37'),
(53, 1, 34, 1, 'https://c.ndtvimg.com/2020-05/9iuj3h1g_indian-food_625x300_19_May_20.jpg', '2021-03-27 08:42:37', '2021-03-27 08:42:37'),
(54, 1, 1, 1, 'https://img.grouponcdn.com/deal/piR5vAFba9v535wiE5F1/9v-1500x900/v1/c870x524.jpg', '2021-03-27 08:42:37', '2021-03-27 08:42:37'),
(55, 1, 58, 1, 'https://www.weeklyvillas.es/wp-content/uploads/2017/09/20160827-cherry-tomato-pasta-13-thumb-1500xauto-433876-1.jpg', '2021-03-27 08:42:37', '2021-03-27 08:42:37'),
(56, 1, 13, 1, 'https://res.cloudinary.com/grohealth/image/upload/c_fill,f_auto,fl_lossy,h_650,q_auto,w_1085,x_0,y_0/v1583843120/DCUK/Content/Surprisingly-High-Carb-Food.png', '2021-03-27 08:42:37', '2021-03-27 08:42:37'),
(57, 1, 6, 1, 'https://c.ndtvimg.com/2020-05/9iuj3h1g_indian-food_625x300_19_May_20.jpg', '2021-03-27 08:42:37', '2021-03-27 08:42:37'),
(58, 1, 89, 1, 'https://post.healthline.com/wp-content/uploads/2020/01/pizza-junk-food-grease-732x549-thumbnail.jpg', '2021-03-27 08:42:37', '2021-03-27 08:42:37'),
(59, 1, 71, 1, 'https://c.ndtvimg.com/2020-05/9iuj3h1g_indian-food_625x300_19_May_20.jpg', '2021-03-27 08:42:37', '2021-03-27 08:42:37'),
(60, 1, 53, 1, 'https://post.healthline.com/wp-content/uploads/2020/01/pizza-junk-food-grease-732x549-thumbnail.jpg', '2021-03-27 08:42:37', '2021-03-27 08:42:37'),
(61, 1, 84, 1, 'https://img.grouponcdn.com/deal/piR5vAFba9v535wiE5F1/9v-1500x900/v1/c870x524.jpg', '2021-03-27 08:42:37', '2021-03-27 08:42:37'),
(62, 1, 83, 1, 'https://www.tasteofhome.com/wp-content/uploads/2018/03/Marinated-Cheese_EXPS_THCA18_41873_B01_23_3b.jpg', '2021-03-27 08:42:37', '2021-03-27 08:42:37'),
(63, 1, 56, 1, 'https://www.diabetes.org/sites/default/files/2019-06/Healthy%20Food%20Made%20Easy%20-min.jpg', '2021-03-27 08:42:37', '2021-03-27 08:42:37'),
(64, 1, 28, 1, 'https://www.tasteofhome.com/wp-content/uploads/2018/03/Marinated-Cheese_EXPS_THCA18_41873_B01_23_3b.jpg', '2021-03-27 08:42:37', '2021-03-27 08:42:37'),
(65, 1, 44, 1, 'https://c.ndtvimg.com/high-protein-low-carb-foods_625x300_1527079971895.jpg', '2021-03-27 08:42:37', '2021-03-27 08:42:37'),
(66, 1, 32, 1, 'https://c.ndtvimg.com/high-protein-low-carb-foods_625x300_1527079971895.jpg', '2021-03-27 08:42:37', '2021-03-27 08:42:37'),
(67, 1, 88, 1, 'http://planetdiet.org/wp-content/uploads/2020/09/HealthyFood_en9ded853e32e6d029ae67e69693a696a7.jpg', '2021-03-27 08:42:37', '2021-03-27 08:42:37'),
(68, 1, 20, 1, 'https://www.tasteofhome.com/wp-content/uploads/2018/03/Marinated-Cheese_EXPS_THCA18_41873_B01_23_3b.jpg', '2021-03-27 08:42:37', '2021-03-27 08:42:37'),
(69, 1, 72, 1, 'http://planetdiet.org/wp-content/uploads/2020/09/HealthyFood_en9ded853e32e6d029ae67e69693a696a7.jpg', '2021-03-27 08:42:37', '2021-03-27 08:42:37'),
(70, 1, 15, 1, 'https://hips.hearstapps.com/hmg-prod.s3.amazonaws.com/images/delish-bruschetta-chicken-stuffed-avocados-still003-1531514230.jpg', '2021-03-27 08:42:37', '2021-03-27 08:42:37'),
(71, 1, 92, 1, 'https://www.diabetes.org/sites/default/files/2019-06/Healthy%20Food%20Made%20Easy%20-min.jpg', '2021-03-27 08:42:37', '2021-03-27 08:42:37'),
(72, 1, 42, 1, 'http://d3cq8m7vadlnho.cloudfront.net/wp-content/uploads/2018/08/peruvian-stuffed-avocados-00-500x375.jpg', '2021-03-27 08:42:37', '2021-03-27 08:42:37'),
(73, 1, 22, 1, 'https://img.grouponcdn.com/deal/piR5vAFba9v535wiE5F1/9v-1500x900/v1/c870x524.jpg', '2021-03-27 08:42:37', '2021-03-27 08:42:37'),
(74, 1, 89, 1, 'http://d3cq8m7vadlnho.cloudfront.net/wp-content/uploads/2018/08/peruvian-stuffed-avocados-00-500x375.jpg', '2021-03-27 08:42:37', '2021-03-27 08:42:37'),
(75, 1, 10, 1, 'https://www.diabetes.org/sites/default/files/2019-06/Healthy%20Food%20Made%20Easy%20-min.jpg', '2021-03-27 08:42:37', '2021-03-27 08:42:37'),
(76, 1, 43, 1, 'https://www.tasteofhome.com/wp-content/uploads/2018/03/Marinated-Cheese_EXPS_THCA18_41873_B01_23_3b.jpg', '2021-03-27 08:42:37', '2021-03-27 08:42:37'),
(77, 1, 77, 1, 'https://c.ndtvimg.com/high-protein-low-carb-foods_625x300_1527079971895.jpg', '2021-03-27 08:42:37', '2021-03-27 08:42:37'),
(78, 1, 29, 1, 'https://res.cloudinary.com/grohealth/image/upload/c_fill,f_auto,fl_lossy,h_650,q_auto,w_1085,x_0,y_0/v1583843120/DCUK/Content/Surprisingly-High-Carb-Food.png', '2021-03-27 08:42:37', '2021-03-27 08:42:37'),
(79, 1, 38, 1, 'https://res.cloudinary.com/grohealth/image/upload/c_fill,f_auto,fl_lossy,h_650,q_auto,w_1085,x_0,y_0/v1583843120/DCUK/Content/Surprisingly-High-Carb-Food.png', '2021-03-27 08:42:37', '2021-03-27 08:42:37'),
(80, 1, 30, 1, 'https://c.ndtvimg.com/high-protein-low-carb-foods_625x300_1527079971895.jpg', '2021-03-27 08:42:37', '2021-03-27 08:42:37'),
(81, 1, 72, 1, 'https://www.weeklyvillas.es/wp-content/uploads/2017/09/20160827-cherry-tomato-pasta-13-thumb-1500xauto-433876-1.jpg', '2021-03-27 08:42:37', '2021-03-27 08:42:37'),
(82, 1, 28, 1, 'https://hips.hearstapps.com/hmg-prod.s3.amazonaws.com/images/delish-bruschetta-chicken-stuffed-avocados-still003-1531514230.jpg', '2021-03-27 08:42:37', '2021-03-27 08:42:37'),
(83, 1, 83, 1, 'https://c.ndtvimg.com/2020-04/dih4ifhg_pasta_625x300_22_April_20.jpg', '2021-03-27 08:42:37', '2021-03-27 08:42:37'),
(84, 1, 83, 1, 'http://planetdiet.org/wp-content/uploads/2020/09/HealthyFood_en9ded853e32e6d029ae67e69693a696a7.jpg', '2021-03-27 08:42:37', '2021-03-27 08:42:37'),
(85, 1, 32, 1, 'https://img.grouponcdn.com/deal/piR5vAFba9v535wiE5F1/9v-1500x900/v1/c870x524.jpg', '2021-03-27 08:42:37', '2021-03-27 08:42:37'),
(86, 1, 32, 1, 'https://img.grouponcdn.com/deal/piR5vAFba9v535wiE5F1/9v-1500x900/v1/c870x524.jpg', '2021-03-27 08:42:37', '2021-03-27 08:42:37'),
(87, 1, 64, 1, 'https://c.ndtvimg.com/2020-04/dih4ifhg_pasta_625x300_22_April_20.jpg', '2021-03-27 08:42:37', '2021-03-27 08:42:37'),
(88, 1, 66, 1, 'https://c.ndtvimg.com/high-protein-low-carb-foods_625x300_1527079971895.jpg', '2021-03-27 08:42:37', '2021-03-27 08:42:37'),
(89, 1, 27, 1, 'https://c.ndtvimg.com/2020-04/dih4ifhg_pasta_625x300_22_April_20.jpg', '2021-03-27 08:42:37', '2021-03-27 08:42:37'),
(90, 1, 41, 1, 'https://post.healthline.com/wp-content/uploads/2020/01/pizza-junk-food-grease-732x549-thumbnail.jpg', '2021-03-27 08:42:37', '2021-03-27 08:42:37'),
(91, 1, 26, 1, 'https://hips.hearstapps.com/hmg-prod.s3.amazonaws.com/images/delish-bruschetta-chicken-stuffed-avocados-still003-1531514230.jpg', '2021-03-27 08:42:37', '2021-03-27 08:42:37'),
(92, 1, 19, 1, 'https://c.ndtvimg.com/2020-05/9iuj3h1g_indian-food_625x300_19_May_20.jpg', '2021-03-27 08:42:37', '2021-03-27 08:42:37'),
(93, 1, 96, 1, 'https://c.ndtvimg.com/high-protein-low-carb-foods_625x300_1527079971895.jpg', '2021-03-27 08:42:37', '2021-03-27 08:42:37'),
(94, 1, 57, 1, 'https://post.healthline.com/wp-content/uploads/2020/01/pizza-junk-food-grease-732x549-thumbnail.jpg', '2021-03-27 08:42:37', '2021-03-27 08:42:37'),
(95, 1, 27, 1, 'http://planetdiet.org/wp-content/uploads/2020/09/HealthyFood_en9ded853e32e6d029ae67e69693a696a7.jpg', '2021-03-27 08:42:37', '2021-03-27 08:42:37'),
(96, 1, 9, 1, 'https://c.ndtvimg.com/2020-05/9iuj3h1g_indian-food_625x300_19_May_20.jpg', '2021-03-27 08:42:37', '2021-03-27 08:42:37'),
(97, 1, 17, 1, 'https://hips.hearstapps.com/hmg-prod.s3.amazonaws.com/images/delish-bruschetta-chicken-stuffed-avocados-still003-1531514230.jpg', '2021-03-27 08:42:37', '2021-03-27 08:42:37'),
(98, 1, 46, 1, 'https://www.diabetes.org/sites/default/files/2019-06/Healthy%20Food%20Made%20Easy%20-min.jpg', '2021-03-27 08:42:37', '2021-03-27 08:42:37'),
(99, 1, 81, 1, 'https://c.ndtvimg.com/2020-05/9iuj3h1g_indian-food_625x300_19_May_20.jpg', '2021-03-27 08:42:37', '2021-03-27 08:42:37'),
(100, 1, 56, 1, 'http://d3cq8m7vadlnho.cloudfront.net/wp-content/uploads/2018/08/peruvian-stuffed-avocados-00-500x375.jpg', '2021-03-27 08:42:37', '2021-03-27 08:42:37'),
(101, 2, 1, 0, 'https://www.crushpixel.com/big-static11/preview4/tokyo-japan-circa-march-2017-707698.jpg', '2021-03-27 08:48:47', '2021-05-23 10:05:49'),
(102, 2, 116, 1, 'https://media-cdn.tripadvisor.com/media/photo-s/10/ee/1f/40/supermarket-interior.jpg', '2021-03-27 08:48:47', '2021-03-27 08:48:47'),
(103, 2, 191, 1, 'https://www.dumpsters.com/images/blog/grocery-store-waste_1540998058/grocery-store-waste-1200x600.jpg', '2021-03-27 08:48:47', '2021-03-27 08:48:47'),
(104, 2, 158, 1, 'https://cdn.vox-cdn.com/thumbor/Nd7QcetAzgq7CWl6GOLeVIwjTn8=/0x0:5000x3486/1400x1050/filters:focal(2303x650:3103x1450):no_upscale()/cdn.vox-cdn.com/uploads/chorus_image/image/66369293/Amazon_Go_Grocery_3.0.jpg', '2021-03-27 08:48:47', '2021-03-27 08:48:47'),
(105, 2, 182, 1, 'https://media-cdn.tripadvisor.com/media/photo-s/10/ee/1f/40/supermarket-interior.jpg', '2021-03-27 08:48:47', '2021-03-27 08:48:47'),
(106, 2, 110, 1, 'https://www.tromblylaw.com/wp-content/uploads/2019/03/SAS_Supermarket_-_interior-_4.jpg', '2021-03-27 08:48:47', '2021-03-27 08:48:47'),
(107, 2, 119, 1, 'https://meccamall.jo/english2/wp-content/uploads/2016/05/Miles-Super-Market8-510x340.png', '2021-03-27 08:48:47', '2021-03-27 08:48:47'),
(108, 2, 126, 1, 'https://www.tromblylaw.com/wp-content/uploads/2019/03/SAS_Supermarket_-_interior-_4.jpg', '2021-03-27 08:48:47', '2021-03-27 08:48:47'),
(109, 2, 149, 1, 'https://media.timbu.com/poi/3178/dsc_2908-3178-5824ac011f96a.jpg', '2021-03-27 08:48:47', '2021-03-27 08:48:47'),
(110, 2, 123, 1, 'https://www.dumpsters.com/images/blog/grocery-store-waste_1540998058/grocery-store-waste-1200x600.jpg', '2021-03-27 08:48:47', '2021-03-27 08:48:47'),
(111, 2, 189, 1, 'https://cdn.vox-cdn.com/thumbor/Nd7QcetAzgq7CWl6GOLeVIwjTn8=/0x0:5000x3486/1400x1050/filters:focal(2303x650:3103x1450):no_upscale()/cdn.vox-cdn.com/uploads/chorus_image/image/66369293/Amazon_Go_Grocery_3.0.jpg', '2021-03-27 08:48:47', '2021-03-27 08:48:47'),
(112, 2, 194, 1, 'https://media-cdn.tripadvisor.com/media/photo-s/10/ee/1f/40/supermarket-interior.jpg', '2021-03-27 08:48:47', '2021-03-27 08:48:47'),
(113, 2, 140, 1, 'https://meccamall.jo/english2/wp-content/uploads/2016/05/Miles-Super-Market8-510x340.png', '2021-03-27 08:48:47', '2021-03-27 08:48:47'),
(114, 2, 161, 1, 'https://c8.alamy.com/comp/AKYB8G/supermarket-in-dubai-united-arab-emirates-AKYB8G.jpg', '2021-03-27 08:48:47', '2021-03-27 08:48:47'),
(115, 2, 143, 1, 'https://static01.nyt.com/images/2018/08/01/dining/01Grocery1-alpha/01Grocery1-superJumbo-v2.jpg', '2021-03-27 08:48:47', '2021-03-27 08:48:47'),
(116, 2, 151, 1, 'https://static01.nyt.com/images/2018/08/01/dining/01Grocery1-alpha/01Grocery1-superJumbo-v2.jpg', '2021-03-27 08:48:47', '2021-03-27 08:48:47'),
(117, 2, 101, 1, 'https://media.timeout.com/images/105641433/image.jpg', '2021-03-27 08:48:47', '2021-03-27 08:48:47'),
(118, 2, 157, 1, 'https://c8.alamy.com/comp/AKYB8G/supermarket-in-dubai-united-arab-emirates-AKYB8G.jpg', '2021-03-27 08:48:47', '2021-03-27 08:48:47'),
(119, 2, 171, 1, 'https://www.crushpixel.com/big-static11/preview4/tokyo-japan-circa-march-2017-707698.jpg', '2021-03-27 08:48:47', '2021-03-27 08:48:47'),
(120, 2, 164, 1, 'https://cdn.vox-cdn.com/thumbor/Nd7QcetAzgq7CWl6GOLeVIwjTn8=/0x0:5000x3486/1400x1050/filters:focal(2303x650:3103x1450):no_upscale()/cdn.vox-cdn.com/uploads/chorus_image/image/66369293/Amazon_Go_Grocery_3.0.jpg', '2021-03-27 08:48:47', '2021-03-27 08:48:47'),
(121, 2, 176, 1, 'https://media.timbu.com/poi/3178/dsc_2908-3178-5824ac011f96a.jpg', '2021-03-27 08:48:47', '2021-03-27 08:48:47'),
(122, 2, 134, 1, 'https://www.crushpixel.com/big-static11/preview4/tokyo-japan-circa-march-2017-707698.jpg', '2021-03-27 08:48:47', '2021-03-27 08:48:47'),
(123, 2, 103, 1, 'https://media.timeout.com/images/105641433/image.jpg', '2021-03-27 08:48:47', '2021-03-27 08:48:47'),
(124, 2, 103, 1, 'https://cdn.vox-cdn.com/thumbor/Nd7QcetAzgq7CWl6GOLeVIwjTn8=/0x0:5000x3486/1400x1050/filters:focal(2303x650:3103x1450):no_upscale()/cdn.vox-cdn.com/uploads/chorus_image/image/66369293/Amazon_Go_Grocery_3.0.jpg', '2021-03-27 08:48:47', '2021-03-27 08:48:47'),
(125, 2, 172, 1, 'https://media-cdn.tripadvisor.com/media/photo-s/10/ee/1f/40/supermarket-interior.jpg', '2021-03-27 08:48:47', '2021-03-27 08:48:47'),
(126, 2, 184, 1, 'https://cdn.vox-cdn.com/thumbor/Nd7QcetAzgq7CWl6GOLeVIwjTn8=/0x0:5000x3486/1400x1050/filters:focal(2303x650:3103x1450):no_upscale()/cdn.vox-cdn.com/uploads/chorus_image/image/66369293/Amazon_Go_Grocery_3.0.jpg', '2021-03-27 08:48:47', '2021-03-27 08:48:47'),
(127, 2, 187, 1, 'https://media.timeout.com/images/105641433/image.jpg', '2021-03-27 08:48:47', '2021-03-27 08:48:47'),
(128, 2, 124, 1, 'https://media.timbu.com/poi/3178/dsc_2908-3178-5824ac011f96a.jpg', '2021-03-27 08:48:47', '2021-03-27 08:48:47'),
(129, 2, 130, 1, 'https://c8.alamy.com/comp/AKYB8G/supermarket-in-dubai-united-arab-emirates-AKYB8G.jpg', '2021-03-27 08:48:47', '2021-03-27 08:48:47'),
(130, 2, 172, 1, 'https://www.dumpsters.com/images/blog/grocery-store-waste_1540998058/grocery-store-waste-1200x600.jpg', '2021-03-27 08:48:47', '2021-03-27 08:48:47'),
(131, 2, 180, 1, 'https://www.crushpixel.com/big-static11/preview4/tokyo-japan-circa-march-2017-707698.jpg', '2021-03-27 08:48:47', '2021-03-27 08:48:47'),
(132, 2, 125, 1, 'https://www.dumpsters.com/images/blog/grocery-store-waste_1540998058/grocery-store-waste-1200x600.jpg', '2021-03-27 08:48:47', '2021-03-27 08:48:47'),
(133, 2, 190, 1, 'https://www.crushpixel.com/big-static11/preview4/tokyo-japan-circa-march-2017-707698.jpg', '2021-03-27 08:48:47', '2021-03-27 08:48:47'),
(134, 2, 184, 1, 'https://meccamall.jo/english2/wp-content/uploads/2016/05/Miles-Super-Market8-510x340.png', '2021-03-27 08:48:47', '2021-03-27 08:48:47'),
(135, 2, 168, 1, 'https://media.timbu.com/poi/3178/dsc_2908-3178-5824ac011f96a.jpg', '2021-03-27 08:48:47', '2021-03-27 08:48:47'),
(136, 2, 174, 1, 'https://www.dumpsters.com/images/blog/grocery-store-waste_1540998058/grocery-store-waste-1200x600.jpg', '2021-03-27 08:48:47', '2021-03-27 08:48:47'),
(137, 2, 101, 1, 'https://media.timbu.com/poi/3178/dsc_2908-3178-5824ac011f96a.jpg', '2021-03-27 08:48:47', '2021-03-27 08:48:47'),
(138, 2, 109, 1, 'https://cdn.vox-cdn.com/thumbor/Nd7QcetAzgq7CWl6GOLeVIwjTn8=/0x0:5000x3486/1400x1050/filters:focal(2303x650:3103x1450):no_upscale()/cdn.vox-cdn.com/uploads/chorus_image/image/66369293/Amazon_Go_Grocery_3.0.jpg', '2021-03-27 08:48:47', '2021-03-27 08:48:47'),
(139, 2, 171, 1, 'https://www.tromblylaw.com/wp-content/uploads/2019/03/SAS_Supermarket_-_interior-_4.jpg', '2021-03-27 08:48:47', '2021-03-27 08:48:47'),
(140, 2, 189, 1, 'https://www.tromblylaw.com/wp-content/uploads/2019/03/SAS_Supermarket_-_interior-_4.jpg', '2021-03-27 08:48:47', '2021-03-27 08:48:47'),
(141, 2, 132, 1, 'https://meccamall.jo/english2/wp-content/uploads/2016/05/Miles-Super-Market8-510x340.png', '2021-03-27 08:48:47', '2021-03-27 08:48:47'),
(142, 2, 135, 1, 'https://media.timeout.com/images/105641433/image.jpg', '2021-03-27 08:48:47', '2021-03-27 08:48:47'),
(143, 2, 175, 1, 'https://www.crushpixel.com/big-static11/preview4/tokyo-japan-circa-march-2017-707698.jpg', '2021-03-27 08:48:47', '2021-03-27 08:48:47'),
(144, 2, 138, 1, 'https://meccamall.jo/english2/wp-content/uploads/2016/05/Miles-Super-Market8-510x340.png', '2021-03-27 08:48:47', '2021-03-27 08:48:47'),
(145, 2, 184, 1, 'https://media-cdn.tripadvisor.com/media/photo-s/10/ee/1f/40/supermarket-interior.jpg', '2021-03-27 08:48:47', '2021-03-27 08:48:47'),
(146, 2, 184, 1, 'https://www.dumpsters.com/images/blog/grocery-store-waste_1540998058/grocery-store-waste-1200x600.jpg', '2021-03-27 08:48:47', '2021-03-27 08:48:47'),
(147, 2, 158, 1, 'https://www.dumpsters.com/images/blog/grocery-store-waste_1540998058/grocery-store-waste-1200x600.jpg', '2021-03-27 08:48:47', '2021-03-27 08:48:47'),
(148, 2, 105, 1, 'https://www.crushpixel.com/big-static11/preview4/tokyo-japan-circa-march-2017-707698.jpg', '2021-03-27 08:48:47', '2021-03-27 08:48:47'),
(149, 2, 196, 1, 'https://cdn.vox-cdn.com/thumbor/Nd7QcetAzgq7CWl6GOLeVIwjTn8=/0x0:5000x3486/1400x1050/filters:focal(2303x650:3103x1450):no_upscale()/cdn.vox-cdn.com/uploads/chorus_image/image/66369293/Amazon_Go_Grocery_3.0.jpg', '2021-03-27 08:48:47', '2021-03-27 08:48:47'),
(150, 2, 195, 1, 'https://www.dumpsters.com/images/blog/grocery-store-waste_1540998058/grocery-store-waste-1200x600.jpg', '2021-03-27 08:48:47', '2021-03-27 08:48:47'),
(151, 2, 197, 1, 'https://media.timbu.com/poi/3178/dsc_2908-3178-5824ac011f96a.jpg', '2021-03-27 08:48:47', '2021-03-27 08:48:47'),
(152, 2, 154, 1, 'https://www.tromblylaw.com/wp-content/uploads/2019/03/SAS_Supermarket_-_interior-_4.jpg', '2021-03-27 08:48:47', '2021-03-27 08:48:47'),
(153, 2, 111, 1, 'https://media.timbu.com/poi/3178/dsc_2908-3178-5824ac011f96a.jpg', '2021-03-27 08:48:47', '2021-03-27 08:48:47'),
(154, 2, 189, 1, 'https://static01.nyt.com/images/2018/08/01/dining/01Grocery1-alpha/01Grocery1-superJumbo-v2.jpg', '2021-03-27 08:48:47', '2021-03-27 08:48:47'),
(155, 2, 197, 1, 'https://meccamall.jo/english2/wp-content/uploads/2016/05/Miles-Super-Market8-510x340.png', '2021-03-27 08:48:47', '2021-03-27 08:48:47'),
(156, 2, 167, 1, 'https://www.crushpixel.com/big-static11/preview4/tokyo-japan-circa-march-2017-707698.jpg', '2021-03-27 08:48:47', '2021-03-27 08:48:47'),
(157, 2, 139, 1, 'https://media.timeout.com/images/105641433/image.jpg', '2021-03-27 08:48:47', '2021-03-27 08:48:47'),
(158, 2, 191, 1, 'https://static01.nyt.com/images/2018/08/01/dining/01Grocery1-alpha/01Grocery1-superJumbo-v2.jpg', '2021-03-27 08:48:47', '2021-03-27 08:48:47'),
(159, 2, 183, 1, 'https://static01.nyt.com/images/2018/08/01/dining/01Grocery1-alpha/01Grocery1-superJumbo-v2.jpg', '2021-03-27 08:48:47', '2021-03-27 08:48:47'),
(160, 2, 129, 1, 'https://static01.nyt.com/images/2018/08/01/dining/01Grocery1-alpha/01Grocery1-superJumbo-v2.jpg', '2021-03-27 08:48:47', '2021-03-27 08:48:47'),
(161, 2, 161, 1, 'https://www.crushpixel.com/big-static11/preview4/tokyo-japan-circa-march-2017-707698.jpg', '2021-03-27 08:48:47', '2021-03-27 08:48:47'),
(162, 2, 171, 1, 'https://meccamall.jo/english2/wp-content/uploads/2016/05/Miles-Super-Market8-510x340.png', '2021-03-27 08:48:47', '2021-03-27 08:48:47'),
(163, 2, 184, 1, 'https://static01.nyt.com/images/2018/08/01/dining/01Grocery1-alpha/01Grocery1-superJumbo-v2.jpg', '2021-03-27 08:48:47', '2021-03-27 08:48:47'),
(164, 2, 159, 1, 'https://cdn.vox-cdn.com/thumbor/Nd7QcetAzgq7CWl6GOLeVIwjTn8=/0x0:5000x3486/1400x1050/filters:focal(2303x650:3103x1450):no_upscale()/cdn.vox-cdn.com/uploads/chorus_image/image/66369293/Amazon_Go_Grocery_3.0.jpg', '2021-03-27 08:48:47', '2021-03-27 08:48:47'),
(165, 2, 152, 1, 'https://www.crushpixel.com/big-static11/preview4/tokyo-japan-circa-march-2017-707698.jpg', '2021-03-27 08:48:47', '2021-03-27 08:48:47'),
(166, 2, 115, 1, 'https://media.timbu.com/poi/3178/dsc_2908-3178-5824ac011f96a.jpg', '2021-03-27 08:48:47', '2021-03-27 08:48:47'),
(167, 2, 142, 1, 'https://static01.nyt.com/images/2018/08/01/dining/01Grocery1-alpha/01Grocery1-superJumbo-v2.jpg', '2021-03-27 08:48:47', '2021-03-27 08:48:47'),
(168, 2, 183, 1, 'https://media-cdn.tripadvisor.com/media/photo-s/10/ee/1f/40/supermarket-interior.jpg', '2021-03-27 08:48:47', '2021-03-27 08:48:47'),
(169, 2, 182, 1, 'https://static01.nyt.com/images/2018/08/01/dining/01Grocery1-alpha/01Grocery1-superJumbo-v2.jpg', '2021-03-27 08:48:47', '2021-03-27 08:48:47'),
(170, 2, 160, 1, 'https://cdn.vox-cdn.com/thumbor/Nd7QcetAzgq7CWl6GOLeVIwjTn8=/0x0:5000x3486/1400x1050/filters:focal(2303x650:3103x1450):no_upscale()/cdn.vox-cdn.com/uploads/chorus_image/image/66369293/Amazon_Go_Grocery_3.0.jpg', '2021-03-27 08:48:47', '2021-03-27 08:48:47'),
(171, 2, 168, 1, 'https://media.timeout.com/images/105641433/image.jpg', '2021-03-27 08:48:47', '2021-03-27 08:48:47'),
(172, 2, 180, 1, 'https://www.crushpixel.com/big-static11/preview4/tokyo-japan-circa-march-2017-707698.jpg', '2021-03-27 08:48:47', '2021-03-27 08:48:47'),
(173, 2, 178, 1, 'https://c8.alamy.com/comp/AKYB8G/supermarket-in-dubai-united-arab-emirates-AKYB8G.jpg', '2021-03-27 08:48:47', '2021-03-27 08:48:47'),
(174, 2, 116, 1, 'https://media.timeout.com/images/105641433/image.jpg', '2021-03-27 08:48:47', '2021-03-27 08:48:47'),
(175, 2, 112, 1, 'https://static01.nyt.com/images/2018/08/01/dining/01Grocery1-alpha/01Grocery1-superJumbo-v2.jpg', '2021-03-27 08:48:47', '2021-03-27 08:48:47'),
(176, 2, 151, 1, 'https://media.timbu.com/poi/3178/dsc_2908-3178-5824ac011f96a.jpg', '2021-03-27 08:48:47', '2021-03-27 08:48:47'),
(177, 2, 166, 1, 'https://www.tromblylaw.com/wp-content/uploads/2019/03/SAS_Supermarket_-_interior-_4.jpg', '2021-03-27 08:48:47', '2021-03-27 08:48:47'),
(178, 2, 200, 1, 'https://media.timeout.com/images/105641433/image.jpg', '2021-03-27 08:48:47', '2021-03-27 08:48:47'),
(179, 2, 111, 1, 'https://media.timeout.com/images/105641433/image.jpg', '2021-03-27 08:48:47', '2021-03-27 08:48:47'),
(180, 2, 163, 1, 'https://media.timeout.com/images/105641433/image.jpg', '2021-03-27 08:48:47', '2021-03-27 08:48:47'),
(181, 2, 123, 1, 'https://cdn.vox-cdn.com/thumbor/Nd7QcetAzgq7CWl6GOLeVIwjTn8=/0x0:5000x3486/1400x1050/filters:focal(2303x650:3103x1450):no_upscale()/cdn.vox-cdn.com/uploads/chorus_image/image/66369293/Amazon_Go_Grocery_3.0.jpg', '2021-03-27 08:48:47', '2021-03-27 08:48:47'),
(182, 2, 118, 1, 'https://media.timeout.com/images/105641433/image.jpg', '2021-03-27 08:48:47', '2021-03-27 08:48:47'),
(183, 2, 140, 1, 'https://static01.nyt.com/images/2018/08/01/dining/01Grocery1-alpha/01Grocery1-superJumbo-v2.jpg', '2021-03-27 08:48:47', '2021-03-27 08:48:47'),
(184, 2, 151, 1, 'https://c8.alamy.com/comp/AKYB8G/supermarket-in-dubai-united-arab-emirates-AKYB8G.jpg', '2021-03-27 08:48:47', '2021-03-27 08:48:47'),
(185, 2, 102, 1, 'https://media.timeout.com/images/105641433/image.jpg', '2021-03-27 08:48:47', '2021-03-27 08:48:47'),
(186, 2, 119, 1, 'https://static01.nyt.com/images/2018/08/01/dining/01Grocery1-alpha/01Grocery1-superJumbo-v2.jpg', '2021-03-27 08:48:47', '2021-03-27 08:48:47'),
(187, 2, 136, 1, 'https://c8.alamy.com/comp/AKYB8G/supermarket-in-dubai-united-arab-emirates-AKYB8G.jpg', '2021-03-27 08:48:47', '2021-03-27 08:48:47'),
(188, 2, 142, 1, 'https://media.timeout.com/images/105641433/image.jpg', '2021-03-27 08:48:47', '2021-03-27 08:48:47'),
(189, 2, 164, 1, 'https://www.dumpsters.com/images/blog/grocery-store-waste_1540998058/grocery-store-waste-1200x600.jpg', '2021-03-27 08:48:47', '2021-03-27 08:48:47'),
(190, 2, 115, 1, 'https://c8.alamy.com/comp/AKYB8G/supermarket-in-dubai-united-arab-emirates-AKYB8G.jpg', '2021-03-27 08:48:47', '2021-03-27 08:48:47'),
(191, 2, 143, 1, 'https://cdn.vox-cdn.com/thumbor/Nd7QcetAzgq7CWl6GOLeVIwjTn8=/0x0:5000x3486/1400x1050/filters:focal(2303x650:3103x1450):no_upscale()/cdn.vox-cdn.com/uploads/chorus_image/image/66369293/Amazon_Go_Grocery_3.0.jpg', '2021-03-27 08:48:47', '2021-03-27 08:48:47'),
(192, 2, 111, 1, 'https://media.timeout.com/images/105641433/image.jpg', '2021-03-27 08:48:47', '2021-03-27 08:48:47'),
(193, 2, 164, 1, 'https://media.timbu.com/poi/3178/dsc_2908-3178-5824ac011f96a.jpg', '2021-03-27 08:48:47', '2021-03-27 08:48:47'),
(194, 2, 162, 1, 'https://www.dumpsters.com/images/blog/grocery-store-waste_1540998058/grocery-store-waste-1200x600.jpg', '2021-03-27 08:48:47', '2021-03-27 08:48:47'),
(195, 2, 171, 1, 'https://www.crushpixel.com/big-static11/preview4/tokyo-japan-circa-march-2017-707698.jpg', '2021-03-27 08:48:47', '2021-03-27 08:48:47'),
(196, 2, 186, 1, 'https://static01.nyt.com/images/2018/08/01/dining/01Grocery1-alpha/01Grocery1-superJumbo-v2.jpg', '2021-03-27 08:48:47', '2021-03-27 08:48:47'),
(197, 2, 142, 1, 'https://cdn.vox-cdn.com/thumbor/Nd7QcetAzgq7CWl6GOLeVIwjTn8=/0x0:5000x3486/1400x1050/filters:focal(2303x650:3103x1450):no_upscale()/cdn.vox-cdn.com/uploads/chorus_image/image/66369293/Amazon_Go_Grocery_3.0.jpg', '2021-03-27 08:48:47', '2021-03-27 08:48:47'),
(198, 2, 119, 1, 'https://cdn.vox-cdn.com/thumbor/Nd7QcetAzgq7CWl6GOLeVIwjTn8=/0x0:5000x3486/1400x1050/filters:focal(2303x650:3103x1450):no_upscale()/cdn.vox-cdn.com/uploads/chorus_image/image/66369293/Amazon_Go_Grocery_3.0.jpg', '2021-03-27 08:48:47', '2021-03-27 08:48:47'),
(199, 2, 110, 1, 'https://www.dumpsters.com/images/blog/grocery-store-waste_1540998058/grocery-store-waste-1200x600.jpg', '2021-03-27 08:48:47', '2021-03-27 08:48:47'),
(200, 2, 191, 1, 'https://www.dumpsters.com/images/blog/grocery-store-waste_1540998058/grocery-store-waste-1200x600.jpg', '2021-03-27 08:48:47', '2021-03-27 08:48:47'),
(201, 3, 245, 1, 'https://www.thebalancecareers.com/thmb/4rrIm0OWB7YtomEN-u5gpCzyu3c=/400x250/filters:no_upscale():max_bytes(150000):strip_icc()/PharmacistGivingMedicationSteveColeImagesGettyImages-5c0081ccc9e77c00010e9157.jpg', '2021-03-27 08:52:02', '2021-03-27 08:52:02'),
(202, 3, 227, 1, 'https://www.usnews.com/dims4/USNEWS/355fd39/2147483647/crop/418x274%2B0%2B0/resize/640x420/quality/85/?url=http%3A%2F%2Fmedia.beam.usnews.com%2F54%2Fbb87976b43f25e5b5c83d7457ff2da%2Fjobs-job-photo-44.jpg', '2021-03-27 08:52:02', '2021-03-27 08:52:02'),
(203, 3, 271, 1, 'https://www.huntregional.org/sites/www/Uploads/images/Pharmacy/pharmacy%20at%20Hunt%20Regional.jpg', '2021-03-27 08:52:02', '2021-03-27 08:52:02'),
(204, 3, 278, 1, 'https://image.shutterstock.com/image-photo/glad-female-pharmacist-offering-help-260nw-1717536514.jpg', '2021-03-27 08:52:02', '2021-03-27 08:52:02'),
(205, 3, 222, 1, 'https://www.huntregional.org/sites/www/Uploads/images/Pharmacy/pharmacy%20at%20Hunt%20Regional.jpg', '2021-03-27 08:52:02', '2021-03-27 08:52:02'),
(206, 3, 298, 1, 'https://cf-images.us-east-1.prod.boltdns.net/v1/static/844354896001/d2b8605a-e00f-417d-9012-002220543e1a/66051e99-154f-4496-8c81-b5835d618151/1280x720/match/image.jpg', '2021-03-27 08:52:02', '2021-03-27 08:52:02'),
(207, 3, 297, 1, 'https://www.thebalancecareers.com/thmb/4rrIm0OWB7YtomEN-u5gpCzyu3c=/400x250/filters:no_upscale():max_bytes(150000):strip_icc()/PharmacistGivingMedicationSteveColeImagesGettyImages-5c0081ccc9e77c00010e9157.jpg', '2021-03-27 08:52:02', '2021-03-27 08:52:02'),
(208, 3, 206, 1, 'https://www.usnews.com/dims4/USNEWS/355fd39/2147483647/crop/418x274%2B0%2B0/resize/640x420/quality/85/?url=http%3A%2F%2Fmedia.beam.usnews.com%2F54%2Fbb87976b43f25e5b5c83d7457ff2da%2Fjobs-job-photo-44.jpg', '2021-03-27 08:52:02', '2021-03-27 08:52:02'),
(209, 3, 238, 1, 'https://uniquekiosk.com/wp-content/uploads/2020/12/1-3-5-1024x1024.jpg', '2021-03-27 08:52:02', '2021-03-27 08:52:02'),
(210, 3, 256, 1, 'https://www.gethealthystayhealthy.com/sites/default/files/2019-04/introducing-your-pharmacist.jpg', '2021-03-27 08:52:02', '2021-03-27 08:52:02'),
(211, 3, 286, 1, 'https://cf-images.us-east-1.prod.boltdns.net/v1/static/844354896001/d2b8605a-e00f-417d-9012-002220543e1a/66051e99-154f-4496-8c81-b5835d618151/1280x720/match/image.jpg', '2021-03-27 08:52:02', '2021-03-27 08:52:02'),
(212, 3, 261, 1, 'https://ochsner-craft.s3.amazonaws.com/blog/articles/_930x524_crop_center-center_75_none/pharmacist_with_pill_bottle-scaled-2.jpg', '2021-03-27 08:52:02', '2021-03-27 08:52:02'),
(213, 3, 284, 1, 'https://www.thebalancecareers.com/thmb/4rrIm0OWB7YtomEN-u5gpCzyu3c=/400x250/filters:no_upscale():max_bytes(150000):strip_icc()/PharmacistGivingMedicationSteveColeImagesGettyImages-5c0081ccc9e77c00010e9157.jpg', '2021-03-27 08:52:02', '2021-03-27 08:52:02'),
(214, 3, 292, 1, 'https://www.gethealthystayhealthy.com/sites/default/files/2019-04/introducing-your-pharmacist.jpg', '2021-03-27 08:52:02', '2021-03-27 08:52:02'),
(215, 3, 294, 1, 'https://www.gethealthystayhealthy.com/sites/default/files/2019-04/introducing-your-pharmacist.jpg', '2021-03-27 08:52:02', '2021-03-27 08:52:02'),
(216, 3, 269, 1, 'https://www.gethealthystayhealthy.com/sites/default/files/2019-04/introducing-your-pharmacist.jpg', '2021-03-27 08:52:02', '2021-03-27 08:52:02'),
(217, 3, 241, 1, 'https://uniquekiosk.com/wp-content/uploads/2020/12/1-3-5-1024x1024.jpg', '2021-03-27 08:52:02', '2021-03-27 08:52:02'),
(218, 3, 268, 1, 'https://image.shutterstock.com/image-photo/glad-female-pharmacist-offering-help-260nw-1717536514.jpg', '2021-03-27 08:52:02', '2021-03-27 08:52:02'),
(219, 3, 209, 1, 'https://www.usnews.com/dims4/USNEWS/355fd39/2147483647/crop/418x274%2B0%2B0/resize/640x420/quality/85/?url=http%3A%2F%2Fmedia.beam.usnews.com%2F54%2Fbb87976b43f25e5b5c83d7457ff2da%2Fjobs-job-photo-44.jpg', '2021-03-27 08:52:02', '2021-03-27 08:52:02'),
(220, 3, 285, 1, 'https://cf-images.us-east-1.prod.boltdns.net/v1/static/844354896001/d2b8605a-e00f-417d-9012-002220543e1a/66051e99-154f-4496-8c81-b5835d618151/1280x720/match/image.jpg', '2021-03-27 08:52:02', '2021-03-27 08:52:02'),
(221, 3, 229, 1, 'https://image.shutterstock.com/image-photo/glad-female-pharmacist-offering-help-260nw-1717536514.jpg', '2021-03-27 08:52:02', '2021-03-27 08:52:02'),
(222, 3, 219, 1, 'https://image.shutterstock.com/image-photo/glad-female-pharmacist-offering-help-260nw-1717536514.jpg', '2021-03-27 08:52:02', '2021-03-27 08:52:02'),
(223, 3, 287, 1, 'https://www.gethealthystayhealthy.com/sites/default/files/2019-04/introducing-your-pharmacist.jpg', '2021-03-27 08:52:02', '2021-03-27 08:52:02'),
(224, 3, 246, 1, 'https://cf-images.us-east-1.prod.boltdns.net/v1/static/844354896001/d2b8605a-e00f-417d-9012-002220543e1a/66051e99-154f-4496-8c81-b5835d618151/1280x720/match/image.jpg', '2021-03-27 08:52:02', '2021-03-27 08:52:02'),
(225, 3, 277, 1, 'https://www.gethealthystayhealthy.com/sites/default/files/2019-04/introducing-your-pharmacist.jpg', '2021-03-27 08:52:02', '2021-03-27 08:52:02'),
(226, 3, 286, 1, 'https://image.shutterstock.com/image-photo/glad-female-pharmacist-offering-help-260nw-1717536514.jpg', '2021-03-27 08:52:02', '2021-03-27 08:52:02'),
(227, 3, 246, 1, 'https://www.thebalancecareers.com/thmb/4rrIm0OWB7YtomEN-u5gpCzyu3c=/400x250/filters:no_upscale():max_bytes(150000):strip_icc()/PharmacistGivingMedicationSteveColeImagesGettyImages-5c0081ccc9e77c00010e9157.jpg', '2021-03-27 08:52:02', '2021-03-27 08:52:02'),
(228, 3, 273, 1, 'https://www.thebalancecareers.com/thmb/4rrIm0OWB7YtomEN-u5gpCzyu3c=/400x250/filters:no_upscale():max_bytes(150000):strip_icc()/PharmacistGivingMedicationSteveColeImagesGettyImages-5c0081ccc9e77c00010e9157.jpg', '2021-03-27 08:52:02', '2021-03-27 08:52:02'),
(229, 3, 299, 1, 'https://image.shutterstock.com/image-photo/glad-female-pharmacist-offering-help-260nw-1717536514.jpg', '2021-03-27 08:52:02', '2021-03-27 08:52:02'),
(230, 3, 284, 1, 'https://www.gethealthystayhealthy.com/sites/default/files/2019-04/introducing-your-pharmacist.jpg', '2021-03-27 08:52:02', '2021-03-27 08:52:02'),
(231, 3, 280, 1, 'https://www.thebalancecareers.com/thmb/4rrIm0OWB7YtomEN-u5gpCzyu3c=/400x250/filters:no_upscale():max_bytes(150000):strip_icc()/PharmacistGivingMedicationSteveColeImagesGettyImages-5c0081ccc9e77c00010e9157.jpg', '2021-03-27 08:52:02', '2021-03-27 08:52:02'),
(232, 3, 292, 1, 'https://cf-images.us-east-1.prod.boltdns.net/v1/static/844354896001/d2b8605a-e00f-417d-9012-002220543e1a/66051e99-154f-4496-8c81-b5835d618151/1280x720/match/image.jpg', '2021-03-27 08:52:02', '2021-03-27 08:52:02'),
(233, 3, 244, 1, 'https://www.thebalancecareers.com/thmb/4rrIm0OWB7YtomEN-u5gpCzyu3c=/400x250/filters:no_upscale():max_bytes(150000):strip_icc()/PharmacistGivingMedicationSteveColeImagesGettyImages-5c0081ccc9e77c00010e9157.jpg', '2021-03-27 08:52:02', '2021-03-27 08:52:02'),
(234, 3, 240, 1, 'https://uniquekiosk.com/wp-content/uploads/2020/12/1-3-5-1024x1024.jpg', '2021-03-27 08:52:02', '2021-03-27 08:52:02'),
(235, 3, 248, 1, 'https://www.huntregional.org/sites/www/Uploads/images/Pharmacy/pharmacy%20at%20Hunt%20Regional.jpg', '2021-03-27 08:52:02', '2021-03-27 08:52:02'),
(236, 3, 235, 1, 'https://www.usnews.com/dims4/USNEWS/355fd39/2147483647/crop/418x274%2B0%2B0/resize/640x420/quality/85/?url=http%3A%2F%2Fmedia.beam.usnews.com%2F54%2Fbb87976b43f25e5b5c83d7457ff2da%2Fjobs-job-photo-44.jpg', '2021-03-27 08:52:02', '2021-03-27 08:52:02'),
(237, 3, 229, 1, 'https://cf-images.us-east-1.prod.boltdns.net/v1/static/844354896001/d2b8605a-e00f-417d-9012-002220543e1a/66051e99-154f-4496-8c81-b5835d618151/1280x720/match/image.jpg', '2021-03-27 08:52:02', '2021-03-27 08:52:02'),
(238, 3, 207, 1, 'https://www.thebalancecareers.com/thmb/4rrIm0OWB7YtomEN-u5gpCzyu3c=/400x250/filters:no_upscale():max_bytes(150000):strip_icc()/PharmacistGivingMedicationSteveColeImagesGettyImages-5c0081ccc9e77c00010e9157.jpg', '2021-03-27 08:52:02', '2021-03-27 08:52:02'),
(239, 3, 264, 1, 'https://www.thebalancecareers.com/thmb/4rrIm0OWB7YtomEN-u5gpCzyu3c=/400x250/filters:no_upscale():max_bytes(150000):strip_icc()/PharmacistGivingMedicationSteveColeImagesGettyImages-5c0081ccc9e77c00010e9157.jpg', '2021-03-27 08:52:02', '2021-03-27 08:52:02'),
(240, 3, 285, 1, 'https://cf-images.us-east-1.prod.boltdns.net/v1/static/844354896001/d2b8605a-e00f-417d-9012-002220543e1a/66051e99-154f-4496-8c81-b5835d618151/1280x720/match/image.jpg', '2021-03-27 08:52:02', '2021-03-27 08:52:02'),
(241, 3, 288, 1, 'https://ochsner-craft.s3.amazonaws.com/blog/articles/_930x524_crop_center-center_75_none/pharmacist_with_pill_bottle-scaled-2.jpg', '2021-03-27 08:52:02', '2021-03-27 08:52:02'),
(242, 3, 211, 1, 'https://www.huntregional.org/sites/www/Uploads/images/Pharmacy/pharmacy%20at%20Hunt%20Regional.jpg', '2021-03-27 08:52:02', '2021-03-27 08:52:02'),
(243, 3, 257, 1, 'https://www.usnews.com/dims4/USNEWS/355fd39/2147483647/crop/418x274%2B0%2B0/resize/640x420/quality/85/?url=http%3A%2F%2Fmedia.beam.usnews.com%2F54%2Fbb87976b43f25e5b5c83d7457ff2da%2Fjobs-job-photo-44.jpg', '2021-03-27 08:52:02', '2021-03-27 08:52:02'),
(244, 3, 221, 1, 'https://ochsner-craft.s3.amazonaws.com/blog/articles/_930x524_crop_center-center_75_none/pharmacist_with_pill_bottle-scaled-2.jpg', '2021-03-27 08:52:02', '2021-03-27 08:52:02'),
(245, 3, 284, 1, 'https://www.gethealthystayhealthy.com/sites/default/files/2019-04/introducing-your-pharmacist.jpg', '2021-03-27 08:52:02', '2021-03-27 08:52:02'),
(246, 3, 262, 1, 'https://www.thebalancecareers.com/thmb/4rrIm0OWB7YtomEN-u5gpCzyu3c=/400x250/filters:no_upscale():max_bytes(150000):strip_icc()/PharmacistGivingMedicationSteveColeImagesGettyImages-5c0081ccc9e77c00010e9157.jpg', '2021-03-27 08:52:02', '2021-03-27 08:52:02'),
(247, 3, 288, 1, 'https://www.huntregional.org/sites/www/Uploads/images/Pharmacy/pharmacy%20at%20Hunt%20Regional.jpg', '2021-03-27 08:52:02', '2021-03-27 08:52:02'),
(248, 3, 259, 1, 'https://image.shutterstock.com/image-photo/glad-female-pharmacist-offering-help-260nw-1717536514.jpg', '2021-03-27 08:52:02', '2021-03-27 08:52:02'),
(249, 3, 234, 1, 'https://uniquekiosk.com/wp-content/uploads/2020/12/1-3-5-1024x1024.jpg', '2021-03-27 08:52:03', '2021-03-27 08:52:03'),
(250, 3, 283, 1, 'https://ochsner-craft.s3.amazonaws.com/blog/articles/_930x524_crop_center-center_75_none/pharmacist_with_pill_bottle-scaled-2.jpg', '2021-03-27 08:52:03', '2021-03-27 08:52:03'),
(251, 3, 229, 1, 'https://www.gethealthystayhealthy.com/sites/default/files/2019-04/introducing-your-pharmacist.jpg', '2021-03-27 08:52:03', '2021-03-27 08:52:03'),
(252, 3, 258, 1, 'https://cf-images.us-east-1.prod.boltdns.net/v1/static/844354896001/d2b8605a-e00f-417d-9012-002220543e1a/66051e99-154f-4496-8c81-b5835d618151/1280x720/match/image.jpg', '2021-03-27 08:52:03', '2021-03-27 08:52:03'),
(253, 3, 249, 1, 'https://www.usnews.com/dims4/USNEWS/355fd39/2147483647/crop/418x274%2B0%2B0/resize/640x420/quality/85/?url=http%3A%2F%2Fmedia.beam.usnews.com%2F54%2Fbb87976b43f25e5b5c83d7457ff2da%2Fjobs-job-photo-44.jpg', '2021-03-27 08:52:03', '2021-03-27 08:52:03'),
(254, 3, 242, 1, 'https://www.huntregional.org/sites/www/Uploads/images/Pharmacy/pharmacy%20at%20Hunt%20Regional.jpg', '2021-03-27 08:52:03', '2021-03-27 08:52:03'),
(255, 3, 261, 1, 'https://cf-images.us-east-1.prod.boltdns.net/v1/static/844354896001/d2b8605a-e00f-417d-9012-002220543e1a/66051e99-154f-4496-8c81-b5835d618151/1280x720/match/image.jpg', '2021-03-27 08:52:03', '2021-03-27 08:52:03'),
(256, 3, 253, 1, 'https://www.huntregional.org/sites/www/Uploads/images/Pharmacy/pharmacy%20at%20Hunt%20Regional.jpg', '2021-03-27 08:52:03', '2021-03-27 08:52:03'),
(257, 3, 214, 1, 'https://ochsner-craft.s3.amazonaws.com/blog/articles/_930x524_crop_center-center_75_none/pharmacist_with_pill_bottle-scaled-2.jpg', '2021-03-27 08:52:03', '2021-03-27 08:52:03'),
(258, 3, 273, 1, 'https://cf-images.us-east-1.prod.boltdns.net/v1/static/844354896001/d2b8605a-e00f-417d-9012-002220543e1a/66051e99-154f-4496-8c81-b5835d618151/1280x720/match/image.jpg', '2021-03-27 08:52:03', '2021-03-27 08:52:03'),
(259, 3, 247, 1, 'https://www.thebalancecareers.com/thmb/4rrIm0OWB7YtomEN-u5gpCzyu3c=/400x250/filters:no_upscale():max_bytes(150000):strip_icc()/PharmacistGivingMedicationSteveColeImagesGettyImages-5c0081ccc9e77c00010e9157.jpg', '2021-03-27 08:52:03', '2021-03-27 08:52:03'),
(260, 3, 223, 1, 'https://www.huntregional.org/sites/www/Uploads/images/Pharmacy/pharmacy%20at%20Hunt%20Regional.jpg', '2021-03-27 08:52:03', '2021-03-27 08:52:03'),
(261, 3, 207, 1, 'https://image.shutterstock.com/image-photo/glad-female-pharmacist-offering-help-260nw-1717536514.jpg', '2021-03-27 08:52:03', '2021-03-27 08:52:03'),
(262, 3, 249, 1, 'https://ochsner-craft.s3.amazonaws.com/blog/articles/_930x524_crop_center-center_75_none/pharmacist_with_pill_bottle-scaled-2.jpg', '2021-03-27 08:52:03', '2021-03-27 08:52:03'),
(263, 3, 295, 1, 'https://www.thebalancecareers.com/thmb/4rrIm0OWB7YtomEN-u5gpCzyu3c=/400x250/filters:no_upscale():max_bytes(150000):strip_icc()/PharmacistGivingMedicationSteveColeImagesGettyImages-5c0081ccc9e77c00010e9157.jpg', '2021-03-27 08:52:03', '2021-03-27 08:52:03'),
(264, 3, 233, 1, 'https://www.gethealthystayhealthy.com/sites/default/files/2019-04/introducing-your-pharmacist.jpg', '2021-03-27 08:52:03', '2021-03-27 08:52:03'),
(265, 3, 255, 1, 'https://www.usnews.com/dims4/USNEWS/355fd39/2147483647/crop/418x274%2B0%2B0/resize/640x420/quality/85/?url=http%3A%2F%2Fmedia.beam.usnews.com%2F54%2Fbb87976b43f25e5b5c83d7457ff2da%2Fjobs-job-photo-44.jpg', '2021-03-27 08:52:03', '2021-03-27 08:52:03'),
(266, 3, 205, 1, 'https://www.usnews.com/dims4/USNEWS/355fd39/2147483647/crop/418x274%2B0%2B0/resize/640x420/quality/85/?url=http%3A%2F%2Fmedia.beam.usnews.com%2F54%2Fbb87976b43f25e5b5c83d7457ff2da%2Fjobs-job-photo-44.jpg', '2021-03-27 08:52:03', '2021-03-27 08:52:03'),
(267, 3, 205, 1, 'https://image.shutterstock.com/image-photo/glad-female-pharmacist-offering-help-260nw-1717536514.jpg', '2021-03-27 08:52:03', '2021-03-27 08:52:03'),
(268, 3, 280, 1, 'https://ochsner-craft.s3.amazonaws.com/blog/articles/_930x524_crop_center-center_75_none/pharmacist_with_pill_bottle-scaled-2.jpg', '2021-03-27 08:52:03', '2021-03-27 08:52:03'),
(269, 3, 206, 1, 'https://uniquekiosk.com/wp-content/uploads/2020/12/1-3-5-1024x1024.jpg', '2021-03-27 08:52:03', '2021-03-27 08:52:03'),
(270, 3, 267, 1, 'https://image.shutterstock.com/image-photo/glad-female-pharmacist-offering-help-260nw-1717536514.jpg', '2021-03-27 08:52:03', '2021-03-27 08:52:03'),
(271, 3, 255, 1, 'https://ochsner-craft.s3.amazonaws.com/blog/articles/_930x524_crop_center-center_75_none/pharmacist_with_pill_bottle-scaled-2.jpg', '2021-03-27 08:52:03', '2021-03-27 08:52:03'),
(272, 3, 276, 1, 'https://image.shutterstock.com/image-photo/glad-female-pharmacist-offering-help-260nw-1717536514.jpg', '2021-03-27 08:52:03', '2021-03-27 08:52:03'),
(273, 3, 201, 1, 'https://www.thebalancecareers.com/thmb/4rrIm0OWB7YtomEN-u5gpCzyu3c=/400x250/filters:no_upscale():max_bytes(150000):strip_icc()/PharmacistGivingMedicationSteveColeImagesGettyImages-5c0081ccc9e77c00010e9157.jpg', '2021-03-27 08:52:03', '2021-03-27 08:52:03'),
(274, 3, 275, 1, 'https://www.gethealthystayhealthy.com/sites/default/files/2019-04/introducing-your-pharmacist.jpg', '2021-03-27 08:52:03', '2021-03-27 08:52:03'),
(275, 3, 207, 1, 'https://ochsner-craft.s3.amazonaws.com/blog/articles/_930x524_crop_center-center_75_none/pharmacist_with_pill_bottle-scaled-2.jpg', '2021-03-27 08:52:03', '2021-03-27 08:52:03'),
(276, 3, 273, 1, 'https://uniquekiosk.com/wp-content/uploads/2020/12/1-3-5-1024x1024.jpg', '2021-03-27 08:52:03', '2021-03-27 08:52:03'),
(277, 3, 205, 1, 'https://www.gethealthystayhealthy.com/sites/default/files/2019-04/introducing-your-pharmacist.jpg', '2021-03-27 08:52:03', '2021-03-27 08:52:03'),
(278, 3, 259, 1, 'https://ochsner-craft.s3.amazonaws.com/blog/articles/_930x524_crop_center-center_75_none/pharmacist_with_pill_bottle-scaled-2.jpg', '2021-03-27 08:52:03', '2021-03-27 08:52:03'),
(279, 3, 279, 1, 'https://www.thebalancecareers.com/thmb/4rrIm0OWB7YtomEN-u5gpCzyu3c=/400x250/filters:no_upscale():max_bytes(150000):strip_icc()/PharmacistGivingMedicationSteveColeImagesGettyImages-5c0081ccc9e77c00010e9157.jpg', '2021-03-27 08:52:03', '2021-03-27 08:52:03'),
(280, 3, 288, 1, 'https://www.thebalancecareers.com/thmb/4rrIm0OWB7YtomEN-u5gpCzyu3c=/400x250/filters:no_upscale():max_bytes(150000):strip_icc()/PharmacistGivingMedicationSteveColeImagesGettyImages-5c0081ccc9e77c00010e9157.jpg', '2021-03-27 08:52:03', '2021-03-27 08:52:03'),
(281, 3, 298, 1, 'https://www.gethealthystayhealthy.com/sites/default/files/2019-04/introducing-your-pharmacist.jpg', '2021-03-27 08:52:03', '2021-03-27 08:52:03'),
(282, 3, 239, 1, 'https://www.huntregional.org/sites/www/Uploads/images/Pharmacy/pharmacy%20at%20Hunt%20Regional.jpg', '2021-03-27 08:52:03', '2021-03-27 08:52:03'),
(283, 3, 279, 1, 'https://www.usnews.com/dims4/USNEWS/355fd39/2147483647/crop/418x274%2B0%2B0/resize/640x420/quality/85/?url=http%3A%2F%2Fmedia.beam.usnews.com%2F54%2Fbb87976b43f25e5b5c83d7457ff2da%2Fjobs-job-photo-44.jpg', '2021-03-27 08:52:03', '2021-03-27 08:52:03'),
(284, 3, 282, 1, 'https://cf-images.us-east-1.prod.boltdns.net/v1/static/844354896001/d2b8605a-e00f-417d-9012-002220543e1a/66051e99-154f-4496-8c81-b5835d618151/1280x720/match/image.jpg', '2021-03-27 08:52:03', '2021-03-27 08:52:03'),
(285, 3, 235, 1, 'https://www.thebalancecareers.com/thmb/4rrIm0OWB7YtomEN-u5gpCzyu3c=/400x250/filters:no_upscale():max_bytes(150000):strip_icc()/PharmacistGivingMedicationSteveColeImagesGettyImages-5c0081ccc9e77c00010e9157.jpg', '2021-03-27 08:52:03', '2021-03-27 08:52:03');
INSERT INTO `vendor_sliders` (`id`, `vendor_id`, `Branch_id`, `Status`, `Silder_image`, `created_at`, `updated_at`) VALUES
(286, 3, 267, 1, 'https://www.thebalancecareers.com/thmb/4rrIm0OWB7YtomEN-u5gpCzyu3c=/400x250/filters:no_upscale():max_bytes(150000):strip_icc()/PharmacistGivingMedicationSteveColeImagesGettyImages-5c0081ccc9e77c00010e9157.jpg', '2021-03-27 08:52:03', '2021-03-27 08:52:03'),
(287, 3, 277, 1, 'https://ochsner-craft.s3.amazonaws.com/blog/articles/_930x524_crop_center-center_75_none/pharmacist_with_pill_bottle-scaled-2.jpg', '2021-03-27 08:52:03', '2021-03-27 08:52:03'),
(288, 3, 247, 1, 'https://cf-images.us-east-1.prod.boltdns.net/v1/static/844354896001/d2b8605a-e00f-417d-9012-002220543e1a/66051e99-154f-4496-8c81-b5835d618151/1280x720/match/image.jpg', '2021-03-27 08:52:03', '2021-03-27 08:52:03'),
(289, 3, 266, 1, 'https://www.gethealthystayhealthy.com/sites/default/files/2019-04/introducing-your-pharmacist.jpg', '2021-03-27 08:52:03', '2021-03-27 08:52:03'),
(290, 3, 263, 1, 'https://ochsner-craft.s3.amazonaws.com/blog/articles/_930x524_crop_center-center_75_none/pharmacist_with_pill_bottle-scaled-2.jpg', '2021-03-27 08:52:03', '2021-03-27 08:52:03'),
(291, 3, 276, 1, 'https://image.shutterstock.com/image-photo/glad-female-pharmacist-offering-help-260nw-1717536514.jpg', '2021-03-27 08:52:03', '2021-03-27 08:52:03'),
(292, 3, 202, 1, 'https://uniquekiosk.com/wp-content/uploads/2020/12/1-3-5-1024x1024.jpg', '2021-03-27 08:52:03', '2021-03-27 08:52:03'),
(293, 3, 202, 1, 'https://image.shutterstock.com/image-photo/glad-female-pharmacist-offering-help-260nw-1717536514.jpg', '2021-03-27 08:52:03', '2021-03-27 08:52:03'),
(294, 3, 219, 1, 'https://www.thebalancecareers.com/thmb/4rrIm0OWB7YtomEN-u5gpCzyu3c=/400x250/filters:no_upscale():max_bytes(150000):strip_icc()/PharmacistGivingMedicationSteveColeImagesGettyImages-5c0081ccc9e77c00010e9157.jpg', '2021-03-27 08:52:03', '2021-03-27 08:52:03'),
(295, 3, 272, 1, 'https://ochsner-craft.s3.amazonaws.com/blog/articles/_930x524_crop_center-center_75_none/pharmacist_with_pill_bottle-scaled-2.jpg', '2021-03-27 08:52:03', '2021-03-27 08:52:03'),
(296, 3, 202, 1, 'https://www.huntregional.org/sites/www/Uploads/images/Pharmacy/pharmacy%20at%20Hunt%20Regional.jpg', '2021-03-27 08:52:03', '2021-03-27 08:52:03'),
(297, 3, 271, 1, 'https://www.thebalancecareers.com/thmb/4rrIm0OWB7YtomEN-u5gpCzyu3c=/400x250/filters:no_upscale():max_bytes(150000):strip_icc()/PharmacistGivingMedicationSteveColeImagesGettyImages-5c0081ccc9e77c00010e9157.jpg', '2021-03-27 08:52:03', '2021-03-27 08:52:03');

--
-- Indexes for dumped tables
--

--
-- Indexes for table `add_ons`
--
ALTER TABLE `add_ons`
  ADD PRIMARY KEY (`id`),
  ADD KEY `add_ons_item_id_foreign` (`item_id`),
  ADD KEY `add_ons_lang_id_foreign` (`lang_id`),
  ADD KEY `add_ons_addons_categories_id_foreign` (`AddOns_Categories_Id`);

--
-- Indexes for table `add_ons_categories`
--
ALTER TABLE `add_ons_categories`
  ADD PRIMARY KEY (`id`);

--
-- Indexes for table `admins`
--
ALTER TABLE `admins`
  ADD PRIMARY KEY (`id`),
  ADD UNIQUE KEY `admins_email_unique` (`email`);

--
-- Indexes for table `app_settings`
--
ALTER TABLE `app_settings`
  ADD PRIMARY KEY (`id`);

--
-- Indexes for table `branches`
--
ALTER TABLE `branches`
  ADD PRIMARY KEY (`id`),
  ADD KEY `branches_vendor_id_foreign` (`vendor_id`),
  ADD KEY `branches_lang_id_foreign` (`lang_id`);

--
-- Indexes for table `branches_stores`
--
ALTER TABLE `branches_stores`
  ADD PRIMARY KEY (`id`),
  ADD KEY `branches_stores_branche_id_foreign` (`branche_id`),
  ADD KEY `branches_stores_lang_id_foreign` (`lang_id`);

--
-- Indexes for table `branches_work_hours`
--
ALTER TABLE `branches_work_hours`
  ADD PRIMARY KEY (`id`),
  ADD KEY `branches_work_hours_branch_id_foreign` (`Branch_id`);

--
-- Indexes for table `cards_tables`
--
ALTER TABLE `cards_tables`
  ADD PRIMARY KEY (`id`),
  ADD KEY `cards_tables_user_id_foreign` (`user_id`);

--
-- Indexes for table `category_branch_names`
--
ALTER TABLE `category_branch_names`
  ADD PRIMARY KEY (`id`),
  ADD KEY `category_branch_names_vendor_id_foreign` (`vendor_id`);

--
-- Indexes for table `category_items`
--
ALTER TABLE `category_items`
  ADD PRIMARY KEY (`id`),
  ADD KEY `category_items_branch_id_foreign` (`Branch_id`),
  ADD KEY `category_items_lang_id_foreign` (`lang_id`);

--
-- Indexes for table `cuisines`
--
ALTER TABLE `cuisines`
  ADD PRIMARY KEY (`id`);

--
-- Indexes for table `failed_jobs`
--
ALTER TABLE `failed_jobs`
  ADD PRIMARY KEY (`id`);

--
-- Indexes for table `favourites`
--
ALTER TABLE `favourites`
  ADD PRIMARY KEY (`id`),
  ADD KEY `favourites_branche_id_foreign` (`branche_id`),
  ADD KEY `favourites_user_id_foreign` (`user_id`);

--
-- Indexes for table `feed_back_orders`
--
ALTER TABLE `feed_back_orders`
  ADD PRIMARY KEY (`id`),
  ADD KEY `feed_back_orders_order_id_foreign` (`order_id`);

--
-- Indexes for table `items_tables`
--
ALTER TABLE `items_tables`
  ADD PRIMARY KEY (`id`),
  ADD KEY `items_tables_lang_id_foreign` (`lang_id`),
  ADD KEY `items_tables_category_id_foreign` (`category_id`);

--
-- Indexes for table `item_sizes`
--
ALTER TABLE `item_sizes`
  ADD PRIMARY KEY (`id`),
  ADD KEY `item_sizes_item_id_foreign` (`item_id`),
  ADD KEY `item_sizes_lang_id_foreign` (`lang_id`);

--
-- Indexes for table `lang_translations`
--
ALTER TABLE `lang_translations`
  ADD PRIMARY KEY (`id`);

--
-- Indexes for table `main_branch_categories`
--
ALTER TABLE `main_branch_categories`
  ADD PRIMARY KEY (`id`),
  ADD KEY `main_branch_categories_branch_id_foreign` (`Branch_id`),
  ADD KEY `main_branch_categories_category_branch_name_id_foreign` (`category_branch_name_id`);

--
-- Indexes for table `marsols`
--
ALTER TABLE `marsols`
  ADD PRIMARY KEY (`id`),
  ADD KEY `marsols_branche_id_foreign` (`branche_id`);

--
-- Indexes for table `migrations`
--
ALTER TABLE `migrations`
  ADD PRIMARY KEY (`id`);

--
-- Indexes for table `oauth_access_tokens`
--
ALTER TABLE `oauth_access_tokens`
  ADD PRIMARY KEY (`id`),
  ADD KEY `oauth_access_tokens_user_id_index` (`user_id`);

--
-- Indexes for table `oauth_auth_codes`
--
ALTER TABLE `oauth_auth_codes`
  ADD PRIMARY KEY (`id`),
  ADD KEY `oauth_auth_codes_user_id_index` (`user_id`);

--
-- Indexes for table `oauth_clients`
--
ALTER TABLE `oauth_clients`
  ADD PRIMARY KEY (`id`),
  ADD KEY `oauth_clients_user_id_index` (`user_id`);

--
-- Indexes for table `oauth_personal_access_clients`
--
ALTER TABLE `oauth_personal_access_clients`
  ADD PRIMARY KEY (`id`);

--
-- Indexes for table `oauth_refresh_tokens`
--
ALTER TABLE `oauth_refresh_tokens`
  ADD PRIMARY KEY (`id`),
  ADD KEY `oauth_refresh_tokens_access_token_id_index` (`access_token_id`);

--
-- Indexes for table `offers`
--
ALTER TABLE `offers`
  ADD PRIMARY KEY (`id`),
  ADD KEY `offers_branches_id_foreign` (`Branches_id`);

--
-- Indexes for table `offer_sliders`
--
ALTER TABLE `offer_sliders`
  ADD PRIMARY KEY (`id`),
  ADD KEY `offer_sliders_branches_id_foreign` (`Branches_id`);

--
-- Indexes for table `orders`
--
ALTER TABLE `orders`
  ADD PRIMARY KEY (`id`),
  ADD KEY `orders_branches_id_foreign` (`Store_id`);

--
-- Indexes for table `order_addons`
--
ALTER TABLE `order_addons`
  ADD PRIMARY KEY (`id`),
  ADD KEY `order_addons_order_id_foreign` (`order_item_id`) USING BTREE,
  ADD KEY `order_addons_topping_id_foreign` (`topping_id`);

--
-- Indexes for table `order_drivers`
--
ALTER TABLE `order_drivers`
  ADD PRIMARY KEY (`id`),
  ADD KEY `order_drivers_driver_id_foreign` (`driver_id`),
  ADD KEY `order_drivers_order_id_foreign` (`order_id`);

--
-- Indexes for table `order_items`
--
ALTER TABLE `order_items`
  ADD PRIMARY KEY (`id`),
  ADD KEY `order_items_order_id_foreign` (`order_id`);

--
-- Indexes for table `password_resets`
--
ALTER TABLE `password_resets`
  ADD KEY `password_resets_email_index` (`email`);

--
-- Indexes for table `pharmacies`
--
ALTER TABLE `pharmacies`
  ADD PRIMARY KEY (`id`),
  ADD KEY `pharmacies_branche_id_foreign` (`branche_id`);

--
-- Indexes for table `promo_codes`
--
ALTER TABLE `promo_codes`
  ADD PRIMARY KEY (`id`);

--
-- Indexes for table `promo_code_users`
--
ALTER TABLE `promo_code_users`
  ADD PRIMARY KEY (`id`),
  ADD KEY `promo_code_users_promocode_id_foreign` (`promoCode_id`),
  ADD KEY `promo_code_users_user_id_foreign` (`user_id`);

--
-- Indexes for table `restaurants`
--
ALTER TABLE `restaurants`
  ADD PRIMARY KEY (`id`),
  ADD KEY `restaurants_branche_id_foreign` (`branche_id`),
  ADD KEY `restaurants_cuisines_id_foreign` (`Cuisines_id`);

--
-- Indexes for table `sessions`
--
ALTER TABLE `sessions`
  ADD UNIQUE KEY `sessions_id_unique` (`id`);

--
-- Indexes for table `shipments`
--
ALTER TABLE `shipments`
  ADD PRIMARY KEY (`id`),
  ADD KEY `shipments_branche_id_foreign` (`branche_id`);

--
-- Indexes for table `shipment_order_details`
--
ALTER TABLE `shipment_order_details`
  ADD PRIMARY KEY (`id`);

--
-- Indexes for table `sliders`
--
ALTER TABLE `sliders`
  ADD PRIMARY KEY (`id`),
  ADD KEY `sliders_branches_id_foreign` (`Branches_id`);

--
-- Indexes for table `supermarkets`
--
ALTER TABLE `supermarkets`
  ADD PRIMARY KEY (`id`),
  ADD KEY `supermarkets_branche_id_foreign` (`branche_id`);

--
-- Indexes for table `users`
--
ALTER TABLE `users`
  ADD PRIMARY KEY (`id`),
  ADD UNIQUE KEY `users_mobilenumber_unique` (`MobileNumber`),
  ADD UNIQUE KEY `users_email_unique` (`email`);

--
-- Indexes for table `user_dashboards`
--
ALTER TABLE `user_dashboards`
  ADD PRIMARY KEY (`id`),
  ADD UNIQUE KEY `user_dashboards_email_unique` (`email`);

--
-- Indexes for table `vendors`
--
ALTER TABLE `vendors`
  ADD PRIMARY KEY (`id`),
  ADD KEY `vendors_lang_id_foreign` (`lang_id`);

--
-- Indexes for table `vendor_sliders`
--
ALTER TABLE `vendor_sliders`
  ADD PRIMARY KEY (`id`),
  ADD KEY `vendor_sliders_vendor_id_foreign` (`vendor_id`),
  ADD KEY `vendor_sliders_branch_id_foreign` (`Branch_id`);

--
-- AUTO_INCREMENT for dumped tables
--

--
-- AUTO_INCREMENT for table `add_ons`
--
ALTER TABLE `add_ons`
  MODIFY `id` bigint(20) UNSIGNED NOT NULL AUTO_INCREMENT, AUTO_INCREMENT=234;

--
-- AUTO_INCREMENT for table `add_ons_categories`
--
ALTER TABLE `add_ons_categories`
  MODIFY `id` bigint(20) UNSIGNED NOT NULL AUTO_INCREMENT, AUTO_INCREMENT=4;

--
-- AUTO_INCREMENT for table `admins`
--
ALTER TABLE `admins`
  MODIFY `id` bigint(20) UNSIGNED NOT NULL AUTO_INCREMENT, AUTO_INCREMENT=2;

--
-- AUTO_INCREMENT for table `app_settings`
--
ALTER TABLE `app_settings`
  MODIFY `id` bigint(20) UNSIGNED NOT NULL AUTO_INCREMENT;

--
-- AUTO_INCREMENT for table `branches`
--
ALTER TABLE `branches`
  MODIFY `id` bigint(20) UNSIGNED NOT NULL AUTO_INCREMENT, AUTO_INCREMENT=384;

--
-- AUTO_INCREMENT for table `branches_stores`
--
ALTER TABLE `branches_stores`
  MODIFY `id` bigint(20) UNSIGNED NOT NULL AUTO_INCREMENT, AUTO_INCREMENT=209;

--
-- AUTO_INCREMENT for table `branches_work_hours`
--
ALTER TABLE `branches_work_hours`
  MODIFY `id` bigint(20) UNSIGNED NOT NULL AUTO_INCREMENT;

--
-- AUTO_INCREMENT for table `cards_tables`
--
ALTER TABLE `cards_tables`
  MODIFY `id` bigint(20) UNSIGNED NOT NULL AUTO_INCREMENT, AUTO_INCREMENT=4;

--
-- AUTO_INCREMENT for table `category_branch_names`
--
ALTER TABLE `category_branch_names`
  MODIFY `id` bigint(20) UNSIGNED NOT NULL AUTO_INCREMENT, AUTO_INCREMENT=7;

--
-- AUTO_INCREMENT for table `category_items`
--
ALTER TABLE `category_items`
  MODIFY `id` bigint(20) UNSIGNED NOT NULL AUTO_INCREMENT, AUTO_INCREMENT=625;

--
-- AUTO_INCREMENT for table `cuisines`
--
ALTER TABLE `cuisines`
  MODIFY `id` bigint(20) UNSIGNED NOT NULL AUTO_INCREMENT, AUTO_INCREMENT=2;

--
-- AUTO_INCREMENT for table `failed_jobs`
--
ALTER TABLE `failed_jobs`
  MODIFY `id` bigint(20) UNSIGNED NOT NULL AUTO_INCREMENT;

--
-- AUTO_INCREMENT for table `favourites`
--
ALTER TABLE `favourites`
  MODIFY `id` bigint(20) UNSIGNED NOT NULL AUTO_INCREMENT, AUTO_INCREMENT=68;

--
-- AUTO_INCREMENT for table `feed_back_orders`
--
ALTER TABLE `feed_back_orders`
  MODIFY `id` bigint(20) UNSIGNED NOT NULL AUTO_INCREMENT;

--
-- AUTO_INCREMENT for table `items_tables`
--
ALTER TABLE `items_tables`
  MODIFY `id` bigint(20) UNSIGNED NOT NULL AUTO_INCREMENT, AUTO_INCREMENT=729;

--
-- AUTO_INCREMENT for table `item_sizes`
--
ALTER TABLE `item_sizes`
  MODIFY `id` bigint(20) UNSIGNED NOT NULL AUTO_INCREMENT;

--
-- AUTO_INCREMENT for table `lang_translations`
--
ALTER TABLE `lang_translations`
  MODIFY `id` bigint(20) UNSIGNED NOT NULL AUTO_INCREMENT, AUTO_INCREMENT=2005;

--
-- AUTO_INCREMENT for table `main_branch_categories`
--
ALTER TABLE `main_branch_categories`
  MODIFY `id` bigint(20) UNSIGNED NOT NULL AUTO_INCREMENT, AUTO_INCREMENT=201;

--
-- AUTO_INCREMENT for table `marsols`
--
ALTER TABLE `marsols`
  MODIFY `id` bigint(20) UNSIGNED NOT NULL AUTO_INCREMENT;

--
-- AUTO_INCREMENT for table `migrations`
--
ALTER TABLE `migrations`
  MODIFY `id` int(10) UNSIGNED NOT NULL AUTO_INCREMENT, AUTO_INCREMENT=76;

--
-- AUTO_INCREMENT for table `oauth_clients`
--
ALTER TABLE `oauth_clients`
  MODIFY `id` bigint(20) UNSIGNED NOT NULL AUTO_INCREMENT;

--
-- AUTO_INCREMENT for table `oauth_personal_access_clients`
--
ALTER TABLE `oauth_personal_access_clients`
  MODIFY `id` bigint(20) UNSIGNED NOT NULL AUTO_INCREMENT;

--
-- AUTO_INCREMENT for table `offers`
--
ALTER TABLE `offers`
  MODIFY `id` bigint(20) UNSIGNED NOT NULL AUTO_INCREMENT, AUTO_INCREMENT=11;

--
-- AUTO_INCREMENT for table `offer_sliders`
--
ALTER TABLE `offer_sliders`
  MODIFY `id` bigint(20) UNSIGNED NOT NULL AUTO_INCREMENT, AUTO_INCREMENT=301;

--
-- AUTO_INCREMENT for table `orders`
--
ALTER TABLE `orders`
  MODIFY `id` bigint(20) UNSIGNED NOT NULL AUTO_INCREMENT, AUTO_INCREMENT=89;

--
-- AUTO_INCREMENT for table `order_addons`
--
ALTER TABLE `order_addons`
  MODIFY `id` bigint(20) UNSIGNED NOT NULL AUTO_INCREMENT, AUTO_INCREMENT=19;

--
-- AUTO_INCREMENT for table `order_drivers`
--
ALTER TABLE `order_drivers`
  MODIFY `id` bigint(20) UNSIGNED NOT NULL AUTO_INCREMENT, AUTO_INCREMENT=89;

--
-- AUTO_INCREMENT for table `order_items`
--
ALTER TABLE `order_items`
  MODIFY `id` bigint(20) UNSIGNED NOT NULL AUTO_INCREMENT, AUTO_INCREMENT=98;

--
-- AUTO_INCREMENT for table `pharmacies`
--
ALTER TABLE `pharmacies`
  MODIFY `id` bigint(20) UNSIGNED NOT NULL AUTO_INCREMENT, AUTO_INCREMENT=104;

--
-- AUTO_INCREMENT for table `promo_codes`
--
ALTER TABLE `promo_codes`
  MODIFY `id` bigint(20) UNSIGNED NOT NULL AUTO_INCREMENT, AUTO_INCREMENT=3;

--
-- AUTO_INCREMENT for table `promo_code_users`
--
ALTER TABLE `promo_code_users`
  MODIFY `id` bigint(20) UNSIGNED NOT NULL AUTO_INCREMENT, AUTO_INCREMENT=42;

--
-- AUTO_INCREMENT for table `restaurants`
--
ALTER TABLE `restaurants`
  MODIFY `id` bigint(20) UNSIGNED NOT NULL AUTO_INCREMENT, AUTO_INCREMENT=139;

--
-- AUTO_INCREMENT for table `shipments`
--
ALTER TABLE `shipments`
  MODIFY `id` bigint(20) UNSIGNED NOT NULL AUTO_INCREMENT;

--
-- AUTO_INCREMENT for table `shipment_order_details`
--
ALTER TABLE `shipment_order_details`
  MODIFY `id` bigint(20) UNSIGNED NOT NULL AUTO_INCREMENT, AUTO_INCREMENT=23;

--
-- AUTO_INCREMENT for table `sliders`
--
ALTER TABLE `sliders`
  MODIFY `id` bigint(20) UNSIGNED NOT NULL AUTO_INCREMENT, AUTO_INCREMENT=104;

--
-- AUTO_INCREMENT for table `supermarkets`
--
ALTER TABLE `supermarkets`
  MODIFY `id` bigint(20) UNSIGNED NOT NULL AUTO_INCREMENT, AUTO_INCREMENT=106;

--
-- AUTO_INCREMENT for table `users`
--
ALTER TABLE `users`
  MODIFY `id` bigint(20) UNSIGNED NOT NULL AUTO_INCREMENT, AUTO_INCREMENT=54;

--
-- AUTO_INCREMENT for table `user_dashboards`
--
ALTER TABLE `user_dashboards`
  MODIFY `id` bigint(20) UNSIGNED NOT NULL AUTO_INCREMENT, AUTO_INCREMENT=17;

--
-- AUTO_INCREMENT for table `vendors`
--
ALTER TABLE `vendors`
  MODIFY `id` bigint(20) UNSIGNED NOT NULL AUTO_INCREMENT, AUTO_INCREMENT=6;

--
-- AUTO_INCREMENT for table `vendor_sliders`
--
ALTER TABLE `vendor_sliders`
  MODIFY `id` bigint(20) UNSIGNED NOT NULL AUTO_INCREMENT, AUTO_INCREMENT=308;

--
-- Constraints for dumped tables
--

--
-- Constraints for table `add_ons`
--
ALTER TABLE `add_ons`
  ADD CONSTRAINT `add_ons_addons_categories_id_foreign` FOREIGN KEY (`AddOns_Categories_Id`) REFERENCES `add_ons_categories` (`id`) ON DELETE CASCADE,
  ADD CONSTRAINT `add_ons_item_id_foreign` FOREIGN KEY (`item_id`) REFERENCES `items_tables` (`id`) ON DELETE CASCADE ON UPDATE CASCADE,
  ADD CONSTRAINT `add_ons_lang_id_foreign` FOREIGN KEY (`lang_id`) REFERENCES `lang_translations` (`id`) ON DELETE CASCADE ON UPDATE CASCADE;

--
-- Constraints for table `branches`
--
ALTER TABLE `branches`
  ADD CONSTRAINT `branches_lang_id_foreign` FOREIGN KEY (`lang_id`) REFERENCES `lang_translations` (`id`) ON DELETE CASCADE ON UPDATE CASCADE,
  ADD CONSTRAINT `branches_vendor_id_foreign` FOREIGN KEY (`vendor_id`) REFERENCES `vendors` (`id`);

--
-- Constraints for table `branches_stores`
--
ALTER TABLE `branches_stores`
  ADD CONSTRAINT `branches_stores_branche_id_foreign` FOREIGN KEY (`branche_id`) REFERENCES `branches` (`id`),
  ADD CONSTRAINT `branches_stores_lang_id_foreign` FOREIGN KEY (`lang_id`) REFERENCES `lang_translations` (`id`) ON DELETE CASCADE ON UPDATE CASCADE;

--
-- Constraints for table `branches_work_hours`
--
ALTER TABLE `branches_work_hours`
  ADD CONSTRAINT `branches_work_hours_branch_id_foreign` FOREIGN KEY (`Branch_id`) REFERENCES `branches` (`id`);

--
-- Constraints for table `cards_tables`
--
ALTER TABLE `cards_tables`
  ADD CONSTRAINT `cards_tables_user_id_foreign` FOREIGN KEY (`user_id`) REFERENCES `users` (`id`);

--
-- Constraints for table `category_branch_names`
--
ALTER TABLE `category_branch_names`
  ADD CONSTRAINT `category_branch_names_vendor_id_foreign` FOREIGN KEY (`vendor_id`) REFERENCES `vendors` (`id`);

--
-- Constraints for table `category_items`
--
ALTER TABLE `category_items`
  ADD CONSTRAINT `category_items_branch_id_foreign` FOREIGN KEY (`Branch_id`) REFERENCES `branches` (`id`) ON DELETE CASCADE ON UPDATE CASCADE,
  ADD CONSTRAINT `category_items_lang_id_foreign` FOREIGN KEY (`lang_id`) REFERENCES `lang_translations` (`id`) ON DELETE CASCADE ON UPDATE CASCADE;

--
-- Constraints for table `favourites`
--
ALTER TABLE `favourites`
  ADD CONSTRAINT `favourites_branche_id_foreign` FOREIGN KEY (`branche_id`) REFERENCES `branches` (`id`),
  ADD CONSTRAINT `favourites_user_id_foreign` FOREIGN KEY (`user_id`) REFERENCES `users` (`id`) ON DELETE CASCADE ON UPDATE CASCADE;

--
-- Constraints for table `feed_back_orders`
--
ALTER TABLE `feed_back_orders`
  ADD CONSTRAINT `feed_back_orders_order_id_foreign` FOREIGN KEY (`order_id`) REFERENCES `orders` (`id`);

--
-- Constraints for table `items_tables`
--
ALTER TABLE `items_tables`
  ADD CONSTRAINT `items_tables_category_id_foreign` FOREIGN KEY (`category_id`) REFERENCES `category_items` (`id`) ON DELETE CASCADE ON UPDATE CASCADE,
  ADD CONSTRAINT `items_tables_lang_id_foreign` FOREIGN KEY (`lang_id`) REFERENCES `lang_translations` (`id`) ON DELETE CASCADE ON UPDATE CASCADE;

--
-- Constraints for table `item_sizes`
--
ALTER TABLE `item_sizes`
  ADD CONSTRAINT `item_sizes_item_id_foreign` FOREIGN KEY (`item_id`) REFERENCES `items_tables` (`id`),
  ADD CONSTRAINT `item_sizes_lang_id_foreign` FOREIGN KEY (`lang_id`) REFERENCES `lang_translations` (`id`);

--
-- Constraints for table `main_branch_categories`
--
ALTER TABLE `main_branch_categories`
  ADD CONSTRAINT `main_branch_categories_branch_id_foreign` FOREIGN KEY (`Branch_id`) REFERENCES `branches` (`id`),
  ADD CONSTRAINT `main_branch_categories_category_branch_name_id_foreign` FOREIGN KEY (`category_branch_name_id`) REFERENCES `category_branch_names` (`id`);

--
-- Constraints for table `marsols`
--
ALTER TABLE `marsols`
  ADD CONSTRAINT `marsols_branche_id_foreign` FOREIGN KEY (`branche_id`) REFERENCES `branches` (`id`);

--
-- Constraints for table `offers`
--
ALTER TABLE `offers`
  ADD CONSTRAINT `offers_branches_id_foreign` FOREIGN KEY (`Branches_id`) REFERENCES `branches` (`id`);

--
-- Constraints for table `offer_sliders`
--
ALTER TABLE `offer_sliders`
  ADD CONSTRAINT `offer_sliders_branches_id_foreign` FOREIGN KEY (`Branches_id`) REFERENCES `branches` (`id`);

--
-- Constraints for table `orders`
--
ALTER TABLE `orders`
  ADD CONSTRAINT `orders_branches_id_foreign` FOREIGN KEY (`Store_id`) REFERENCES `branches` (`id`) ON DELETE CASCADE ON UPDATE CASCADE;

--
-- Constraints for table `order_addons`
--
ALTER TABLE `order_addons`
  ADD CONSTRAINT `order_addons_order_id_foreign` FOREIGN KEY (`order_item_id`) REFERENCES `order_items` (`id`) ON DELETE CASCADE ON UPDATE CASCADE;

--
-- Constraints for table `order_drivers`
--
ALTER TABLE `order_drivers`
  ADD CONSTRAINT `order_drivers_driver_id_foreign` FOREIGN KEY (`driver_id`) REFERENCES `users` (`id`) ON DELETE CASCADE ON UPDATE CASCADE,
  ADD CONSTRAINT `order_drivers_order_id_foreign` FOREIGN KEY (`order_id`) REFERENCES `orders` (`id`) ON DELETE CASCADE ON UPDATE CASCADE;

--
-- Constraints for table `order_items`
--
ALTER TABLE `order_items`
  ADD CONSTRAINT `order_items_order_id_foreign` FOREIGN KEY (`order_id`) REFERENCES `orders` (`id`) ON DELETE CASCADE;

--
-- Constraints for table `pharmacies`
--
ALTER TABLE `pharmacies`
  ADD CONSTRAINT `pharmacies_branche_id_foreign` FOREIGN KEY (`branche_id`) REFERENCES `branches` (`id`) ON DELETE CASCADE ON UPDATE CASCADE;

--
-- Constraints for table `promo_code_users`
--
ALTER TABLE `promo_code_users`
  ADD CONSTRAINT `promo_code_users_promocode_id_foreign` FOREIGN KEY (`promoCode_id`) REFERENCES `promo_codes` (`id`),
  ADD CONSTRAINT `promo_code_users_user_id_foreign` FOREIGN KEY (`user_id`) REFERENCES `users` (`id`);

--
-- Constraints for table `restaurants`
--
ALTER TABLE `restaurants`
  ADD CONSTRAINT `restaurants_branche_id_foreign` FOREIGN KEY (`branche_id`) REFERENCES `branches` (`id`) ON DELETE CASCADE ON UPDATE CASCADE,
  ADD CONSTRAINT `restaurants_cuisines_id_foreign` FOREIGN KEY (`Cuisines_id`) REFERENCES `cuisines` (`id`) ON DELETE CASCADE ON UPDATE CASCADE;

--
-- Constraints for table `shipments`
--
ALTER TABLE `shipments`
  ADD CONSTRAINT `shipments_branche_id_foreign` FOREIGN KEY (`branche_id`) REFERENCES `branches` (`id`);

--
-- Constraints for table `sliders`
--
ALTER TABLE `sliders`
  ADD CONSTRAINT `sliders_branches_id_foreign` FOREIGN KEY (`Branches_id`) REFERENCES `branches` (`id`);

--
-- Constraints for table `supermarkets`
--
ALTER TABLE `supermarkets`
  ADD CONSTRAINT `supermarkets_branche_id_foreign` FOREIGN KEY (`branche_id`) REFERENCES `branches` (`id`) ON DELETE CASCADE ON UPDATE CASCADE;

--
-- Constraints for table `vendors`
--
ALTER TABLE `vendors`
  ADD CONSTRAINT `vendors_lang_id_foreign` FOREIGN KEY (`lang_id`) REFERENCES `lang_translations` (`id`);

--
-- Constraints for table `vendor_sliders`
--
ALTER TABLE `vendor_sliders`
  ADD CONSTRAINT `vendor_sliders_branch_id_foreign` FOREIGN KEY (`Branch_id`) REFERENCES `branches` (`id`),
  ADD CONSTRAINT `vendor_sliders_vendor_id_foreign` FOREIGN KEY (`vendor_id`) REFERENCES `vendors` (`id`);
COMMIT;

